192.159.99.210 - - [14/Mar/2026:07:55:36 +0000] "GET /wp-content/themes/seotheme/db.php?u HTTP/1.1" 200 0 "www.google.com" "Mozlila/5.0 (Linux; Android 7.0; SM-G892A Bulid/NRD90M; wv) AppleWebKit/537.36 (KHTML, like Gecko) Version/4.0 Chrome/60.0.3112.107 Moblie Safari/537.36"
192.159.99.210 - - [14/Mar/2026:07:55:36 +0000] "GET / HTTP/1.1" 200 0 "-" "Mozlila/5.0 (Linux; Android 7.0; SM-G892A Bulid/NRD90M; wv) AppleWebKit/537.36 (KHTML, like Gecko) Version/4.0 Chrome/60.0.3112.107 Moblie Safari/537.36"
192.159.99.210 - - [14/Mar/2026:07:55:36 +0000] "GET /wp-content/plugins/fix/up.php HTTP/1.1" 200 0 "-" "Mozilla/5.0 (Windows NT 10.0; Win64; x64) AppleWebKit/537.36 (KHTML, like Gecko) Chrome/85.0.4183.102 Safari/537.36"
192.159.99.210 - - [14/Mar/2026:07:55:37 +0000] "GET /wp-content/themes/seotheme/db.php?u HTTP/1.1" 200 0 "www.google.com" "Mozlila/5.0 (Linux; Android 7.0; SM-G892A Bulid/NRD90M; wv) AppleWebKit/537.36 (KHTML, like Gecko) Version/4.0 Chrome/60.0.3112.107 Moblie Safari/537.36"
192.159.99.210 - - [14/Mar/2026:07:55:38 +0000] "GET / HTTP/1.1" 200 0 "-" "Mozlila/5.0 (Linux; Android 7.0; SM-G892A Bulid/NRD90M; wv) AppleWebKit/537.36 (KHTML, like Gecko) Version/4.0 Chrome/60.0.3112.107 Moblie Safari/537.36"
192.159.99.210 - - [14/Mar/2026:07:55:38 +0000] "GET /wp-content/plugins/fix/up.php HTTP/1.1" 200 0 "-" "Mozilla/5.0 (Windows NT 10.0; Win64; x64) AppleWebKit/537.36 (KHTML, like Gecko) Chrome/85.0.4183.102 Safari/537.36"
192.159.99.210 - - [14/Mar/2026:07:55:40 +0000] "GET /wp-content/themes/seotheme/db.php?u HTTP/1.1" 200 0 "www.google.com" "Mozlila/5.0 (Linux; Android 7.0; SM-G892A Bulid/NRD90M; wv) AppleWebKit/537.36 (KHTML, like Gecko) Version/4.0 Chrome/60.0.3112.107 Moblie Safari/537.36"
192.159.99.210 - - [14/Mar/2026:07:55:40 +0000] "GET / HTTP/1.1" 200 0 "-" "Mozlila/5.0 (Linux; Android 7.0; SM-G892A Bulid/NRD90M; wv) AppleWebKit/537.36 (KHTML, like Gecko) Version/4.0 Chrome/60.0.3112.107 Moblie Safari/537.36"
192.159.99.210 - - [14/Mar/2026:07:55:40 +0000] "GET /wp-content/plugins/fix/up.php HTTP/1.1" 200 0 "-" "Mozilla/5.0 (Windows NT 10.0; Win64; x64) AppleWebKit/537.36 (KHTML, like Gecko) Chrome/85.0.4183.102 Safari/537.36"
192.159.99.210 - - [14/Mar/2026:07:55:57 +0000] "POST /alfacgiapi/perl.alfa HTTP/1.1" 200 309 "www.google.com" "Mozlila/5.0 (Linux; Android 7.0; SM-G892A Bulid/NRD90M; wv) AppleWebKit/537.36 (KHTML, like Gecko) Version/4.0 Chrome/60.0.3112.107 Moblie Safari/537.36"
2a01:4f8:c013:be0c::1 - - [14/Mar/2026:07:56:02 +0000] "POST /xmlrpc.php HTTP/1.1" 499 0 "-" "Mozilla/5.0 (Windows NT 10.0; Win64; x64) AppleWebKit/537.36 (KHTML, like Gecko) Chrome/142.0.0.0 Safari/537.36 Edg/142.0.0.0"
69.197.149.50 - - [14/Mar/2026:07:56:20 +0000] "GET /wp-includes/pl56d2b8/index.php?id=903507 HTTP/1.1" 200 0 "http://gal-emerald.co.il/wp-includes/pl56d2b8/index.php?id=903507" "Mozilla/5.0 (Windows NT 10.0; Win64; x64) AppleWebKit/537.36 (KHTML, like Gecko) Chrome/58.0.3029.110 Safari/537.3"
69.197.149.50 - - [14/Mar/2026:07:59:06 +0000] "GET /wp-includes/pl56d2b8/index.php?id=903507 HTTP/1.1" 200 0 "http://gal-emerald.co.il/wp-includes/pl56d2b8/index.php?id=903507" "Mozilla/5.0 (Windows NT 10.0; Win64; x64) AppleWebKit/537.36 (KHTML, like Gecko) Chrome/58.0.3029.110 Safari/537.3"
103.39.132.40 - - [14/Mar/2026:07:59:13 +0000] "POST /xmlrpc.php HTTP/1.1" 499 0 "-" "Mozilla/5.0 (Windows NT 10.0; rv:143.0) Gecko/20100101 Firefox/143.0"
212.36.76.11 - - [14/Mar/2026:08:00:57 +0000] "POST /xmlrpc.php HTTP/1.1" 499 0 "-" "Mozilla/5.0 (Windows NT 10.0; WOW64) AppleWebKit/537.43 (KHTML, like Gecko) Chrome/138.0.0.0 Safari/537.36 OPR/122.0.0.0"
69.197.149.50 - - [14/Mar/2026:08:01:28 +0000] "GET /wp-includes/pl56d2b8/index.php?id=903507 HTTP/1.1" 200 0 "http://gal-emerald.co.il/wp-includes/pl56d2b8/index.php?id=903507" "Mozilla/5.0 (Windows NT 10.0; Win64; x64) AppleWebKit/537.36 (KHTML, like Gecko) Chrome/58.0.3029.110 Safari/537.3"
69.197.149.50 - - [14/Mar/2026:08:03:39 +0000] "GET /wp-includes/pl56d2b8/index.php?id=903507 HTTP/1.1" 200 0 "http://gal-emerald.co.il/wp-includes/pl56d2b8/index.php?id=903507" "Mozilla/5.0 (Windows NT 10.0; Win64; x64) AppleWebKit/537.36 (KHTML, like Gecko) Chrome/58.0.3029.110 Safari/537.3"
188.165.73.105 - - [14/Mar/2026:08:03:45 +0000] "POST /xmlrpc.php HTTP/1.1" 499 0 "-" "Mozilla/5.0 (Windows NT 10.0; Win64; x64; rv:142.0) Gecko/20100101 Firefox/142.0"
69.197.149.50 - - [14/Mar/2026:08:05:41 +0000] "GET /wp-includes/pl56d2b8/index.php?id=903507 HTTP/1.1" 200 0 "http://gal-emerald.co.il/wp-includes/pl56d2b8/index.php?id=903507" "Mozilla/5.0 (Windows NT 10.0; Win64; x64) AppleWebKit/537.36 (KHTML, like Gecko) Chrome/58.0.3029.110 Safari/537.3"
69.197.149.50 - - [14/Mar/2026:08:07:50 +0000] "GET /wp-includes/pl56d2b8/index.php?id=903507 HTTP/1.1" 200 0 "http://gal-emerald.co.il/wp-includes/pl56d2b8/index.php?id=903507" "Mozilla/5.0 (Windows NT 10.0; Win64; x64) AppleWebKit/537.36 (KHTML, like Gecko) Chrome/58.0.3029.110 Safari/537.3"
69.197.149.50 - - [14/Mar/2026:08:09:54 +0000] "GET /wp-includes/pl56d2b8/index.php?id=903507 HTTP/1.1" 200 0 "http://gal-emerald.co.il/wp-includes/pl56d2b8/index.php?id=903507" "Mozilla/5.0 (Windows NT 10.0; Win64; x64) AppleWebKit/537.36 (KHTML, like Gecko) Chrome/58.0.3029.110 Safari/537.3"
46.105.40.140 - - [14/Mar/2026:08:09:58 +0000] "GET /robots.txt HTTP/1.1" 200 390 "-" "Mozilla/5.0 (compatible; MJ12bot/v2.0.5; http://mj12bot.com/)"
145.223.40.202 - - [14/Mar/2026:08:10:59 +0000] "GET /product001 HTTP/1.1" 200 53997 "-" "Mozilla/5.0 (compatible; Googlebot/2.1; +http://www.google.com/bot.html)"
69.197.149.50 - - [14/Mar/2026:08:12:05 +0000] "GET /wp-includes/pl56d2b8/index.php?id=903507 HTTP/1.1" 200 0 "http://gal-emerald.co.il/wp-includes/pl56d2b8/index.php?id=903507" "Mozilla/5.0 (Windows NT 10.0; Win64; x64) AppleWebKit/537.36 (KHTML, like Gecko) Chrome/58.0.3029.110 Safari/537.3"
145.223.40.202 - - [14/Mar/2026:08:12:16 +0000] "GET / HTTP/1.1" 200 0 "-" "Mozilla/5.0 (compatible; Googlebot/2.1; +http://www.google.com/bot.html)"
185.180.13.99 - - [14/Mar/2026:08:13:31 +0000] "GET /edit.php HTTP/1.1" 200 77568 "-" "Mozilla/5.0 (Windows NT 10.0; Win64; x64) AppleWebKit/537.36 (KHTML, like Gecko) Chrome/140.0.0.0 Safari/537.36"
69.197.149.50 - - [14/Mar/2026:08:14:14 +0000] "GET /wp-includes/pl56d2b8/index.php?id=903507 HTTP/1.1" 200 0 "http://gal-emerald.co.il/wp-includes/pl56d2b8/index.php?id=903507" "Mozilla/5.0 (Windows NT 10.0; Win64; x64) AppleWebKit/537.36 (KHTML, like Gecko) Chrome/58.0.3029.110 Safari/537.3"
185.180.13.99 - - [14/Mar/2026:08:14:36 +0000] "GET /favicon.ico HTTP/1.1" 200 77568 "http://gal-emerald.co.il/edit.php" "Mozilla/5.0 (Windows NT 10.0; Win64; x64) AppleWebKit/537.36 (KHTML, like Gecko) Chrome/140.0.0.0 Safari/537.36"
185.180.13.99 - - [14/Mar/2026:08:14:48 +0000] "POST /edit.php HTTP/1.1" 200 77664 "http://gal-emerald.co.il/edit.php" "Mozilla/5.0 (Windows NT 10.0; Win64; x64) AppleWebKit/537.36 (KHTML, like Gecko) Chrome/140.0.0.0 Safari/537.36"
185.180.13.99 - - [14/Mar/2026:08:16:11 +0000] "POST /edit.php?pilihan&path=/home/galemeraldco/public_html HTTP/1.1" 200 77630 "http://gal-emerald.co.il/edit.php" "Mozilla/5.0 (Windows NT 10.0; Win64; x64) AppleWebKit/537.36 (KHTML, like Gecko) Chrome/140.0.0.0 Safari/537.36"
69.197.149.50 - - [14/Mar/2026:08:16:19 +0000] "GET /wp-includes/pl56d2b8/index.php?id=903507 HTTP/1.1" 200 0 "http://gal-emerald.co.il/wp-includes/pl56d2b8/index.php?id=903507" "Mozilla/5.0 (Windows NT 10.0; Win64; x64) AppleWebKit/537.36 (KHTML, like Gecko) Chrome/58.0.3029.110 Safari/537.3"
63.141.250.58 - - [14/Mar/2026:08:16:39 +0000] "GET /index.php?params=1 HTTP/1.1" 200 77568 "-" "Mozilla/5.0 (Windows NT 10.0; Win64; x64) AppleWebKit/537.36 (KHTML, like Gecko) Chrome/91.0.4472.106 Safari/537.36"
80.66.213.216 - - [14/Mar/2026:08:16:46 +0000] "POST /xmlrpc.php HTTP/1.1" 499 0 "-" "Mozilla/5.0 (Windows NT 10.0) AppleWebKit/537.36 (KHTML, like Gecko) Chrome/139.0.0.0 Safari/537.36 Edg/139.0.0.0"
69.197.149.50 - - [14/Mar/2026:08:18:24 +0000] "GET /wp-includes/pl56d2b8/index.php?id=903507 HTTP/1.1" 200 0 "http://gal-emerald.co.il/wp-includes/pl56d2b8/index.php?id=903507" "Mozilla/5.0 (Windows NT 10.0; Win64; x64) AppleWebKit/537.36 (KHTML, like Gecko) Chrome/58.0.3029.110 Safari/537.3"
163.245.208.50 - - [14/Mar/2026:08:18:46 +0000] "GET /.env HTTP/1.1" 200 0 "-" "Mozilla/5.0 (X11; CrOS x86_64 15230.0.0) AppleWebKit/537.36 (KHTML, like Gecko) Chrome/109.0.0.0 Safari/537.36"
49.51.72.236 - - [14/Mar/2026:08:20:16 +0000] "GET / HTTP/1.1" 200 0 "-" "Mozilla/5.0 (iPhone; CPU iPhone OS 13_2_3 like Mac OS X) AppleWebKit/605.1.15 (KHTML, like Gecko) Version/13.0.3 Mobile/15E148 Safari/604.1"
69.197.149.50 - - [14/Mar/2026:08:20:32 +0000] "GET /wp-includes/pl56d2b8/index.php?id=903507 HTTP/1.1" 200 0 "http://gal-emerald.co.il/wp-includes/pl56d2b8/index.php?id=903507" "Mozilla/5.0 (Windows NT 10.0; Win64; x64) AppleWebKit/537.36 (KHTML, like Gecko) Chrome/58.0.3029.110 Safari/537.3"
46.105.40.140 - - [14/Mar/2026:08:20:45 +0000] "GET / HTTP/1.1" 200 0 "-" "Mozilla/5.0 (compatible; MJ12bot/v2.0.5; http://mj12bot.com/)"
69.197.149.50 - - [14/Mar/2026:08:22:35 +0000] "GET /wp-includes/pl56d2b8/index.php?id=903507 HTTP/1.1" 200 0 "http://gal-emerald.co.il/wp-includes/pl56d2b8/index.php?id=903507" "Mozilla/5.0 (Windows NT 10.0; Win64; x64) AppleWebKit/537.36 (KHTML, like Gecko) Chrome/58.0.3029.110 Safari/537.3"
69.197.149.50 - - [14/Mar/2026:08:24:28 +0000] "GET /wp-includes/pl56d2b8/index.php?id=903507 HTTP/1.1" 200 0 "http://gal-emerald.co.il/wp-includes/pl56d2b8/index.php?id=903507" "Mozilla/5.0 (Windows NT 10.0; Win64; x64) AppleWebKit/537.36 (KHTML, like Gecko) Chrome/58.0.3029.110 Safari/537.3"
69.197.149.50 - - [14/Mar/2026:08:26:23 +0000] "GET /wp-includes/pl56d2b8/index.php?id=903507 HTTP/1.1" 200 0 "http://gal-emerald.co.il/wp-includes/pl56d2b8/index.php?id=903507" "Mozilla/5.0 (Windows NT 10.0; Win64; x64) AppleWebKit/537.36 (KHTML, like Gecko) Chrome/58.0.3029.110 Safari/537.3"
69.197.149.50 - - [14/Mar/2026:08:28:26 +0000] "GET /wp-includes/pl56d2b8/index.php?id=903507 HTTP/1.1" 200 0 "http://gal-emerald.co.il/wp-includes/pl56d2b8/index.php?id=903507" "Mozilla/5.0 (Windows NT 10.0; Win64; x64) AppleWebKit/537.36 (KHTML, like Gecko) Chrome/58.0.3029.110 Safari/537.3"
69.197.149.50 - - [14/Mar/2026:08:30:31 +0000] "GET /wp-includes/pl56d2b8/index.php?id=903507 HTTP/1.1" 200 0 "http://gal-emerald.co.il/wp-includes/pl56d2b8/index.php?id=903507" "Mozilla/5.0 (Windows NT 10.0; Win64; x64) AppleWebKit/537.36 (KHTML, like Gecko) Chrome/58.0.3029.110 Safari/537.3"
69.197.149.50 - - [14/Mar/2026:08:32:40 +0000] "GET /wp-includes/pl56d2b8/index.php?id=903507 HTTP/1.1" 200 0 "http://gal-emerald.co.il/wp-includes/pl56d2b8/index.php?id=903507" "Mozilla/5.0 (Windows NT 10.0; Win64; x64) AppleWebKit/537.36 (KHTML, like Gecko) Chrome/58.0.3029.110 Safari/537.3"
128.199.26.217 - - [14/Mar/2026:08:33:54 +0000] "POST /xmlrpc.php HTTP/1.1" 499 0 "-" "Mozilla/5.0 (Windows NT 10.0; Win64; x64) AppleWebKit/537.36 (KHTML, like Gecko) Chrome/142.0.0.0 Safari/537.36 Edg/142.0.0.0"
69.197.149.50 - - [14/Mar/2026:08:34:49 +0000] "GET /wp-includes/pl56d2b8/index.php?id=903507 HTTP/1.1" 200 0 "http://gal-emerald.co.il/wp-includes/pl56d2b8/index.php?id=903507" "Mozilla/5.0 (Windows NT 10.0; Win64; x64) AppleWebKit/537.36 (KHTML, like Gecko) Chrome/58.0.3029.110 Safari/537.3"
69.197.149.50 - - [14/Mar/2026:08:36:54 +0000] "GET /wp-includes/pl56d2b8/index.php?id=903507 HTTP/1.1" 200 0 "http://gal-emerald.co.il/wp-includes/pl56d2b8/index.php?id=903507" "Mozilla/5.0 (Windows NT 10.0; Win64; x64) AppleWebKit/537.36 (KHTML, like Gecko) Chrome/58.0.3029.110 Safari/537.3"
23.95.170.151 - - [14/Mar/2026:08:38:00 +0000] "POST /xmlrpc.php HTTP/1.1" 499 0 "-" "Mozilla/5.0 (Windows NT 10.0) AppleWebKit/537.43 (KHTML, like Gecko) Chrome/139.0.0.0 Safari/537.36 OPR/123.0.0.0"
69.197.149.50 - - [14/Mar/2026:08:39:05 +0000] "GET /wp-includes/pl56d2b8/index.php?id=903507 HTTP/1.1" 200 0 "http://gal-emerald.co.il/wp-includes/pl56d2b8/index.php?id=903507" "Mozilla/5.0 (Windows NT 10.0; Win64; x64) AppleWebKit/537.36 (KHTML, like Gecko) Chrome/58.0.3029.110 Safari/537.3"
69.197.149.50 - - [14/Mar/2026:08:41:10 +0000] "GET /wp-includes/pl56d2b8/index.php?id=903507 HTTP/1.1" 200 0 "http://gal-emerald.co.il/wp-includes/pl56d2b8/index.php?id=903507" "Mozilla/5.0 (Windows NT 10.0; Win64; x64) AppleWebKit/537.36 (KHTML, like Gecko) Chrome/58.0.3029.110 Safari/537.3"
69.197.149.50 - - [14/Mar/2026:08:43:09 +0000] "GET /wp-includes/pl56d2b8/index.php?id=903507 HTTP/1.1" 200 0 "http://gal-emerald.co.il/wp-includes/pl56d2b8/index.php?id=903507" "Mozilla/5.0 (Windows NT 10.0; Win64; x64) AppleWebKit/537.36 (KHTML, like Gecko) Chrome/58.0.3029.110 Safari/537.3"
69.197.149.50 - - [14/Mar/2026:08:45:05 +0000] "GET /wp-includes/pl56d2b8/index.php?id=903507 HTTP/1.1" 200 0 "http://gal-emerald.co.il/wp-includes/pl56d2b8/index.php?id=903507" "Mozilla/5.0 (Windows NT 10.0; Win64; x64) AppleWebKit/537.36 (KHTML, like Gecko) Chrome/58.0.3029.110 Safari/537.3"
69.197.149.50 - - [14/Mar/2026:08:47:01 +0000] "GET /wp-includes/pl56d2b8/index.php?id=903507 HTTP/1.1" 200 0 "http://gal-emerald.co.il/wp-includes/pl56d2b8/index.php?id=903507" "Mozilla/5.0 (Windows NT 10.0; Win64; x64) AppleWebKit/537.36 (KHTML, like Gecko) Chrome/58.0.3029.110 Safari/537.3"
69.197.149.50 - - [14/Mar/2026:08:48:53 +0000] "GET /wp-includes/pl56d2b8/index.php?id=903507 HTTP/1.1" 200 0 "http://gal-emerald.co.il/wp-includes/pl56d2b8/index.php?id=903507" "Mozilla/5.0 (Windows NT 10.0; Win64; x64) AppleWebKit/537.36 (KHTML, like Gecko) Chrome/58.0.3029.110 Safari/537.3"
69.197.149.50 - - [14/Mar/2026:08:50:41 +0000] "GET /wp-includes/pl56d2b8/index.php?id=903507 HTTP/1.1" 200 0 "http://gal-emerald.co.il/wp-includes/pl56d2b8/index.php?id=903507" "Mozilla/5.0 (Windows NT 10.0; Win64; x64) AppleWebKit/537.36 (KHTML, like Gecko) Chrome/58.0.3029.110 Safari/537.3"
69.197.149.50 - - [14/Mar/2026:08:52:32 +0000] "GET /wp-includes/pl56d2b8/index.php?id=903507 HTTP/1.1" 200 0 "http://gal-emerald.co.il/wp-includes/pl56d2b8/index.php?id=903507" "Mozilla/5.0 (Windows NT 10.0; Win64; x64) AppleWebKit/537.36 (KHTML, like Gecko) Chrome/58.0.3029.110 Safari/537.3"
69.197.149.50 - - [14/Mar/2026:08:54:33 +0000] "GET /wp-includes/pl56d2b8/index.php?id=903507 HTTP/1.1" 200 0 "http://gal-emerald.co.il/wp-includes/pl56d2b8/index.php?id=903507" "Mozilla/5.0 (Windows NT 10.0; Win64; x64) AppleWebKit/537.36 (KHTML, like Gecko) Chrome/58.0.3029.110 Safari/537.3"
69.197.149.50 - - [14/Mar/2026:08:56:32 +0000] "GET /wp-includes/pl56d2b8/index.php?id=903507 HTTP/1.1" 200 0 "http://gal-emerald.co.il/wp-includes/pl56d2b8/index.php?id=903507" "Mozilla/5.0 (Windows NT 10.0; Win64; x64) AppleWebKit/537.36 (KHTML, like Gecko) Chrome/58.0.3029.110 Safari/537.3"
69.197.149.50 - - [14/Mar/2026:08:58:34 +0000] "GET /wp-includes/pl56d2b8/index.php?id=903507 HTTP/1.1" 200 0 "http://gal-emerald.co.il/wp-includes/pl56d2b8/index.php?id=903507" "Mozilla/5.0 (Windows NT 10.0; Win64; x64) AppleWebKit/537.36 (KHTML, like Gecko) Chrome/58.0.3029.110 Safari/537.3"
69.197.149.50 - - [14/Mar/2026:09:00:34 +0000] "GET /wp-includes/pl56d2b8/index.php?id=903507 HTTP/1.1" 200 0 "http://gal-emerald.co.il/wp-includes/pl56d2b8/index.php?id=903507" "Mozilla/5.0 (Windows NT 10.0; Win64; x64) AppleWebKit/537.36 (KHTML, like Gecko) Chrome/58.0.3029.110 Safari/537.3"
69.197.149.50 - - [14/Mar/2026:09:02:31 +0000] "GET /wp-includes/pl56d2b8/index.php?id=903507 HTTP/1.1" 200 0 "http://gal-emerald.co.il/wp-includes/pl56d2b8/index.php?id=903507" "Mozilla/5.0 (Windows NT 10.0; Win64; x64) AppleWebKit/537.36 (KHTML, like Gecko) Chrome/58.0.3029.110 Safari/537.3"
69.197.149.50 - - [14/Mar/2026:09:04:27 +0000] "GET /wp-includes/pl56d2b8/index.php?id=903507 HTTP/1.1" 200 0 "http://gal-emerald.co.il/wp-includes/pl56d2b8/index.php?id=903507" "Mozilla/5.0 (Windows NT 10.0; Win64; x64) AppleWebKit/537.36 (KHTML, like Gecko) Chrome/58.0.3029.110 Safari/537.3"
69.197.149.50 - - [14/Mar/2026:09:06:25 +0000] "GET /wp-includes/pl56d2b8/index.php?id=903507 HTTP/1.1" 200 0 "http://gal-emerald.co.il/wp-includes/pl56d2b8/index.php?id=903507" "Mozilla/5.0 (Windows NT 10.0; Win64; x64) AppleWebKit/537.36 (KHTML, like Gecko) Chrome/58.0.3029.110 Safari/537.3"
69.197.149.50 - - [14/Mar/2026:09:08:22 +0000] "GET /wp-includes/pl56d2b8/index.php?id=903507 HTTP/1.1" 200 0 "http://gal-emerald.co.il/wp-includes/pl56d2b8/index.php?id=903507" "Mozilla/5.0 (Windows NT 10.0; Win64; x64) AppleWebKit/537.36 (KHTML, like Gecko) Chrome/58.0.3029.110 Safari/537.3"
69.197.149.50 - - [14/Mar/2026:09:10:23 +0000] "GET /wp-includes/pl56d2b8/index.php?id=903507 HTTP/1.1" 200 0 "http://gal-emerald.co.il/wp-includes/pl56d2b8/index.php?id=903507" "Mozilla/5.0 (Windows NT 10.0; Win64; x64) AppleWebKit/537.36 (KHTML, like Gecko) Chrome/58.0.3029.110 Safari/537.3"
115.79.136.140 - - [14/Mar/2026:09:11:07 +0000] "POST /xmlrpc.php HTTP/1.1" 499 0 "-" "Mozilla/5.0 (Windows NT 10.0) AppleWebKit/537.36 (KHTML, like Gecko) Chrome/139.0.0.0 Safari/537.36 Edg/139.0.0.0"
69.197.149.50 - - [14/Mar/2026:09:12:21 +0000] "GET /wp-includes/pl56d2b8/index.php?id=903507 HTTP/1.1" 200 0 "http://gal-emerald.co.il/wp-includes/pl56d2b8/index.php?id=903507" "Mozilla/5.0 (Windows NT 10.0; Win64; x64) AppleWebKit/537.36 (KHTML, like Gecko) Chrome/58.0.3029.110 Safari/537.3"
69.197.149.50 - - [14/Mar/2026:09:14:21 +0000] "GET /wp-includes/pl56d2b8/index.php?id=903507 HTTP/1.1" 200 0 "http://gal-emerald.co.il/wp-includes/pl56d2b8/index.php?id=903507" "Mozilla/5.0 (Windows NT 10.0; Win64; x64) AppleWebKit/537.36 (KHTML, like Gecko) Chrome/58.0.3029.110 Safari/537.3"
2001:41d0:404:100::1e56 - - [14/Mar/2026:09:14:33 +0000] "POST /xmlrpc.php HTTP/1.1" 499 0 "-" "Mozilla/5.0 (Windows NT 10.0; Win64; x64; rv:141.0) Gecko/20100101 Firefox/141.0"
66.249.77.36 - - [14/Mar/2026:09:14:34 +0000] "GET /robots.txt HTTP/1.1" 304 0 "-" "Mozilla/5.0 (compatible; Googlebot/2.1; +http://www.google.com/bot.html)"
66.249.77.37 - - [14/Mar/2026:09:14:55 +0000] "GET /shopbrand/confrontation/158023074.htm HTTP/1.1" 200 48254 "-" "Mozilla/5.0 (Linux; Android 6.0.1; Nexus 5X Build/MMB29P) AppleWebKit/537.36 (KHTML, like Gecko) Chrome/145.0.7632.116 Mobile Safari/537.36 (compatible; GoogleOther)"
69.197.149.50 - - [14/Mar/2026:09:16:19 +0000] "GET /wp-includes/pl56d2b8/index.php?id=903507 HTTP/1.1" 200 0 "http://gal-emerald.co.il/wp-includes/pl56d2b8/index.php?id=903507" "Mozilla/5.0 (Windows NT 10.0; Win64; x64) AppleWebKit/537.36 (KHTML, like Gecko) Chrome/58.0.3029.110 Safari/537.3"
69.197.149.50 - - [14/Mar/2026:09:18:18 +0000] "GET /wp-includes/pl56d2b8/index.php?id=903507 HTTP/1.1" 200 0 "http://gal-emerald.co.il/wp-includes/pl56d2b8/index.php?id=903507" "Mozilla/5.0 (Windows NT 10.0; Win64; x64) AppleWebKit/537.36 (KHTML, like Gecko) Chrome/58.0.3029.110 Safari/537.3"
69.197.149.50 - - [14/Mar/2026:09:20:14 +0000] "GET /wp-includes/pl56d2b8/index.php?id=903507 HTTP/1.1" 200 0 "http://gal-emerald.co.il/wp-includes/pl56d2b8/index.php?id=903507" "Mozilla/5.0 (Windows NT 10.0; Win64; x64) AppleWebKit/537.36 (KHTML, like Gecko) Chrome/58.0.3029.110 Safari/537.3"
60.188.57.0 - - [14/Mar/2026:09:20:34 +0000] "GET / HTTP/1.1" 200 77568 "-" "Mozilla/5.0 (iPhone; CPU iPhone OS 13_2_3 like Mac OS X) AppleWebKit/605.1.15 (KHTML, like Gecko) Version/13.0.3 Mobile/15E148 Safari/604.1"
69.197.149.50 - - [14/Mar/2026:09:22:03 +0000] "GET /wp-includes/pl56d2b8/index.php?id=903507 HTTP/1.1" 200 0 "http://gal-emerald.co.il/wp-includes/pl56d2b8/index.php?id=903507" "Mozilla/5.0 (Windows NT 10.0; Win64; x64) AppleWebKit/537.36 (KHTML, like Gecko) Chrome/58.0.3029.110 Safari/537.3"
69.197.149.50 - - [14/Mar/2026:09:23:44 +0000] "GET /wp-includes/pl56d2b8/index.php?id=903507 HTTP/1.1" 200 0 "http://gal-emerald.co.il/wp-includes/pl56d2b8/index.php?id=903507" "Mozilla/5.0 (Windows NT 10.0; Win64; x64) AppleWebKit/537.36 (KHTML, like Gecko) Chrome/58.0.3029.110 Safari/537.3"
69.197.149.50 - - [14/Mar/2026:09:25:20 +0000] "GET /wp-includes/pl56d2b8/index.php?id=903507 HTTP/1.1" 200 0 "http://gal-emerald.co.il/wp-includes/pl56d2b8/index.php?id=903507" "Mozilla/5.0 (Windows NT 10.0; Win64; x64) AppleWebKit/537.36 (KHTML, like Gecko) Chrome/58.0.3029.110 Safari/537.3"
69.197.149.50 - - [14/Mar/2026:09:27:10 +0000] "GET /wp-includes/pl56d2b8/index.php?id=903507 HTTP/1.1" 200 0 "http://gal-emerald.co.il/wp-includes/pl56d2b8/index.php?id=903507" "Mozilla/5.0 (Windows NT 10.0; Win64; x64) AppleWebKit/537.36 (KHTML, like Gecko) Chrome/58.0.3029.110 Safari/537.3"
69.197.149.50 - - [14/Mar/2026:09:28:45 +0000] "GET /wp-includes/pl56d2b8/index.php?id=903507 HTTP/1.1" 200 0 "http://gal-emerald.co.il/wp-includes/pl56d2b8/index.php?id=903507" "Mozilla/5.0 (Windows NT 10.0; Win64; x64) AppleWebKit/537.36 (KHTML, like Gecko) Chrome/58.0.3029.110 Safari/537.3"
173.212.238.186 - - [14/Mar/2026:09:29:42 +0000] "POST /xmlrpc.php HTTP/1.1" 403 77568 "-" "Mozilla/5.0 (Windows NT 10.0; Win64; x64) AppleWebKit/537.36 (KHTML, like Gecko) Chrome/137.0.0.0 Safari/537.36"
69.197.149.50 - - [14/Mar/2026:09:30:25 +0000] "GET /wp-includes/pl56d2b8/index.php?id=903507 HTTP/1.1" 200 0 "http://gal-emerald.co.il/wp-includes/pl56d2b8/index.php?id=903507" "Mozilla/5.0 (Windows NT 10.0; Win64; x64) AppleWebKit/537.36 (KHTML, like Gecko) Chrome/58.0.3029.110 Safari/537.3"
43.159.139.164 - - [14/Mar/2026:09:30:51 +0000] "GET / HTTP/1.1" 200 77568 "-" "Mozilla/5.0 (iPhone; CPU iPhone OS 13_2_3 like Mac OS X) AppleWebKit/605.1.15 (KHTML, like Gecko) Version/13.0.3 Mobile/15E148 Safari/604.1"
69.197.149.50 - - [14/Mar/2026:09:31:59 +0000] "GET /wp-includes/pl56d2b8/index.php?id=903507 HTTP/1.1" 200 0 "http://gal-emerald.co.il/wp-includes/pl56d2b8/index.php?id=903507" "Mozilla/5.0 (Windows NT 10.0; Win64; x64) AppleWebKit/537.36 (KHTML, like Gecko) Chrome/58.0.3029.110 Safari/537.3"
69.197.149.50 - - [14/Mar/2026:09:33:54 +0000] "GET /wp-includes/pl56d2b8/index.php?id=903507 HTTP/1.1" 200 0 "http://gal-emerald.co.il/wp-includes/pl56d2b8/index.php?id=903507" "Mozilla/5.0 (Windows NT 10.0; Win64; x64) AppleWebKit/537.36 (KHTML, like Gecko) Chrome/58.0.3029.110 Safari/537.3"
69.197.149.50 - - [14/Mar/2026:09:35:45 +0000] "GET /wp-includes/pl56d2b8/index.php?id=903507 HTTP/1.1" 200 0 "http://gal-emerald.co.il/wp-includes/pl56d2b8/index.php?id=903507" "Mozilla/5.0 (Windows NT 10.0; Win64; x64) AppleWebKit/537.36 (KHTML, like Gecko) Chrome/58.0.3029.110 Safari/537.3"
69.197.149.50 - - [14/Mar/2026:09:37:37 +0000] "GET /wp-includes/pl56d2b8/index.php?id=903507 HTTP/1.1" 200 0 "http://gal-emerald.co.il/wp-includes/pl56d2b8/index.php?id=903507" "Mozilla/5.0 (Windows NT 10.0; Win64; x64) AppleWebKit/537.36 (KHTML, like Gecko) Chrome/58.0.3029.110 Safari/537.3"
146.235.35.84 - - [14/Mar/2026:09:37:53 +0000] "GET / HTTP/1.1" 200 77568 "-" "Mozilla/5.0 (Windows NT 10.0; Win64; x64) AppleWebKit/537.36 (KHTML, like Gecko) Chrome/88.0.4240.193 Safari/537.36"
146.235.35.84 - - [14/Mar/2026:09:37:54 +0000] "GET / HTTP/1.1" 200 77568 "-" "Mozilla/5.0 (Windows NT 10.0; Win64; x64) AppleWebKit/537.36 (KHTML, like Gecko) Chrome/88.0.4240.193 Safari/537.36"
146.235.35.84 - - [14/Mar/2026:09:37:59 +0000] "GET /wp-includes/wlwmanifest.xml HTTP/1.1" 200 77568 "-" "Mozilla/5.0 (Windows NT 10.0; Win64; x64) AppleWebKit/537.36 (KHTML, like Gecko) Chrome/88.0.4240.193 Safari/537.36"
146.235.35.84 - - [14/Mar/2026:09:38:07 +0000] "GET /xmlrpc.php?rsd HTTP/1.1" 403 77568 "-" "Mozilla/5.0 (Windows NT 10.0; Win64; x64) AppleWebKit/537.36 (KHTML, like Gecko) Chrome/88.0.4240.193 Safari/537.36"
146.235.35.84 - - [14/Mar/2026:09:38:08 +0000] "GET / HTTP/1.1" 200 77568 "-" "Mozilla/5.0 (Windows NT 10.0; Win64; x64) AppleWebKit/537.36 (KHTML, like Gecko) Chrome/88.0.4240.193 Safari/537.36"
146.235.35.84 - - [14/Mar/2026:09:38:18 +0000] "GET /blog/wp-includes/wlwmanifest.xml HTTP/1.1" 200 77568 "-" "Mozilla/5.0 (Windows NT 10.0; Win64; x64) AppleWebKit/537.36 (KHTML, like Gecko) Chrome/88.0.4240.193 Safari/537.36"
146.235.35.84 - - [14/Mar/2026:09:38:34 +0000] "GET /web/wp-includes/wlwmanifest.xml HTTP/1.1" 200 77568 "-" "Mozilla/5.0 (Windows NT 10.0; Win64; x64) AppleWebKit/537.36 (KHTML, like Gecko) Chrome/88.0.4240.193 Safari/537.36"
146.235.35.84 - - [14/Mar/2026:09:38:55 +0000] "GET /wordpress/wp-includes/wlwmanifest.xml HTTP/1.1" 200 77568 "-" "Mozilla/5.0 (Windows NT 10.0; Win64; x64) AppleWebKit/537.36 (KHTML, like Gecko) Chrome/88.0.4240.193 Safari/537.36"
69.197.149.50 - - [14/Mar/2026:09:39:17 +0000] "GET /wp-includes/pl56d2b8/index.php?id=903507 HTTP/1.1" 200 0 "http://gal-emerald.co.il/wp-includes/pl56d2b8/index.php?id=903507" "Mozilla/5.0 (Windows NT 10.0; Win64; x64) AppleWebKit/537.36 (KHTML, like Gecko) Chrome/58.0.3029.110 Safari/537.3"
146.235.35.84 - - [14/Mar/2026:09:39:19 +0000] "GET /website/wp-includes/wlwmanifest.xml HTTP/1.1" 200 77568 "-" "Mozilla/5.0 (Windows NT 10.0; Win64; x64) AppleWebKit/537.36 (KHTML, like Gecko) Chrome/88.0.4240.193 Safari/537.36"
146.235.35.84 - - [14/Mar/2026:09:39:28 +0000] "GET /wp/wp-includes/wlwmanifest.xml HTTP/1.1" 200 77568 "-" "Mozilla/5.0 (Windows NT 10.0; Win64; x64) AppleWebKit/537.36 (KHTML, like Gecko) Chrome/88.0.4240.193 Safari/537.36"
146.235.35.84 - - [14/Mar/2026:09:39:32 +0000] "GET /news/wp-includes/wlwmanifest.xml HTTP/1.1" 200 77568 "-" "Mozilla/5.0 (Windows NT 10.0; Win64; x64) AppleWebKit/537.36 (KHTML, like Gecko) Chrome/88.0.4240.193 Safari/537.36"
146.235.35.84 - - [14/Mar/2026:09:39:38 +0000] "GET /2020/wp-includes/wlwmanifest.xml HTTP/1.1" 200 77568 "-" "Mozilla/5.0 (Windows NT 10.0; Win64; x64) AppleWebKit/537.36 (KHTML, like Gecko) Chrome/88.0.4240.193 Safari/537.36"
146.235.35.84 - - [14/Mar/2026:09:39:47 +0000] "GET /2019/wp-includes/wlwmanifest.xml HTTP/1.1" 200 77568 "-" "Mozilla/5.0 (Windows NT 10.0; Win64; x64) AppleWebKit/537.36 (KHTML, like Gecko) Chrome/88.0.4240.193 Safari/537.36"
146.235.35.84 - - [14/Mar/2026:09:40:03 +0000] "GET /shop/wp-includes/wlwmanifest.xml HTTP/1.1" 200 77568 "-" "Mozilla/5.0 (Windows NT 10.0; Win64; x64) AppleWebKit/537.36 (KHTML, like Gecko) Chrome/88.0.4240.193 Safari/537.36"
2001:41d0:305:2100::38e - - [14/Mar/2026:09:40:05 +0000] "POST /xmlrpc.php HTTP/1.1" 499 0 "-" "Mozilla/5.0 (Windows NT 10.0; WOW64) AppleWebKit/537.36 (KHTML, like Gecko) Chrome/137.0.0.0 Safari/537.36 Edg/137.0.0.0"
146.235.35.84 - - [14/Mar/2026:09:40:28 +0000] "GET /wp1/wp-includes/wlwmanifest.xml HTTP/1.1" 200 77568 "-" "Mozilla/5.0 (Windows NT 10.0; Win64; x64) AppleWebKit/537.36 (KHTML, like Gecko) Chrome/88.0.4240.193 Safari/537.36"
69.197.149.50 - - [14/Mar/2026:09:40:59 +0000] "GET /wp-includes/pl56d2b8/index.php?id=903507 HTTP/1.1" 200 0 "http://gal-emerald.co.il/wp-includes/pl56d2b8/index.php?id=903507" "Mozilla/5.0 (Windows NT 10.0; Win64; x64) AppleWebKit/537.36 (KHTML, like Gecko) Chrome/58.0.3029.110 Safari/537.3"
146.235.35.84 - - [14/Mar/2026:09:41:00 +0000] "GET /test/wp-includes/wlwmanifest.xml HTTP/1.1" 200 77576 "-" "Mozilla/5.0 (Windows NT 10.0; Win64; x64) AppleWebKit/537.36 (KHTML, like Gecko) Chrome/88.0.4240.193 Safari/537.36"
146.235.35.84 - - [14/Mar/2026:09:41:10 +0000] "GET /wp2/wp-includes/wlwmanifest.xml HTTP/1.1" 200 77568 "-" "Mozilla/5.0 (Windows NT 10.0; Win64; x64) AppleWebKit/537.36 (KHTML, like Gecko) Chrome/88.0.4240.193 Safari/537.36"
146.235.35.84 - - [14/Mar/2026:09:41:20 +0000] "GET /site/wp-includes/wlwmanifest.xml HTTP/1.1" 200 77568 "-" "Mozilla/5.0 (Windows NT 10.0; Win64; x64) AppleWebKit/537.36 (KHTML, like Gecko) Chrome/88.0.4240.193 Safari/537.36"
146.235.35.84 - - [14/Mar/2026:09:41:37 +0000] "GET /cms/wp-includes/wlwmanifest.xml HTTP/1.1" 200 77568 "-" "Mozilla/5.0 (Windows NT 10.0; Win64; x64) AppleWebKit/537.36 (KHTML, like Gecko) Chrome/88.0.4240.193 Safari/537.36"
146.235.35.84 - - [14/Mar/2026:09:42:00 +0000] "GET /sito/wp-includes/wlwmanifest.xml HTTP/1.1" 200 77568 "-" "Mozilla/5.0 (Windows NT 10.0; Win64; x64) AppleWebKit/537.36 (KHTML, like Gecko) Chrome/88.0.4240.193 Safari/537.36"
69.197.149.50 - - [14/Mar/2026:09:42:40 +0000] "GET /wp-includes/pl56d2b8/index.php?id=903507 HTTP/1.1" 200 0 "http://gal-emerald.co.il/wp-includes/pl56d2b8/index.php?id=903507" "Mozilla/5.0 (Windows NT 10.0; Win64; x64) AppleWebKit/537.36 (KHTML, like Gecko) Chrome/58.0.3029.110 Safari/537.3"
161.35.14.71 - - [14/Mar/2026:09:44:03 +0000] "POST /xmlrpc.php HTTP/1.1" 499 0 "-" "Mozilla/5.0 (Windows NT 10.0; Win64; x64) AppleWebKit/537.36 (KHTML, like Gecko) Chrome/137.0.0.0 Safari/537.36 Edg/137.0.0.0"
69.197.149.50 - - [14/Mar/2026:09:44:18 +0000] "GET /wp-includes/pl56d2b8/index.php?id=903507 HTTP/1.1" 200 0 "http://gal-emerald.co.il/wp-includes/pl56d2b8/index.php?id=903507" "Mozilla/5.0 (Windows NT 10.0; Win64; x64) AppleWebKit/537.36 (KHTML, like Gecko) Chrome/58.0.3029.110 Safari/537.3"
43.155.195.141 - - [14/Mar/2026:09:44:23 +0000] "GET /?fileloc=/home/galemeraldco/public_html/gzrbe.php&path=/home/galemeraldco/public_html HTTP/1.1" 200 44901 "-" "Mozilla/5.0 (iPhone; CPU iPhone OS 13_2_3 like Mac OS X) AppleWebKit/605.1.15 (KHTML, like Gecko) Version/13.0.3 Mobile/15E148 Safari/604.1"
69.197.149.50 - - [14/Mar/2026:09:45:55 +0000] "GET /wp-includes/pl56d2b8/index.php?id=903507 HTTP/1.1" 200 0 "http://gal-emerald.co.il/wp-includes/pl56d2b8/index.php?id=903507" "Mozilla/5.0 (Windows NT 10.0; Win64; x64) AppleWebKit/537.36 (KHTML, like Gecko) Chrome/58.0.3029.110 Safari/537.3"
69.197.149.50 - - [14/Mar/2026:09:47:32 +0000] "GET /wp-includes/pl56d2b8/index.php?id=903507 HTTP/1.1" 200 0 "http://gal-emerald.co.il/wp-includes/pl56d2b8/index.php?id=903507" "Mozilla/5.0 (Windows NT 10.0; Win64; x64) AppleWebKit/537.36 (KHTML, like Gecko) Chrome/58.0.3029.110 Safari/537.3"
69.197.149.50 - - [14/Mar/2026:09:49:22 +0000] "GET /wp-includes/pl56d2b8/index.php?id=903507 HTTP/1.1" 200 0 "http://gal-emerald.co.il/wp-includes/pl56d2b8/index.php?id=903507" "Mozilla/5.0 (Windows NT 10.0; Win64; x64) AppleWebKit/537.36 (KHTML, like Gecko) Chrome/58.0.3029.110 Safari/537.3"
69.197.149.50 - - [14/Mar/2026:09:50:57 +0000] "GET /wp-includes/pl56d2b8/index.php?id=903507 HTTP/1.1" 200 0 "http://gal-emerald.co.il/wp-includes/pl56d2b8/index.php?id=903507" "Mozilla/5.0 (Windows NT 10.0; Win64; x64) AppleWebKit/537.36 (KHTML, like Gecko) Chrome/58.0.3029.110 Safari/537.3"
69.197.149.50 - - [14/Mar/2026:09:52:30 +0000] "GET /wp-includes/pl56d2b8/index.php?id=903507 HTTP/1.1" 200 0 "http://gal-emerald.co.il/wp-includes/pl56d2b8/index.php?id=903507" "Mozilla/5.0 (Windows NT 10.0; Win64; x64) AppleWebKit/537.36 (KHTML, like Gecko) Chrome/58.0.3029.110 Safari/537.3"
43.157.50.58 - - [14/Mar/2026:09:53:59 +0000] "GET /?fileloc=/home/galemeraldco/public_html/readme.html&path=/home/galemeraldco/public_html HTTP/1.1" 200 21756 "-" "Mozilla/5.0 (iPhone; CPU iPhone OS 13_2_3 like Mac OS X) AppleWebKit/605.1.15 (KHTML, like Gecko) Version/13.0.3 Mobile/15E148 Safari/604.1"
69.197.149.50 - - [14/Mar/2026:09:54:02 +0000] "GET /wp-includes/pl56d2b8/index.php?id=903507 HTTP/1.1" 200 0 "http://gal-emerald.co.il/wp-includes/pl56d2b8/index.php?id=903507" "Mozilla/5.0 (Windows NT 10.0; Win64; x64) AppleWebKit/537.36 (KHTML, like Gecko) Chrome/58.0.3029.110 Safari/537.3"
69.197.149.50 - - [14/Mar/2026:09:55:38 +0000] "GET /wp-includes/pl56d2b8/index.php?id=903507 HTTP/1.1" 200 0 "http://gal-emerald.co.il/wp-includes/pl56d2b8/index.php?id=903507" "Mozilla/5.0 (Windows NT 10.0; Win64; x64) AppleWebKit/537.36 (KHTML, like Gecko) Chrome/58.0.3029.110 Safari/537.3"
69.197.149.50 - - [14/Mar/2026:09:57:08 +0000] "GET /wp-includes/pl56d2b8/index.php?id=903507 HTTP/1.1" 200 0 "http://gal-emerald.co.il/wp-includes/pl56d2b8/index.php?id=903507" "Mozilla/5.0 (Windows NT 10.0; Win64; x64) AppleWebKit/537.36 (KHTML, like Gecko) Chrome/58.0.3029.110 Safari/537.3"
69.197.149.50 - - [14/Mar/2026:09:58:43 +0000] "GET /wp-includes/pl56d2b8/index.php?id=903507 HTTP/1.1" 200 0 "http://gal-emerald.co.il/wp-includes/pl56d2b8/index.php?id=903507" "Mozilla/5.0 (Windows NT 10.0; Win64; x64) AppleWebKit/537.36 (KHTML, like Gecko) Chrome/58.0.3029.110 Safari/537.3"
45.233.148.131 - - [14/Mar/2026:10:00:03 +0000] "POST /xmlrpc.php HTTP/1.1" 499 0 "-" "Mozilla/5.0 (Windows NT 10.0; WOW64; rv:145.0) Gecko/20100101 Firefox/145.0"
69.197.149.50 - - [14/Mar/2026:10:00:14 +0000] "GET /wp-includes/pl56d2b8/index.php?id=903507 HTTP/1.1" 200 0 "http://gal-emerald.co.il/wp-includes/pl56d2b8/index.php?id=903507" "Mozilla/5.0 (Windows NT 10.0; Win64; x64) AppleWebKit/537.36 (KHTML, like Gecko) Chrome/58.0.3029.110 Safari/537.3"
69.197.149.50 - - [14/Mar/2026:10:01:58 +0000] "GET /wp-includes/pl56d2b8/index.php?id=903507 HTTP/1.1" 200 0 "http://gal-emerald.co.il/wp-includes/pl56d2b8/index.php?id=903507" "Mozilla/5.0 (Windows NT 10.0; Win64; x64) AppleWebKit/537.36 (KHTML, like Gecko) Chrome/58.0.3029.110 Safari/537.3"
69.197.149.50 - - [14/Mar/2026:10:03:50 +0000] "GET /wp-includes/pl56d2b8/index.php?id=903507 HTTP/1.1" 200 0 "http://gal-emerald.co.il/wp-includes/pl56d2b8/index.php?id=903507" "Mozilla/5.0 (Windows NT 10.0; Win64; x64) AppleWebKit/537.36 (KHTML, like Gecko) Chrome/58.0.3029.110 Safari/537.3"
69.197.149.50 - - [14/Mar/2026:10:05:51 +0000] "GET /wp-includes/pl56d2b8/index.php?id=903507 HTTP/1.1" 200 0 "http://gal-emerald.co.il/wp-includes/pl56d2b8/index.php?id=903507" "Mozilla/5.0 (Windows NT 10.0; Win64; x64) AppleWebKit/537.36 (KHTML, like Gecko) Chrome/58.0.3029.110 Safari/537.3"
62.219.58.137 - - [14/Mar/2026:10:07:50 +0000] "GET /.well-known/acme-challenge/X4KHX45K3LTAJTU_S3X-K0_SG8-SAT43 HTTP/1.1" 404 355 "-" "Cpanel-HTTP-Client/1.0"
62.219.58.137 - - [14/Mar/2026:10:07:58 +0000] "GET /.well-known/acme-challenge/K_200AILGHL_-OOPA01CDF4BVNCMZQNH HTTP/1.1" 404 355 "-" "Cpanel-HTTP-Client/1.0"
69.197.149.50 - - [14/Mar/2026:10:08:16 +0000] "GET /wp-includes/pl56d2b8/index.php?id=903507 HTTP/1.1" 200 0 "http://gal-emerald.co.il/wp-includes/pl56d2b8/index.php?id=903507" "Mozilla/5.0 (Windows NT 10.0; Win64; x64) AppleWebKit/537.36 (KHTML, like Gecko) Chrome/58.0.3029.110 Safari/537.3"
69.197.149.50 - - [14/Mar/2026:10:10:46 +0000] "GET /wp-includes/pl56d2b8/index.php?id=903507 HTTP/1.1" 200 0 "http://gal-emerald.co.il/wp-includes/pl56d2b8/index.php?id=903507" "Mozilla/5.0 (Windows NT 10.0; Win64; x64) AppleWebKit/537.36 (KHTML, like Gecko) Chrome/58.0.3029.110 Safari/537.3"
69.197.149.50 - - [14/Mar/2026:10:13:24 +0000] "GET /wp-includes/pl56d2b8/index.php?id=903507 HTTP/1.1" 200 0 "http://gal-emerald.co.il/wp-includes/pl56d2b8/index.php?id=903507" "Mozilla/5.0 (Windows NT 10.0; Win64; x64) AppleWebKit/537.36 (KHTML, like Gecko) Chrome/58.0.3029.110 Safari/537.3"
43.130.53.252 - - [14/Mar/2026:10:15:50 +0000] "GET /?fileloc=/home/galemeraldco/public_html/wp-settings.php&path=/home/galemeraldco/public_html HTTP/1.1" 200 0 "-" "Mozilla/5.0 (iPhone; CPU iPhone OS 13_2_3 like Mac OS X) AppleWebKit/605.1.15 (KHTML, like Gecko) Version/13.0.3 Mobile/15E148 Safari/604.1"
69.197.149.50 - - [14/Mar/2026:10:16:11 +0000] "GET /wp-includes/pl56d2b8/index.php?id=903507 HTTP/1.1" 200 0 "http://gal-emerald.co.il/wp-includes/pl56d2b8/index.php?id=903507" "Mozilla/5.0 (Windows NT 10.0; Win64; x64) AppleWebKit/537.36 (KHTML, like Gecko) Chrome/58.0.3029.110 Safari/537.3"
2001:41d0:302:1000::8b2 - - [14/Mar/2026:10:18:25 +0000] "POST /xmlrpc.php HTTP/1.1" 499 0 "-" "Mozilla/5.0 (Windows NT 10.0) AppleWebKit/537.43 (KHTML, like Gecko) Chrome/134.0.0.0 Safari/537.36 OPR/119.0.0.0"
69.197.149.50 - - [14/Mar/2026:10:19:10 +0000] "GET /wp-includes/pl56d2b8/index.php?id=903507 HTTP/1.1" 200 0 "http://gal-emerald.co.il/wp-includes/pl56d2b8/index.php?id=903507" "Mozilla/5.0 (Windows NT 10.0; Win64; x64) AppleWebKit/537.36 (KHTML, like Gecko) Chrome/58.0.3029.110 Safari/537.3"
84.201.130.79 - - [14/Mar/2026:10:20:08 +0000] "POST /xmlrpc.php HTTP/1.1" 499 0 "-" "Mozilla/5.0 (Windows NT 10.0) AppleWebKit/537.43 (KHTML, like Gecko) Chrome/137.0.0.0 Safari/537.36 OPR/121.0.0.0"
69.197.149.50 - - [14/Mar/2026:10:21:35 +0000] "GET /wp-includes/pl56d2b8/index.php?id=903507 HTTP/1.1" 200 0 "http://gal-emerald.co.il/wp-includes/pl56d2b8/index.php?id=903507" "Mozilla/5.0 (Windows NT 10.0; Win64; x64) AppleWebKit/537.36 (KHTML, like Gecko) Chrome/58.0.3029.110 Safari/537.3"
45.80.158.143 - - [14/Mar/2026:10:22:16 +0000] "GET / HTTP/1.1" 200 0 "gal-emerald.co.il" "Mozilla/5.0 (Linux; Android 9; AMN-LX9 Build/HUAWEIAMN-LX9; wv) AppleWebKit/537.36 (KHTML, like Gecko) Version/4.0 Chrome/81.0.4044.138 Mobile Safari/537.36 [Pinterest/Android]"
69.197.149.50 - - [14/Mar/2026:10:24:00 +0000] "GET /wp-includes/pl56d2b8/index.php?id=903507 HTTP/1.1" 200 0 "http://gal-emerald.co.il/wp-includes/pl56d2b8/index.php?id=903507" "Mozilla/5.0 (Windows NT 10.0; Win64; x64) AppleWebKit/537.36 (KHTML, like Gecko) Chrome/58.0.3029.110 Safari/537.3"
69.197.149.50 - - [14/Mar/2026:10:26:23 +0000] "GET /wp-includes/pl56d2b8/index.php?id=903507 HTTP/1.1" 200 0 "http://gal-emerald.co.il/wp-includes/pl56d2b8/index.php?id=903507" "Mozilla/5.0 (Windows NT 10.0; Win64; x64) AppleWebKit/537.36 (KHTML, like Gecko) Chrome/58.0.3029.110 Safari/537.3"
170.106.84.136 - - [14/Mar/2026:10:26:51 +0000] "GET /?path=/home/galemeraldco/public_html/wp-admin HTTP/1.1" 200 0 "-" "Mozilla/5.0 (iPhone; CPU iPhone OS 13_2_3 like Mac OS X) AppleWebKit/605.1.15 (KHTML, like Gecko) Version/13.0.3 Mobile/15E148 Safari/604.1"
69.197.149.50 - - [14/Mar/2026:10:28:28 +0000] "GET /wp-includes/pl56d2b8/index.php?id=903507 HTTP/1.1" 200 0 "http://gal-emerald.co.il/wp-includes/pl56d2b8/index.php?id=903507" "Mozilla/5.0 (Windows NT 10.0; Win64; x64) AppleWebKit/537.36 (KHTML, like Gecko) Chrome/58.0.3029.110 Safari/537.3"
69.197.149.50 - - [14/Mar/2026:10:30:30 +0000] "GET /wp-includes/pl56d2b8/index.php?id=903507 HTTP/1.1" 200 0 "http://gal-emerald.co.il/wp-includes/pl56d2b8/index.php?id=903507" "Mozilla/5.0 (Windows NT 10.0; Win64; x64) AppleWebKit/537.36 (KHTML, like Gecko) Chrome/58.0.3029.110 Safari/537.3"
69.197.149.50 - - [14/Mar/2026:10:32:59 +0000] "GET /wp-includes/pl56d2b8/index.php?id=903507 HTTP/1.1" 200 0 "http://gal-emerald.co.il/wp-includes/pl56d2b8/index.php?id=903507" "Mozilla/5.0 (Windows NT 10.0; Win64; x64) AppleWebKit/537.36 (KHTML, like Gecko) Chrome/58.0.3029.110 Safari/537.3"
49.13.55.169 - - [14/Mar/2026:10:33:35 +0000] "GET /.well-known/acme-challenge/5ADB_1J70KZ7G7PUU2GRVIJ1F_EKD0E3 HTTP/1.1" 200 64 "-" "Cpanel-HTTP-Client/1.0"
49.13.55.169 - - [14/Mar/2026:10:33:36 +0000] "GET /.well-known/acme-challenge/IX1KLMABOQONDR-9697H2J2028F487_7 HTTP/1.1" 200 64 "-" "Cpanel-HTTP-Client/1.0"
69.197.149.50 - - [14/Mar/2026:10:35:27 +0000] "GET /wp-includes/pl56d2b8/index.php?id=903507 HTTP/1.1" 200 0 "http://gal-emerald.co.il/wp-includes/pl56d2b8/index.php?id=903507" "Mozilla/5.0 (Windows NT 10.0; Win64; x64) AppleWebKit/537.36 (KHTML, like Gecko) Chrome/58.0.3029.110 Safari/537.3"
170.106.73.216 - - [14/Mar/2026:10:35:48 +0000] "GET /?path=/home/galemeraldco/public_html/wp-content HTTP/1.1" 200 0 "-" "Mozilla/5.0 (iPhone; CPU iPhone OS 13_2_3 like Mac OS X) AppleWebKit/605.1.15 (KHTML, like Gecko) Version/13.0.3 Mobile/15E148 Safari/604.1"
69.197.149.50 - - [14/Mar/2026:10:37:48 +0000] "GET /wp-includes/pl56d2b8/index.php?id=903507 HTTP/1.1" 200 0 "http://gal-emerald.co.il/wp-includes/pl56d2b8/index.php?id=903507" "Mozilla/5.0 (Windows NT 10.0; Win64; x64) AppleWebKit/537.36 (KHTML, like Gecko) Chrome/58.0.3029.110 Safari/537.3"
69.197.149.50 - - [14/Mar/2026:10:40:11 +0000] "GET /wp-includes/pl56d2b8/index.php?id=903507 HTTP/1.1" 200 0 "http://gal-emerald.co.il/wp-includes/pl56d2b8/index.php?id=903507" "Mozilla/5.0 (Windows NT 10.0; Win64; x64) AppleWebKit/537.36 (KHTML, like Gecko) Chrome/58.0.3029.110 Safari/537.3"
2a01:4f9:2b:30ea::107 - - [14/Mar/2026:10:41:10 +0000] "POST /xmlrpc.php HTTP/1.1" 499 0 "-" "Mozilla/5.0 (Windows NT 10.0; Win64; x64) AppleWebKit/537.36 (KHTML, like Gecko) Chrome/139.0.0.0 Safari/537.36"
69.197.149.50 - - [14/Mar/2026:10:42:18 +0000] "GET /wp-includes/pl56d2b8/index.php?id=903507 HTTP/1.1" 200 0 "http://gal-emerald.co.il/wp-includes/pl56d2b8/index.php?id=903507" "Mozilla/5.0 (Windows NT 10.0; Win64; x64) AppleWebKit/537.36 (KHTML, like Gecko) Chrome/58.0.3029.110 Safari/537.3"
69.197.149.50 - - [14/Mar/2026:10:44:30 +0000] "GET /wp-includes/pl56d2b8/index.php?id=903507 HTTP/1.1" 200 0 "http://gal-emerald.co.il/wp-includes/pl56d2b8/index.php?id=903507" "Mozilla/5.0 (Windows NT 10.0; Win64; x64) AppleWebKit/537.36 (KHTML, like Gecko) Chrome/58.0.3029.110 Safari/537.3"
43.167.236.228 - - [14/Mar/2026:10:45:17 +0000] "GET /?path= HTTP/1.1" 500 0 "-" "Mozilla/5.0 (iPhone; CPU iPhone OS 13_2_3 like Mac OS X) AppleWebKit/605.1.15 (KHTML, like Gecko) Version/13.0.3 Mobile/15E148 Safari/604.1"
185.56.75.150 - - [14/Mar/2026:10:46:07 +0000] "GET /.well-known/acme-challenge/EEG9OHNY55E_8TMIZH9E-IFLB21IXC7X HTTP/1.1" 404 355 "-" "Cpanel-HTTP-Client/1.0"
185.56.75.150 - - [14/Mar/2026:10:46:09 +0000] "GET /.well-known/acme-challenge/IMX3HIS0C2J98W3-0_LSETPE2B0BIJXY HTTP/1.1" 404 355 "-" "Cpanel-HTTP-Client/1.0"
69.197.149.50 - - [14/Mar/2026:10:46:48 +0000] "GET /wp-includes/pl56d2b8/index.php?id=903507 HTTP/1.1" 200 0 "http://gal-emerald.co.il/wp-includes/pl56d2b8/index.php?id=903507" "Mozilla/5.0 (Windows NT 10.0; Win64; x64) AppleWebKit/537.36 (KHTML, like Gecko) Chrome/58.0.3029.110 Safari/537.3"
69.197.149.50 - - [14/Mar/2026:10:49:08 +0000] "GET /wp-includes/pl56d2b8/index.php?id=903507 HTTP/1.1" 200 0 "http://gal-emerald.co.il/wp-includes/pl56d2b8/index.php?id=903507" "Mozilla/5.0 (Windows NT 10.0; Win64; x64) AppleWebKit/537.36 (KHTML, like Gecko) Chrome/58.0.3029.110 Safari/537.3"
69.197.149.50 - - [14/Mar/2026:10:51:04 +0000] "GET /wp-includes/pl56d2b8/index.php?id=903507 HTTP/1.1" 200 0 "http://gal-emerald.co.il/wp-includes/pl56d2b8/index.php?id=903507" "Mozilla/5.0 (Windows NT 10.0; Win64; x64) AppleWebKit/537.36 (KHTML, like Gecko) Chrome/58.0.3029.110 Safari/537.3"
69.197.149.50 - - [14/Mar/2026:10:52:49 +0000] "GET /wp-includes/pl56d2b8/index.php?id=903507 HTTP/1.1" 200 0 "http://gal-emerald.co.il/wp-includes/pl56d2b8/index.php?id=903507" "Mozilla/5.0 (Windows NT 10.0; Win64; x64) AppleWebKit/537.36 (KHTML, like Gecko) Chrome/58.0.3029.110 Safari/537.3"
69.197.149.50 - - [14/Mar/2026:10:54:30 +0000] "GET /wp-includes/pl56d2b8/index.php?id=903507 HTTP/1.1" 200 0 "http://gal-emerald.co.il/wp-includes/pl56d2b8/index.php?id=903507" "Mozilla/5.0 (Windows NT 10.0; Win64; x64) AppleWebKit/537.36 (KHTML, like Gecko) Chrome/58.0.3029.110 Safari/537.3"
43.164.197.209 - - [14/Mar/2026:10:54:40 +0000] "GET /wp-admin/update-core.php HTTP/1.1" 200 167115 "-" "Mozilla/5.0 (iPhone; CPU iPhone OS 13_2_3 like Mac OS X) AppleWebKit/605.1.15 (KHTML, like Gecko) Version/13.0.3 Mobile/15E148 Safari/604.1"
69.197.149.50 - - [14/Mar/2026:10:56:10 +0000] "GET /wp-includes/pl56d2b8/index.php?id=903507 HTTP/1.1" 200 0 "http://gal-emerald.co.il/wp-includes/pl56d2b8/index.php?id=903507" "Mozilla/5.0 (Windows NT 10.0; Win64; x64) AppleWebKit/537.36 (KHTML, like Gecko) Chrome/58.0.3029.110 Safari/537.3"
69.197.149.50 - - [14/Mar/2026:10:57:49 +0000] "GET /wp-includes/pl56d2b8/index.php?id=903507 HTTP/1.1" 200 0 "http://gal-emerald.co.il/wp-includes/pl56d2b8/index.php?id=903507" "Mozilla/5.0 (Windows NT 10.0; Win64; x64) AppleWebKit/537.36 (KHTML, like Gecko) Chrome/58.0.3029.110 Safari/537.3"
69.197.149.50 - - [14/Mar/2026:10:59:25 +0000] "GET /wp-includes/pl56d2b8/index.php?id=903507 HTTP/1.1" 200 0 "http://gal-emerald.co.il/wp-includes/pl56d2b8/index.php?id=903507" "Mozilla/5.0 (Windows NT 10.0; Win64; x64) AppleWebKit/537.36 (KHTML, like Gecko) Chrome/58.0.3029.110 Safari/537.3"
159.65.202.60 - - [14/Mar/2026:11:00:15 +0000] "POST /xmlrpc.php HTTP/1.1" 403 77568 "-" "Mozilla/5.0 (Windows NT 10.0; Win64; x64) AppleWebKit/537.36 (KHTML, like Gecko) Chrome/137.0.0.0 Safari/537.36 Edg/137.0.0.0"
69.197.149.50 - - [14/Mar/2026:11:01:02 +0000] "GET /wp-includes/pl56d2b8/index.php?id=903507 HTTP/1.1" 200 0 "http://gal-emerald.co.il/wp-includes/pl56d2b8/index.php?id=903507" "Mozilla/5.0 (Windows NT 10.0; Win64; x64) AppleWebKit/537.36 (KHTML, like Gecko) Chrome/58.0.3029.110 Safari/537.3"
69.197.149.50 - - [14/Mar/2026:11:02:33 +0000] "GET /wp-includes/pl56d2b8/index.php?id=903507 HTTP/1.1" 200 0 "http://gal-emerald.co.il/wp-includes/pl56d2b8/index.php?id=903507" "Mozilla/5.0 (Windows NT 10.0; Win64; x64) AppleWebKit/537.36 (KHTML, like Gecko) Chrome/58.0.3029.110 Safari/537.3"
69.197.149.50 - - [14/Mar/2026:11:04:05 +0000] "GET /wp-includes/pl56d2b8/index.php?id=903507 HTTP/1.1" 200 0 "http://gal-emerald.co.il/wp-includes/pl56d2b8/index.php?id=903507" "Mozilla/5.0 (Windows NT 10.0; Win64; x64) AppleWebKit/537.36 (KHTML, like Gecko) Chrome/58.0.3029.110 Safari/537.3"
195.142.136.26 - - [14/Mar/2026:11:05:15 +0000] "POST /xmlrpc.php HTTP/1.1" 403 77568 "-" "Mozilla/5.0 (Windows NT 10.0; WOW64) AppleWebKit/537.36 (KHTML, like Gecko) Chrome/139.0.0.0 Safari/537.36 Edg/139.0.0.0"
69.197.149.50 - - [14/Mar/2026:11:05:38 +0000] "GET /wp-includes/pl56d2b8/index.php?id=903507 HTTP/1.1" 200 0 "http://gal-emerald.co.il/wp-includes/pl56d2b8/index.php?id=903507" "Mozilla/5.0 (Windows NT 10.0; Win64; x64) AppleWebKit/537.36 (KHTML, like Gecko) Chrome/58.0.3029.110 Safari/537.3"
69.197.149.50 - - [14/Mar/2026:11:07:12 +0000] "GET /wp-includes/pl56d2b8/index.php?id=903507 HTTP/1.1" 200 0 "http://gal-emerald.co.il/wp-includes/pl56d2b8/index.php?id=903507" "Mozilla/5.0 (Windows NT 10.0; Win64; x64) AppleWebKit/537.36 (KHTML, like Gecko) Chrome/58.0.3029.110 Safari/537.3"
43.135.182.95 - - [14/Mar/2026:11:08:33 +0000] "GET /wp-admin/update-core.php?path=/home/galemeraldco HTTP/1.1" 200 50301 "-" "Mozilla/5.0 (iPhone; CPU iPhone OS 13_2_3 like Mac OS X) AppleWebKit/605.1.15 (KHTML, like Gecko) Version/13.0.3 Mobile/15E148 Safari/604.1"
69.197.149.50 - - [14/Mar/2026:11:08:47 +0000] "GET /wp-includes/pl56d2b8/index.php?id=903507 HTTP/1.1" 200 0 "http://gal-emerald.co.il/wp-includes/pl56d2b8/index.php?id=903507" "Mozilla/5.0 (Windows NT 10.0; Win64; x64) AppleWebKit/537.36 (KHTML, like Gecko) Chrome/58.0.3029.110 Safari/537.3"
69.197.149.50 - - [14/Mar/2026:11:10:17 +0000] "GET /wp-includes/pl56d2b8/index.php?id=903507 HTTP/1.1" 200 0 "http://gal-emerald.co.il/wp-includes/pl56d2b8/index.php?id=903507" "Mozilla/5.0 (Windows NT 10.0; Win64; x64) AppleWebKit/537.36 (KHTML, like Gecko) Chrome/58.0.3029.110 Safari/537.3"
66.249.77.38 - - [14/Mar/2026:11:10:28 +0000] "GET /shigotoba HTTP/1.1" 200 56226 "-" "Mozilla/5.0 (Linux; Android 6.0.1; Nexus 5X Build/MMB29P) AppleWebKit/537.36 (KHTML, like Gecko) Chrome/145.0.7632.116 Mobile Safari/537.36 (compatible; GoogleOther)"
69.197.149.50 - - [14/Mar/2026:11:11:47 +0000] "GET /wp-includes/pl56d2b8/index.php?id=903507 HTTP/1.1" 200 0 "http://gal-emerald.co.il/wp-includes/pl56d2b8/index.php?id=903507" "Mozilla/5.0 (Windows NT 10.0; Win64; x64) AppleWebKit/537.36 (KHTML, like Gecko) Chrome/58.0.3029.110 Safari/537.3"
69.197.149.50 - - [14/Mar/2026:11:13:17 +0000] "GET /wp-includes/pl56d2b8/index.php?id=903507 HTTP/1.1" 200 0 "http://gal-emerald.co.il/wp-includes/pl56d2b8/index.php?id=903507" "Mozilla/5.0 (Windows NT 10.0; Win64; x64) AppleWebKit/537.36 (KHTML, like Gecko) Chrome/58.0.3029.110 Safari/537.3"
69.197.149.50 - - [14/Mar/2026:11:14:51 +0000] "GET /wp-includes/pl56d2b8/index.php?id=903507 HTTP/1.1" 200 0 "http://gal-emerald.co.il/wp-includes/pl56d2b8/index.php?id=903507" "Mozilla/5.0 (Windows NT 10.0; Win64; x64) AppleWebKit/537.36 (KHTML, like Gecko) Chrome/58.0.3029.110 Safari/537.3"
167.99.240.84 - - [14/Mar/2026:11:15:56 +0000] "POST /xmlrpc.php HTTP/1.1" 403 77568 "-" "Mozilla/5.0 (Windows NT 10.0; WOW64) AppleWebKit/537.36 (KHTML, like Gecko) Chrome/140.0.0.0 Safari/537.36"
69.197.149.50 - - [14/Mar/2026:11:16:23 +0000] "GET /wp-includes/pl56d2b8/index.php?id=903507 HTTP/1.1" 200 0 "http://gal-emerald.co.il/wp-includes/pl56d2b8/index.php?id=903507" "Mozilla/5.0 (Windows NT 10.0; Win64; x64) AppleWebKit/537.36 (KHTML, like Gecko) Chrome/58.0.3029.110 Safari/537.3"
69.197.149.50 - - [14/Mar/2026:11:18:03 +0000] "GET /wp-includes/pl56d2b8/index.php?id=903507 HTTP/1.1" 200 0 "http://gal-emerald.co.il/wp-includes/pl56d2b8/index.php?id=903507" "Mozilla/5.0 (Windows NT 10.0; Win64; x64) AppleWebKit/537.36 (KHTML, like Gecko) Chrome/58.0.3029.110 Safari/537.3"
43.133.14.237 - - [14/Mar/2026:11:18:13 +0000] "GET /wp-admin/update-core.php?fileloc=/home/galemeraldco/public_html/wp-admin/admin-ajax.php&path=/home/galemeraldco/public_html/wp-admin HTTP/1.1" 200 19117 "-" "Mozilla/5.0 (iPhone; CPU iPhone OS 13_2_3 like Mac OS X) AppleWebKit/605.1.15 (KHTML, like Gecko) Version/13.0.3 Mobile/15E148 Safari/604.1"
38.34.178.73 - - [14/Mar/2026:11:19:16 +0000] "GET /wp-json/wp/v2/posts HTTP/1.1" 200 77568 "-" "Mozilla/5.0 (Windows NT 10.0; Win64; x64) AppleWebKit/537.36 (KHTML, like Gecko) Chrome/120.0.0.0 Safari/537.36"
69.197.149.50 - - [14/Mar/2026:11:19:37 +0000] "GET /wp-includes/pl56d2b8/index.php?id=903507 HTTP/1.1" 200 0 "http://gal-emerald.co.il/wp-includes/pl56d2b8/index.php?id=903507" "Mozilla/5.0 (Windows NT 10.0; Win64; x64) AppleWebKit/537.36 (KHTML, like Gecko) Chrome/58.0.3029.110 Safari/537.3"
69.197.149.50 - - [14/Mar/2026:11:21:10 +0000] "GET /wp-includes/pl56d2b8/index.php?id=903507 HTTP/1.1" 200 0 "http://gal-emerald.co.il/wp-includes/pl56d2b8/index.php?id=903507" "Mozilla/5.0 (Windows NT 10.0; Win64; x64) AppleWebKit/537.36 (KHTML, like Gecko) Chrome/58.0.3029.110 Safari/537.3"
69.197.149.50 - - [14/Mar/2026:11:22:45 +0000] "GET /wp-includes/pl56d2b8/index.php?id=903507 HTTP/1.1" 200 0 "http://gal-emerald.co.il/wp-includes/pl56d2b8/index.php?id=903507" "Mozilla/5.0 (Windows NT 10.0; Win64; x64) AppleWebKit/537.36 (KHTML, like Gecko) Chrome/58.0.3029.110 Safari/537.3"
