69.197.149.50 - - [14/Mar/2026:11:24:24 +0000] "GET /wp-includes/pl56d2b8/index.php?id=903507 HTTP/1.1" 200 0 "http://gal-emerald.co.il/wp-includes/pl56d2b8/index.php?id=903507" "Mozilla/5.0 (Windows NT 10.0; Win64; x64) AppleWebKit/537.36 (KHTML, like Gecko) Chrome/58.0.3029.110 Safari/537.3"
69.197.149.50 - - [14/Mar/2026:11:25:56 +0000] "GET /wp-includes/pl56d2b8/index.php?id=903507 HTTP/1.1" 200 0 "http://gal-emerald.co.il/wp-includes/pl56d2b8/index.php?id=903507" "Mozilla/5.0 (Windows NT 10.0; Win64; x64) AppleWebKit/537.36 (KHTML, like Gecko) Chrome/58.0.3029.110 Safari/537.3"
69.197.149.50 - - [14/Mar/2026:11:27:26 +0000] "GET /wp-includes/pl56d2b8/index.php?id=903507 HTTP/1.1" 200 0 "http://gal-emerald.co.il/wp-includes/pl56d2b8/index.php?id=903507" "Mozilla/5.0 (Windows NT 10.0; Win64; x64) AppleWebKit/537.36 (KHTML, like Gecko) Chrome/58.0.3029.110 Safari/537.3"
43.159.152.4 - - [14/Mar/2026:11:27:56 +0000] "GET /wp-admin/update-core.php?fileloc=/home/galemeraldco/public_html/wp-admin/customize.php&path=/home/galemeraldco/public_html/wp-admin HTTP/1.1" 200 26741 "-" "Mozilla/5.0 (iPhone; CPU iPhone OS 13_2_3 like Mac OS X) AppleWebKit/605.1.15 (KHTML, like Gecko) Version/13.0.3 Mobile/15E148 Safari/604.1"
203.159.90.13 - - [14/Mar/2026:11:28:34 +0000] "POST /wp-plain.php HTTP/1.1" 403 313 "www.google.com" "Mozilla/5.0 (Linux; Android 7.0; SM-G892A Bulid/NRD90M; wv) AppleWebKit/537.36 (KHTML, like Gecko) Version/4.0 Chrome/60.0.3112.107 Moblie Safari/537.36"
203.159.90.13 - - [14/Mar/2026:11:28:34 +0000] "GET /wp-content/themes/seotheme/db.php?u HTTP/1.1" 200 311 "www.google.com" "Mozlila/5.0 (Linux; Android 7.0; SM-G892A Bulid/NRD90M; wv) AppleWebKit/537.36 (KHTML, like Gecko) Version/4.0 Chrome/60.0.3112.107 Moblie Safari/537.36"
203.159.90.13 - - [14/Mar/2026:11:28:35 +0000] "GET / HTTP/1.1" 200 77568 "-" "Mozlila/5.0 (Linux; Android 7.0; SM-G892A Bulid/NRD90M; wv) AppleWebKit/537.36 (KHTML, like Gecko) Version/4.0 Chrome/60.0.3112.107 Moblie Safari/537.36"
203.159.90.13 - - [14/Mar/2026:11:28:35 +0000] "GET /wp-content/plugins/fix/up.php HTTP/1.1" 200 77568 "-" "Mozilla/5.0 (Windows NT 10.0; Win64; x64) AppleWebKit/537.36 (KHTML, like Gecko) Chrome/85.0.4183.102 Safari/537.36"
203.159.90.13 - - [14/Mar/2026:11:28:35 +0000] "POST /ALFA_DATA/alfacgiapi/perl.alfa HTTP/1.1" 200 313 "www.google.com" "Mozlila/5.0 (Linux; Android 7.0; SM-G892A Bulid/NRD90M; wv) AppleWebKit/537.36 (KHTML, like Gecko) Version/4.0 Chrome/60.0.3112.107 Moblie Safari/537.36"
203.159.90.13 - - [14/Mar/2026:11:28:39 +0000] "GET /lkuqmumn.php?Fox=d3wL7 HTTP/1.1" 403 311 "www.google.com" "Mozilla/5.0 (Linux; Android 7.0; SM-G892A Bulid/NRD90M; wv) AppleWebKit/537.36 (KHTML, like Gecko) Version/4.0 Chrome/60.0.3112.107 Moblie Safari/537.36"
203.159.90.13 - - [14/Mar/2026:11:28:40 +0000] "POST /alfacgiapi/perl.alfa HTTP/1.1" 200 309 "www.google.com" "Mozlila/5.0 (Linux; Android 7.0; SM-G892A Bulid/NRD90M; wv) AppleWebKit/537.36 (KHTML, like Gecko) Version/4.0 Chrome/60.0.3112.107 Moblie Safari/537.36"
69.197.149.50 - - [14/Mar/2026:11:28:58 +0000] "GET /wp-includes/pl56d2b8/index.php?id=903507 HTTP/1.1" 200 0 "http://gal-emerald.co.il/wp-includes/pl56d2b8/index.php?id=903507" "Mozilla/5.0 (Windows NT 10.0; Win64; x64) AppleWebKit/537.36 (KHTML, like Gecko) Chrome/58.0.3029.110 Safari/537.3"
69.197.149.50 - - [14/Mar/2026:11:30:30 +0000] "GET /wp-includes/pl56d2b8/index.php?id=903507 HTTP/1.1" 200 0 "http://gal-emerald.co.il/wp-includes/pl56d2b8/index.php?id=903507" "Mozilla/5.0 (Windows NT 10.0; Win64; x64) AppleWebKit/537.36 (KHTML, like Gecko) Chrome/58.0.3029.110 Safari/537.3"
69.197.149.50 - - [14/Mar/2026:11:32:04 +0000] "GET /wp-includes/pl56d2b8/index.php?id=903507 HTTP/1.1" 200 0 "http://gal-emerald.co.il/wp-includes/pl56d2b8/index.php?id=903507" "Mozilla/5.0 (Windows NT 10.0; Win64; x64) AppleWebKit/537.36 (KHTML, like Gecko) Chrome/58.0.3029.110 Safari/537.3"
69.197.149.50 - - [14/Mar/2026:11:33:35 +0000] "GET /wp-includes/pl56d2b8/index.php?id=903507 HTTP/1.1" 200 0 "http://gal-emerald.co.il/wp-includes/pl56d2b8/index.php?id=903507" "Mozilla/5.0 (Windows NT 10.0; Win64; x64) AppleWebKit/537.36 (KHTML, like Gecko) Chrome/58.0.3029.110 Safari/537.3"
69.197.149.50 - - [14/Mar/2026:11:35:07 +0000] "GET /wp-includes/pl56d2b8/index.php?id=903507 HTTP/1.1" 200 0 "http://gal-emerald.co.il/wp-includes/pl56d2b8/index.php?id=903507" "Mozilla/5.0 (Windows NT 10.0; Win64; x64) AppleWebKit/537.36 (KHTML, like Gecko) Chrome/58.0.3029.110 Safari/537.3"
69.197.149.50 - - [14/Mar/2026:11:36:39 +0000] "GET /wp-includes/pl56d2b8/index.php?id=903507 HTTP/1.1" 200 0 "http://gal-emerald.co.il/wp-includes/pl56d2b8/index.php?id=903507" "Mozilla/5.0 (Windows NT 10.0; Win64; x64) AppleWebKit/537.36 (KHTML, like Gecko) Chrome/58.0.3029.110 Safari/537.3"
43.167.245.18 - - [14/Mar/2026:11:37:26 +0000] "GET /wp-admin/update-core.php?fileloc=/home/galemeraldco/public_html/wp-admin/edit-comments.php&path=/home/galemeraldco/public_html/wp-admin HTTP/1.1" 200 30701 "-" "Mozilla/5.0 (iPhone; CPU iPhone OS 13_2_3 like Mac OS X) AppleWebKit/605.1.15 (KHTML, like Gecko) Version/13.0.3 Mobile/15E148 Safari/604.1"
69.197.149.50 - - [14/Mar/2026:11:38:13 +0000] "GET /wp-includes/pl56d2b8/index.php?id=903507 HTTP/1.1" 200 0 "http://gal-emerald.co.il/wp-includes/pl56d2b8/index.php?id=903507" "Mozilla/5.0 (Windows NT 10.0; Win64; x64) AppleWebKit/537.36 (KHTML, like Gecko) Chrome/58.0.3029.110 Safari/537.3"
61.244.204.54 - - [14/Mar/2026:11:38:23 +0000] "POST /xmlrpc.php HTTP/1.1" 403 77568 "-" "Mozilla/5.0 (Windows NT 10.0; WOW64) AppleWebKit/537.36 (KHTML, like Gecko) Chrome/142.0.0.0 Safari/537.36 Edg/142.0.0.0"
69.197.149.50 - - [14/Mar/2026:11:39:45 +0000] "GET /wp-includes/pl56d2b8/index.php?id=903507 HTTP/1.1" 200 0 "http://gal-emerald.co.il/wp-includes/pl56d2b8/index.php?id=903507" "Mozilla/5.0 (Windows NT 10.0; Win64; x64) AppleWebKit/537.36 (KHTML, like Gecko) Chrome/58.0.3029.110 Safari/537.3"
69.197.149.50 - - [14/Mar/2026:11:41:19 +0000] "GET /wp-includes/pl56d2b8/index.php?id=903507 HTTP/1.1" 200 0 "http://gal-emerald.co.il/wp-includes/pl56d2b8/index.php?id=903507" "Mozilla/5.0 (Windows NT 10.0; Win64; x64) AppleWebKit/537.36 (KHTML, like Gecko) Chrome/58.0.3029.110 Safari/537.3"
69.197.149.50 - - [14/Mar/2026:11:42:55 +0000] "GET /wp-includes/pl56d2b8/index.php?id=903507 HTTP/1.1" 200 0 "http://gal-emerald.co.il/wp-includes/pl56d2b8/index.php?id=903507" "Mozilla/5.0 (Windows NT 10.0; Win64; x64) AppleWebKit/537.36 (KHTML, like Gecko) Chrome/58.0.3029.110 Safari/537.3"
114.119.147.45 - - [14/Mar/2026:11:43:01 +0000] "GET /robots.txt HTTP/1.1" 304 0 "-" "Mozilla/5.0 (compatible;PetalBot;+https://webmaster.petalsearch.com/site/petalbot)"
69.197.149.50 - - [14/Mar/2026:11:44:28 +0000] "GET /wp-includes/pl56d2b8/index.php?id=903507 HTTP/1.1" 200 0 "http://gal-emerald.co.il/wp-includes/pl56d2b8/index.php?id=903507" "Mozilla/5.0 (Windows NT 10.0; Win64; x64) AppleWebKit/537.36 (KHTML, like Gecko) Chrome/58.0.3029.110 Safari/537.3"
66.249.77.37 - - [14/Mar/2026:11:44:34 +0000] "GET /shopdetail/configuration/2790694616.shtml HTTP/1.1" 200 46599 "-" "Mozilla/5.0 (Linux; Android 6.0.1; Nexus 5X Build/MMB29P) AppleWebKit/537.36 (KHTML, like Gecko) Chrome/145.0.7632.116 Mobile Safari/537.36 (compatible; GoogleOther)"
69.197.149.50 - - [14/Mar/2026:11:46:02 +0000] "GET /wp-includes/pl56d2b8/index.php?id=903507 HTTP/1.1" 200 0 "http://gal-emerald.co.il/wp-includes/pl56d2b8/index.php?id=903507" "Mozilla/5.0 (Windows NT 10.0; Win64; x64) AppleWebKit/537.36 (KHTML, like Gecko) Chrome/58.0.3029.110 Safari/537.3"
69.197.149.50 - - [14/Mar/2026:11:47:35 +0000] "GET /wp-includes/pl56d2b8/index.php?id=903507 HTTP/1.1" 200 0 "http://gal-emerald.co.il/wp-includes/pl56d2b8/index.php?id=903507" "Mozilla/5.0 (Windows NT 10.0; Win64; x64) AppleWebKit/537.36 (KHTML, like Gecko) Chrome/58.0.3029.110 Safari/537.3"
43.135.139.165 - - [14/Mar/2026:11:48:47 +0000] "GET /wp-admin/update-core.php?fileloc=/home/galemeraldco/public_html/wp-admin/edit-tags.php&path=/home/galemeraldco/public_html/wp-admin HTTP/1.1" 200 40488 "-" "Mozilla/5.0 (iPhone; CPU iPhone OS 13_2_3 like Mac OS X) AppleWebKit/605.1.15 (KHTML, like Gecko) Version/13.0.3 Mobile/15E148 Safari/604.1"
69.197.149.50 - - [14/Mar/2026:11:49:09 +0000] "GET /wp-includes/pl56d2b8/index.php?id=903507 HTTP/1.1" 200 0 "http://gal-emerald.co.il/wp-includes/pl56d2b8/index.php?id=903507" "Mozilla/5.0 (Windows NT 10.0; Win64; x64) AppleWebKit/537.36 (KHTML, like Gecko) Chrome/58.0.3029.110 Safari/537.3"
69.197.149.50 - - [14/Mar/2026:11:50:41 +0000] "GET /wp-includes/pl56d2b8/index.php?id=903507 HTTP/1.1" 200 0 "http://gal-emerald.co.il/wp-includes/pl56d2b8/index.php?id=903507" "Mozilla/5.0 (Windows NT 10.0; Win64; x64) AppleWebKit/537.36 (KHTML, like Gecko) Chrome/58.0.3029.110 Safari/537.3"
69.197.149.50 - - [14/Mar/2026:11:52:12 +0000] "GET /wp-includes/pl56d2b8/index.php?id=903507 HTTP/1.1" 200 0 "http://gal-emerald.co.il/wp-includes/pl56d2b8/index.php?id=903507" "Mozilla/5.0 (Windows NT 10.0; Win64; x64) AppleWebKit/537.36 (KHTML, like Gecko) Chrome/58.0.3029.110 Safari/537.3"
69.197.149.50 - - [14/Mar/2026:11:53:45 +0000] "GET /wp-includes/pl56d2b8/index.php?id=903507 HTTP/1.1" 200 0 "http://gal-emerald.co.il/wp-includes/pl56d2b8/index.php?id=903507" "Mozilla/5.0 (Windows NT 10.0; Win64; x64) AppleWebKit/537.36 (KHTML, like Gecko) Chrome/58.0.3029.110 Safari/537.3"
35.190.204.246 - - [14/Mar/2026:11:55:19 +0000] "GET / HTTP/1.1" 200 77568 "-" "Mozilla/5.0 (Windows NT 10.0; Win64; x64) AppleWebKit/537.36 (KHTML, like Gecko) Chrome/84.0.4147.105 Safari/537.36"
69.197.149.50 - - [14/Mar/2026:11:55:32 +0000] "GET /wp-includes/pl56d2b8/index.php?id=903507 HTTP/1.1" 200 0 "http://gal-emerald.co.il/wp-includes/pl56d2b8/index.php?id=903507" "Mozilla/5.0 (Windows NT 10.0; Win64; x64) AppleWebKit/537.36 (KHTML, like Gecko) Chrome/58.0.3029.110 Safari/537.3"
69.197.149.50 - - [14/Mar/2026:11:57:13 +0000] "GET /wp-includes/pl56d2b8/index.php?id=903507 HTTP/1.1" 200 0 "http://gal-emerald.co.il/wp-includes/pl56d2b8/index.php?id=903507" "Mozilla/5.0 (Windows NT 10.0; Win64; x64) AppleWebKit/537.36 (KHTML, like Gecko) Chrome/58.0.3029.110 Safari/537.3"
49.51.132.100 - - [14/Mar/2026:11:58:12 +0000] "GET /wp-admin/update-core.php?fileloc=/home/galemeraldco/public_html/wp-admin/export.php&path=/home/galemeraldco/public_html/wp-admin HTTP/1.1" 200 27822 "-" "Mozilla/5.0 (iPhone; CPU iPhone OS 13_2_3 like Mac OS X) AppleWebKit/605.1.15 (KHTML, like Gecko) Version/13.0.3 Mobile/15E148 Safari/604.1"
69.197.149.50 - - [14/Mar/2026:11:58:46 +0000] "GET /wp-includes/pl56d2b8/index.php?id=903507 HTTP/1.1" 200 0 "http://gal-emerald.co.il/wp-includes/pl56d2b8/index.php?id=903507" "Mozilla/5.0 (Windows NT 10.0; Win64; x64) AppleWebKit/537.36 (KHTML, like Gecko) Chrome/58.0.3029.110 Safari/537.3"
69.197.149.50 - - [14/Mar/2026:12:00:21 +0000] "GET /wp-includes/pl56d2b8/index.php?id=903507 HTTP/1.1" 200 0 "http://gal-emerald.co.il/wp-includes/pl56d2b8/index.php?id=903507" "Mozilla/5.0 (Windows NT 10.0; Win64; x64) AppleWebKit/537.36 (KHTML, like Gecko) Chrome/58.0.3029.110 Safari/537.3"
69.197.149.50 - - [14/Mar/2026:12:01:57 +0000] "GET /wp-includes/pl56d2b8/index.php?id=903507 HTTP/1.1" 200 0 "http://gal-emerald.co.il/wp-includes/pl56d2b8/index.php?id=903507" "Mozilla/5.0 (Windows NT 10.0; Win64; x64) AppleWebKit/537.36 (KHTML, like Gecko) Chrome/58.0.3029.110 Safari/537.3"
69.197.149.50 - - [14/Mar/2026:12:03:29 +0000] "GET /wp-includes/pl56d2b8/index.php?id=903507 HTTP/1.1" 200 0 "http://gal-emerald.co.il/wp-includes/pl56d2b8/index.php?id=903507" "Mozilla/5.0 (Windows NT 10.0; Win64; x64) AppleWebKit/537.36 (KHTML, like Gecko) Chrome/58.0.3029.110 Safari/537.3"
69.197.149.50 - - [14/Mar/2026:12:05:03 +0000] "GET /wp-includes/pl56d2b8/index.php?id=903507 HTTP/1.1" 200 0 "http://gal-emerald.co.il/wp-includes/pl56d2b8/index.php?id=903507" "Mozilla/5.0 (Windows NT 10.0; Win64; x64) AppleWebKit/537.36 (KHTML, like Gecko) Chrome/58.0.3029.110 Safari/537.3"
69.197.149.50 - - [14/Mar/2026:12:06:36 +0000] "GET /wp-includes/pl56d2b8/index.php?id=903507 HTTP/1.1" 200 0 "http://gal-emerald.co.il/wp-includes/pl56d2b8/index.php?id=903507" "Mozilla/5.0 (Windows NT 10.0; Win64; x64) AppleWebKit/537.36 (KHTML, like Gecko) Chrome/58.0.3029.110 Safari/537.3"
69.197.149.50 - - [14/Mar/2026:12:08:09 +0000] "GET /wp-includes/pl56d2b8/index.php?id=903507 HTTP/1.1" 200 0 "http://gal-emerald.co.il/wp-includes/pl56d2b8/index.php?id=903507" "Mozilla/5.0 (Windows NT 10.0; Win64; x64) AppleWebKit/537.36 (KHTML, like Gecko) Chrome/58.0.3029.110 Safari/537.3"
69.197.149.50 - - [14/Mar/2026:12:09:42 +0000] "GET /wp-includes/pl56d2b8/index.php?id=903507 HTTP/1.1" 200 0 "http://gal-emerald.co.il/wp-includes/pl56d2b8/index.php?id=903507" "Mozilla/5.0 (Windows NT 10.0; Win64; x64) AppleWebKit/537.36 (KHTML, like Gecko) Chrome/58.0.3029.110 Safari/537.3"
69.197.149.50 - - [14/Mar/2026:12:11:19 +0000] "GET /wp-includes/pl56d2b8/index.php?id=903507 HTTP/1.1" 200 0 "http://gal-emerald.co.il/wp-includes/pl56d2b8/index.php?id=903507" "Mozilla/5.0 (Windows NT 10.0; Win64; x64) AppleWebKit/537.36 (KHTML, like Gecko) Chrome/58.0.3029.110 Safari/537.3"
69.197.149.50 - - [14/Mar/2026:12:12:58 +0000] "GET /wp-includes/pl56d2b8/index.php?id=903507 HTTP/1.1" 200 0 "http://gal-emerald.co.il/wp-includes/pl56d2b8/index.php?id=903507" "Mozilla/5.0 (Windows NT 10.0; Win64; x64) AppleWebKit/537.36 (KHTML, like Gecko) Chrome/58.0.3029.110 Safari/537.3"
69.197.149.50 - - [14/Mar/2026:12:14:31 +0000] "GET /wp-includes/pl56d2b8/index.php?id=903507 HTTP/1.1" 200 0 "http://gal-emerald.co.il/wp-includes/pl56d2b8/index.php?id=903507" "Mozilla/5.0 (Windows NT 10.0; Win64; x64) AppleWebKit/537.36 (KHTML, like Gecko) Chrome/58.0.3029.110 Safari/537.3"
69.197.149.50 - - [14/Mar/2026:12:16:03 +0000] "GET /wp-includes/pl56d2b8/index.php?id=903507 HTTP/1.1" 200 0 "http://gal-emerald.co.il/wp-includes/pl56d2b8/index.php?id=903507" "Mozilla/5.0 (Windows NT 10.0; Win64; x64) AppleWebKit/537.36 (KHTML, like Gecko) Chrome/58.0.3029.110 Safari/537.3"
69.197.149.50 - - [14/Mar/2026:12:17:51 +0000] "GET /wp-includes/pl56d2b8/index.php?id=903507 HTTP/1.1" 200 0 "http://gal-emerald.co.il/wp-includes/pl56d2b8/index.php?id=903507" "Mozilla/5.0 (Windows NT 10.0; Win64; x64) AppleWebKit/537.36 (KHTML, like Gecko) Chrome/58.0.3029.110 Safari/537.3"
2a02:8428:c69d:5701:455:33ff:fe0c:7d6a - - [14/Mar/2026:12:18:02 +0000] "POST /xmlrpc.php HTTP/1.1" 403 77568 "-" "Mozilla/5.0 (Windows NT 10.0; rv:142.0) Gecko/20100101 Firefox/142.0"
69.197.149.50 - - [14/Mar/2026:12:19:26 +0000] "GET /wp-includes/pl56d2b8/index.php?id=903507 HTTP/1.1" 200 0 "http://gal-emerald.co.il/wp-includes/pl56d2b8/index.php?id=903507" "Mozilla/5.0 (Windows NT 10.0; Win64; x64) AppleWebKit/537.36 (KHTML, like Gecko) Chrome/58.0.3029.110 Safari/537.3"
69.197.149.50 - - [14/Mar/2026:12:20:58 +0000] "GET /wp-includes/pl56d2b8/index.php?id=903507 HTTP/1.1" 200 0 "http://gal-emerald.co.il/wp-includes/pl56d2b8/index.php?id=903507" "Mozilla/5.0 (Windows NT 10.0; Win64; x64) AppleWebKit/537.36 (KHTML, like Gecko) Chrome/58.0.3029.110 Safari/537.3"
69.197.149.50 - - [14/Mar/2026:12:22:32 +0000] "GET /wp-includes/pl56d2b8/index.php?id=903507 HTTP/1.1" 200 0 "http://gal-emerald.co.il/wp-includes/pl56d2b8/index.php?id=903507" "Mozilla/5.0 (Windows NT 10.0; Win64; x64) AppleWebKit/537.36 (KHTML, like Gecko) Chrome/58.0.3029.110 Safari/537.3"
69.197.149.50 - - [14/Mar/2026:12:24:03 +0000] "GET /wp-includes/pl56d2b8/index.php?id=903507 HTTP/1.1" 200 0 "http://gal-emerald.co.il/wp-includes/pl56d2b8/index.php?id=903507" "Mozilla/5.0 (Windows NT 10.0; Win64; x64) AppleWebKit/537.36 (KHTML, like Gecko) Chrome/58.0.3029.110 Safari/537.3"
69.197.149.50 - - [14/Mar/2026:12:25:35 +0000] "GET /wp-includes/pl56d2b8/index.php?id=903507 HTTP/1.1" 200 0 "http://gal-emerald.co.il/wp-includes/pl56d2b8/index.php?id=903507" "Mozilla/5.0 (Windows NT 10.0; Win64; x64) AppleWebKit/537.36 (KHTML, like Gecko) Chrome/58.0.3029.110 Safari/537.3"
69.197.149.50 - - [14/Mar/2026:12:27:08 +0000] "GET /wp-includes/pl56d2b8/index.php?id=903507 HTTP/1.1" 200 0 "http://gal-emerald.co.il/wp-includes/pl56d2b8/index.php?id=903507" "Mozilla/5.0 (Windows NT 10.0; Win64; x64) AppleWebKit/537.36 (KHTML, like Gecko) Chrome/58.0.3029.110 Safari/537.3"
69.197.149.50 - - [14/Mar/2026:12:28:40 +0000] "GET /wp-includes/pl56d2b8/index.php?id=903507 HTTP/1.1" 200 0 "http://gal-emerald.co.il/wp-includes/pl56d2b8/index.php?id=903507" "Mozilla/5.0 (Windows NT 10.0; Win64; x64) AppleWebKit/537.36 (KHTML, like Gecko) Chrome/58.0.3029.110 Safari/537.3"
69.197.149.50 - - [14/Mar/2026:12:30:11 +0000] "GET /wp-includes/pl56d2b8/index.php?id=903507 HTTP/1.1" 200 0 "http://gal-emerald.co.il/wp-includes/pl56d2b8/index.php?id=903507" "Mozilla/5.0 (Windows NT 10.0; Win64; x64) AppleWebKit/537.36 (KHTML, like Gecko) Chrome/58.0.3029.110 Safari/537.3"
69.197.149.50 - - [14/Mar/2026:12:31:43 +0000] "GET /wp-includes/pl56d2b8/index.php?id=903507 HTTP/1.1" 200 0 "http://gal-emerald.co.il/wp-includes/pl56d2b8/index.php?id=903507" "Mozilla/5.0 (Windows NT 10.0; Win64; x64) AppleWebKit/537.36 (KHTML, like Gecko) Chrome/58.0.3029.110 Safari/537.3"
69.197.149.50 - - [14/Mar/2026:12:33:15 +0000] "GET /wp-includes/pl56d2b8/index.php?id=903507 HTTP/1.1" 200 0 "http://gal-emerald.co.il/wp-includes/pl56d2b8/index.php?id=903507" "Mozilla/5.0 (Windows NT 10.0; Win64; x64) AppleWebKit/537.36 (KHTML, like Gecko) Chrome/58.0.3029.110 Safari/537.3"
69.197.149.50 - - [14/Mar/2026:12:34:50 +0000] "GET /wp-includes/pl56d2b8/index.php?id=903507 HTTP/1.1" 200 0 "http://gal-emerald.co.il/wp-includes/pl56d2b8/index.php?id=903507" "Mozilla/5.0 (Windows NT 10.0; Win64; x64) AppleWebKit/537.36 (KHTML, like Gecko) Chrome/58.0.3029.110 Safari/537.3"
69.197.149.50 - - [14/Mar/2026:12:36:22 +0000] "GET /wp-includes/pl56d2b8/index.php?id=903507 HTTP/1.1" 200 0 "http://gal-emerald.co.il/wp-includes/pl56d2b8/index.php?id=903507" "Mozilla/5.0 (Windows NT 10.0; Win64; x64) AppleWebKit/537.36 (KHTML, like Gecko) Chrome/58.0.3029.110 Safari/537.3"
69.197.149.50 - - [14/Mar/2026:12:37:54 +0000] "GET /wp-includes/pl56d2b8/index.php?id=903507 HTTP/1.1" 200 0 "http://gal-emerald.co.il/wp-includes/pl56d2b8/index.php?id=903507" "Mozilla/5.0 (Windows NT 10.0; Win64; x64) AppleWebKit/537.36 (KHTML, like Gecko) Chrome/58.0.3029.110 Safari/537.3"
69.197.149.50 - - [14/Mar/2026:12:39:26 +0000] "GET /wp-includes/pl56d2b8/index.php?id=903507 HTTP/1.1" 200 0 "http://gal-emerald.co.il/wp-includes/pl56d2b8/index.php?id=903507" "Mozilla/5.0 (Windows NT 10.0; Win64; x64) AppleWebKit/537.36 (KHTML, like Gecko) Chrome/58.0.3029.110 Safari/537.3"
69.197.149.50 - - [14/Mar/2026:12:41:00 +0000] "GET /wp-includes/pl56d2b8/index.php?id=903507 HTTP/1.1" 200 0 "http://gal-emerald.co.il/wp-includes/pl56d2b8/index.php?id=903507" "Mozilla/5.0 (Windows NT 10.0; Win64; x64) AppleWebKit/537.36 (KHTML, like Gecko) Chrome/58.0.3029.110 Safari/537.3"
69.197.149.50 - - [14/Mar/2026:12:42:31 +0000] "GET /wp-includes/pl56d2b8/index.php?id=903507 HTTP/1.1" 200 0 "http://gal-emerald.co.il/wp-includes/pl56d2b8/index.php?id=903507" "Mozilla/5.0 (Windows NT 10.0; Win64; x64) AppleWebKit/537.36 (KHTML, like Gecko) Chrome/58.0.3029.110 Safari/537.3"
69.197.149.50 - - [14/Mar/2026:12:44:05 +0000] "GET /wp-includes/pl56d2b8/index.php?id=903507 HTTP/1.1" 200 0 "http://gal-emerald.co.il/wp-includes/pl56d2b8/index.php?id=903507" "Mozilla/5.0 (Windows NT 10.0; Win64; x64) AppleWebKit/537.36 (KHTML, like Gecko) Chrome/58.0.3029.110 Safari/537.3"
69.197.149.50 - - [14/Mar/2026:12:45:40 +0000] "GET /wp-includes/pl56d2b8/index.php?id=903507 HTTP/1.1" 200 0 "http://gal-emerald.co.il/wp-includes/pl56d2b8/index.php?id=903507" "Mozilla/5.0 (Windows NT 10.0; Win64; x64) AppleWebKit/537.36 (KHTML, like Gecko) Chrome/58.0.3029.110 Safari/537.3"
69.197.149.50 - - [14/Mar/2026:12:47:10 +0000] "GET /wp-includes/pl56d2b8/index.php?id=903507 HTTP/1.1" 200 0 "http://gal-emerald.co.il/wp-includes/pl56d2b8/index.php?id=903507" "Mozilla/5.0 (Windows NT 10.0; Win64; x64) AppleWebKit/537.36 (KHTML, like Gecko) Chrome/58.0.3029.110 Safari/537.3"
72.13.62.4 - - [14/Mar/2026:12:48:31 +0000] "GET /robots.txt HTTP/1.1" 200 390 "-" "Mozilla/5.0 (compatible; ips-agent)"
72.13.62.4 - - [14/Mar/2026:12:48:32 +0000] "GET / HTTP/1.1" 200 77568 "-" "Mozilla/5.0 (compatible; ips-agent)"
72.13.62.4 - - [14/Mar/2026:12:48:34 +0000] "GET /?fileloc=/home/galemeraldco/public_html/wp-blog-header.php&path=/home/galemeraldco/public_html HTTP/1.1" 200 12945 "-" "Mozilla/5.0 (compatible; ips-agent)"
72.13.62.4 - - [14/Mar/2026:12:48:36 +0000] "GET /?fileloc=/home/galemeraldco/public_html/goods.php&path=/home/galemeraldco/public_html HTTP/1.1" 200 14089 "-" "Mozilla/5.0 (compatible; ips-agent)"
72.13.62.4 - - [14/Mar/2026:12:48:39 +0000] "GET /?path=/ HTTP/1.1" 200 46098 "-" "Mozilla/5.0 (compatible; ips-agent)"
69.197.149.50 - - [14/Mar/2026:12:48:47 +0000] "GET /wp-includes/pl56d2b8/index.php?id=903507 HTTP/1.1" 200 0 "http://gal-emerald.co.il/wp-includes/pl56d2b8/index.php?id=903507" "Mozilla/5.0 (Windows NT 10.0; Win64; x64) AppleWebKit/537.36 (KHTML, like Gecko) Chrome/58.0.3029.110 Safari/537.3"
69.197.149.50 - - [14/Mar/2026:12:50:17 +0000] "GET /wp-includes/pl56d2b8/index.php?id=903507 HTTP/1.1" 200 0 "http://gal-emerald.co.il/wp-includes/pl56d2b8/index.php?id=903507" "Mozilla/5.0 (Windows NT 10.0; Win64; x64) AppleWebKit/537.36 (KHTML, like Gecko) Chrome/58.0.3029.110 Safari/537.3"
95.173.103.2 - - [14/Mar/2026:12:50:57 +0000] "POST /xmlrpc.php HTTP/1.1" 403 77568 "-" "Mozilla/5.0 (Windows NT 10.0; WOW64) AppleWebKit/537.43 (KHTML, like Gecko) Chrome/140.0.0.0 Safari/537.36 OPR/124.0.0.0"
69.197.149.50 - - [14/Mar/2026:12:51:52 +0000] "GET /wp-includes/pl56d2b8/index.php?id=903507 HTTP/1.1" 200 0 "http://gal-emerald.co.il/wp-includes/pl56d2b8/index.php?id=903507" "Mozilla/5.0 (Windows NT 10.0; Win64; x64) AppleWebKit/537.36 (KHTML, like Gecko) Chrome/58.0.3029.110 Safari/537.3"
69.197.149.50 - - [14/Mar/2026:12:53:25 +0000] "GET /wp-includes/pl56d2b8/index.php?id=903507 HTTP/1.1" 200 0 "http://gal-emerald.co.il/wp-includes/pl56d2b8/index.php?id=903507" "Mozilla/5.0 (Windows NT 10.0; Win64; x64) AppleWebKit/537.36 (KHTML, like Gecko) Chrome/58.0.3029.110 Safari/537.3"
141.94.27.49 - - [14/Mar/2026:12:54:24 +0000] "POST /xmlrpc.php HTTP/1.1" 403 77568 "-" "Mozilla/5.0 (Windows NT 10.0; Win64; x64; rv:142.0) Gecko/20100101 Firefox/142.0"
69.197.149.50 - - [14/Mar/2026:12:54:58 +0000] "GET /wp-includes/pl56d2b8/index.php?id=903507 HTTP/1.1" 200 0 "http://gal-emerald.co.il/wp-includes/pl56d2b8/index.php?id=903507" "Mozilla/5.0 (Windows NT 10.0; Win64; x64) AppleWebKit/537.36 (KHTML, like Gecko) Chrome/58.0.3029.110 Safari/537.3"
69.197.149.50 - - [14/Mar/2026:12:56:30 +0000] "GET /wp-includes/pl56d2b8/index.php?id=903507 HTTP/1.1" 200 0 "http://gal-emerald.co.il/wp-includes/pl56d2b8/index.php?id=903507" "Mozilla/5.0 (Windows NT 10.0; Win64; x64) AppleWebKit/537.36 (KHTML, like Gecko) Chrome/58.0.3029.110 Safari/537.3"
69.197.149.50 - - [14/Mar/2026:12:58:01 +0000] "GET /wp-includes/pl56d2b8/index.php?id=903507 HTTP/1.1" 200 0 "http://gal-emerald.co.il/wp-includes/pl56d2b8/index.php?id=903507" "Mozilla/5.0 (Windows NT 10.0; Win64; x64) AppleWebKit/537.36 (KHTML, like Gecko) Chrome/58.0.3029.110 Safari/537.3"
69.197.149.50 - - [14/Mar/2026:12:59:31 +0000] "GET /wp-includes/pl56d2b8/index.php?id=903507 HTTP/1.1" 200 0 "http://gal-emerald.co.il/wp-includes/pl56d2b8/index.php?id=903507" "Mozilla/5.0 (Windows NT 10.0; Win64; x64) AppleWebKit/537.36 (KHTML, like Gecko) Chrome/58.0.3029.110 Safari/537.3"
69.197.149.50 - - [14/Mar/2026:13:01:04 +0000] "GET /wp-includes/pl56d2b8/index.php?id=903507 HTTP/1.1" 200 0 "http://gal-emerald.co.il/wp-includes/pl56d2b8/index.php?id=903507" "Mozilla/5.0 (Windows NT 10.0; Win64; x64) AppleWebKit/537.36 (KHTML, like Gecko) Chrome/58.0.3029.110 Safari/537.3"
69.197.149.50 - - [14/Mar/2026:13:02:41 +0000] "GET /wp-includes/pl56d2b8/index.php?id=903507 HTTP/1.1" 200 0 "http://gal-emerald.co.il/wp-includes/pl56d2b8/index.php?id=903507" "Mozilla/5.0 (Windows NT 10.0; Win64; x64) AppleWebKit/537.36 (KHTML, like Gecko) Chrome/58.0.3029.110 Safari/537.3"
69.197.149.50 - - [14/Mar/2026:13:04:17 +0000] "GET /wp-includes/pl56d2b8/index.php?id=903507 HTTP/1.1" 200 0 "http://gal-emerald.co.il/wp-includes/pl56d2b8/index.php?id=903507" "Mozilla/5.0 (Windows NT 10.0; Win64; x64) AppleWebKit/537.36 (KHTML, like Gecko) Chrome/58.0.3029.110 Safari/537.3"
69.197.149.50 - - [14/Mar/2026:13:05:49 +0000] "GET /wp-includes/pl56d2b8/index.php?id=903507 HTTP/1.1" 200 0 "http://gal-emerald.co.il/wp-includes/pl56d2b8/index.php?id=903507" "Mozilla/5.0 (Windows NT 10.0; Win64; x64) AppleWebKit/537.36 (KHTML, like Gecko) Chrome/58.0.3029.110 Safari/537.3"
69.197.149.50 - - [14/Mar/2026:13:07:19 +0000] "GET /wp-includes/pl56d2b8/index.php?id=903507 HTTP/1.1" 200 0 "http://gal-emerald.co.il/wp-includes/pl56d2b8/index.php?id=903507" "Mozilla/5.0 (Windows NT 10.0; Win64; x64) AppleWebKit/537.36 (KHTML, like Gecko) Chrome/58.0.3029.110 Safari/537.3"
62.219.58.137 - - [14/Mar/2026:13:07:48 +0000] "GET /.well-known/acme-challenge/B4AMZMOE8O5J84EBT3FQGPE1DZUE3VGB HTTP/1.1" 404 355 "-" "Cpanel-HTTP-Client/1.0"
62.219.58.137 - - [14/Mar/2026:13:07:53 +0000] "GET /.well-known/acme-challenge/PU0GE5O6II1W4EW278N9500_A46NLTF0 HTTP/1.1" 404 355 "-" "Cpanel-HTTP-Client/1.0"
69.197.149.50 - - [14/Mar/2026:13:08:52 +0000] "GET /wp-includes/pl56d2b8/index.php?id=903507 HTTP/1.1" 200 0 "http://gal-emerald.co.il/wp-includes/pl56d2b8/index.php?id=903507" "Mozilla/5.0 (Windows NT 10.0; Win64; x64) AppleWebKit/537.36 (KHTML, like Gecko) Chrome/58.0.3029.110 Safari/537.3"
69.197.149.50 - - [14/Mar/2026:13:10:24 +0000] "GET /wp-includes/pl56d2b8/index.php?id=903507 HTTP/1.1" 200 0 "http://gal-emerald.co.il/wp-includes/pl56d2b8/index.php?id=903507" "Mozilla/5.0 (Windows NT 10.0; Win64; x64) AppleWebKit/537.36 (KHTML, like Gecko) Chrome/58.0.3029.110 Safari/537.3"
59.125.102.142 - - [14/Mar/2026:13:11:24 +0000] "POST /xmlrpc.php HTTP/1.1" 403 77568 "-" "Mozilla/5.0 (Windows NT 10.0; WOW64; rv:143.0) Gecko/20100101 Firefox/143.0"
69.197.149.50 - - [14/Mar/2026:13:11:58 +0000] "GET /wp-includes/pl56d2b8/index.php?id=903507 HTTP/1.1" 200 0 "http://gal-emerald.co.il/wp-includes/pl56d2b8/index.php?id=903507" "Mozilla/5.0 (Windows NT 10.0; Win64; x64) AppleWebKit/537.36 (KHTML, like Gecko) Chrome/58.0.3029.110 Safari/537.3"
69.197.149.50 - - [14/Mar/2026:13:13:37 +0000] "GET /wp-includes/pl56d2b8/index.php?id=903507 HTTP/1.1" 200 0 "http://gal-emerald.co.il/wp-includes/pl56d2b8/index.php?id=903507" "Mozilla/5.0 (Windows NT 10.0; Win64; x64) AppleWebKit/537.36 (KHTML, like Gecko) Chrome/58.0.3029.110 Safari/537.3"
136.243.228.194 - - [14/Mar/2026:13:14:03 +0000] "GET / HTTP/1.1" 200 77568 "-" "Mozilla/5.0 (compatible; DataForSeoBot/1.0; +https://dataforseo.com/dataforseo-bot)"
69.197.149.50 - - [14/Mar/2026:13:15:10 +0000] "GET /wp-includes/pl56d2b8/index.php?id=903507 HTTP/1.1" 200 0 "http://gal-emerald.co.il/wp-includes/pl56d2b8/index.php?id=903507" "Mozilla/5.0 (Windows NT 10.0; Win64; x64) AppleWebKit/537.36 (KHTML, like Gecko) Chrome/58.0.3029.110 Safari/537.3"
69.197.149.50 - - [14/Mar/2026:13:16:41 +0000] "GET /wp-includes/pl56d2b8/index.php?id=903507 HTTP/1.1" 200 0 "http://gal-emerald.co.il/wp-includes/pl56d2b8/index.php?id=903507" "Mozilla/5.0 (Windows NT 10.0; Win64; x64) AppleWebKit/537.36 (KHTML, like Gecko) Chrome/58.0.3029.110 Safari/537.3"
43.157.170.126 - - [14/Mar/2026:13:17:29 +0000] "GET / HTTP/1.1" 200 77568 "-" "Mozilla/5.0 (iPhone; CPU iPhone OS 13_2_3 like Mac OS X) AppleWebKit/605.1.15 (KHTML, like Gecko) Version/13.0.3 Mobile/15E148 Safari/604.1"
69.197.149.50 - - [14/Mar/2026:13:18:15 +0000] "GET /wp-includes/pl56d2b8/index.php?id=903507 HTTP/1.1" 200 0 "http://gal-emerald.co.il/wp-includes/pl56d2b8/index.php?id=903507" "Mozilla/5.0 (Windows NT 10.0; Win64; x64) AppleWebKit/537.36 (KHTML, like Gecko) Chrome/58.0.3029.110 Safari/537.3"
69.197.149.50 - - [14/Mar/2026:13:19:46 +0000] "GET /wp-includes/pl56d2b8/index.php?id=903507 HTTP/1.1" 200 0 "http://gal-emerald.co.il/wp-includes/pl56d2b8/index.php?id=903507" "Mozilla/5.0 (Windows NT 10.0; Win64; x64) AppleWebKit/537.36 (KHTML, like Gecko) Chrome/58.0.3029.110 Safari/537.3"
207.180.194.94 - - [14/Mar/2026:13:20:08 +0000] "GET /wp-admin/css/ HTTP/1.1" 200 19589 "binance.com" "Mozilla/5.0 (Windows NT 10.0; Win64; x64) AppleWebKit/537.36 (KHTML, like Gecko) Chrome/90.0.4430.85 Safari/537.36"
207.180.194.94 - - [14/Mar/2026:13:20:16 +0000] "GET /wp-content/uploads/2026/03/ HTTP/1.1" 403 77568 "binance.com" "Mozilla/5.0 (Windows NT 10.0; Win64; x64) AppleWebKit/537.36 (KHTML, like Gecko) Chrome/90.0.4430.85 Safari/537.36"
207.180.194.94 - - [14/Mar/2026:13:20:27 +0000] "GET /wp-content/uploads/2026/02/ HTTP/1.1" 403 77568 "binance.com" "Mozilla/5.0 (Windows NT 10.0; Win64; x64) AppleWebKit/537.36 (KHTML, like Gecko) Chrome/90.0.4430.85 Safari/537.36"
207.180.194.94 - - [14/Mar/2026:13:20:36 +0000] "GET /wp-content/uploads/ HTTP/1.1" 200 860 "binance.com" "Mozilla/5.0 (Windows NT 10.0; Win64; x64) AppleWebKit/537.36 (KHTML, like Gecko) Chrome/90.0.4430.85 Safari/537.36"
207.180.194.94 - - [14/Mar/2026:13:20:42 +0000] "GET /wp-content/upgrade/ HTTP/1.1" 200 672 "binance.com" "Mozilla/5.0 (Windows NT 10.0; Win64; x64) AppleWebKit/537.36 (KHTML, like Gecko) Chrome/90.0.4430.85 Safari/537.36"
207.180.194.94 - - [14/Mar/2026:13:20:50 +0000] "GET /wp-content/languages/ HTTP/1.1" 200 14300 "binance.com" "Mozilla/5.0 (Windows NT 10.0; Win64; x64) AppleWebKit/537.36 (KHTML, like Gecko) Chrome/90.0.4430.85 Safari/537.36"
207.180.194.94 - - [14/Mar/2026:13:20:57 +0000] "GET /wp-admin/includes/ HTTP/1.1" 200 1927 "binance.com" "Mozilla/5.0 (Windows NT 10.0; Win64; x64) AppleWebKit/537.36 (KHTML, like Gecko) Chrome/90.0.4430.85 Safari/537.36"
207.180.194.94 - - [14/Mar/2026:13:21:05 +0000] "GET /wp-admin/includes/ HTTP/1.1" 200 1927 "binance.com" "Mozilla/5.0 (Windows NT 10.0; Win64; x64) AppleWebKit/537.36 (KHTML, like Gecko) Chrome/90.0.4430.85 Safari/537.36"
207.180.194.94 - - [14/Mar/2026:13:21:12 +0000] "GET /wp-admin/maint/ HTTP/1.1" 200 662 "binance.com" "Mozilla/5.0 (Windows NT 10.0; Win64; x64) AppleWebKit/537.36 (KHTML, like Gecko) Chrome/90.0.4430.85 Safari/537.36"
69.197.149.50 - - [14/Mar/2026:13:21:18 +0000] "GET /wp-includes/pl56d2b8/index.php?id=903507 HTTP/1.1" 200 0 "http://gal-emerald.co.il/wp-includes/pl56d2b8/index.php?id=903507" "Mozilla/5.0 (Windows NT 10.0; Win64; x64) AppleWebKit/537.36 (KHTML, like Gecko) Chrome/58.0.3029.110 Safari/537.3"
207.180.194.94 - - [14/Mar/2026:13:21:18 +0000] "GET /wp-admin/network/ HTTP/1.1" 200 60180 "binance.com" "Mozilla/5.0 (Windows NT 10.0; Win64; x64) AppleWebKit/537.36 (KHTML, like Gecko) Chrome/90.0.4430.85 Safari/537.36"
207.180.194.94 - - [14/Mar/2026:13:21:28 +0000] "GET /wp-admin/user/ HTTP/1.1" 200 28515 "binance.com" "Mozilla/5.0 (Windows NT 10.0; Win64; x64) AppleWebKit/537.36 (KHTML, like Gecko) Chrome/90.0.4430.85 Safari/537.36"
207.180.194.94 - - [14/Mar/2026:13:21:37 +0000] "GET /wp-admin/css/ HTTP/1.1" 200 19589 "binance.com" "Mozilla/5.0 (Windows NT 10.0; Win64; x64) AppleWebKit/537.36 (KHTML, like Gecko) Chrome/90.0.4430.85 Safari/537.36"
207.180.194.94 - - [14/Mar/2026:13:21:42 +0000] "GET /wp-admin/css/colors/ HTTP/1.1" 200 2620 "binance.com" "Mozilla/5.0 (Windows NT 10.0; Win64; x64) AppleWebKit/537.36 (KHTML, like Gecko) Chrome/90.0.4430.85 Safari/537.36"
207.180.194.94 - - [14/Mar/2026:13:21:49 +0000] "GET /wp-admin/css/colors/blue/ HTTP/1.1" 200 1600 "binance.com" "Mozilla/5.0 (Windows NT 10.0; Win64; x64) AppleWebKit/537.36 (KHTML, like Gecko) Chrome/90.0.4430.85 Safari/537.36"
207.180.194.94 - - [14/Mar/2026:13:21:55 +0000] "GET /wp-admin/css/colors/coffee/ HTTP/1.1" 200 1604 "binance.com" "Mozilla/5.0 (Windows NT 10.0; Win64; x64) AppleWebKit/537.36 (KHTML, like Gecko) Chrome/90.0.4430.85 Safari/537.36"
207.180.194.94 - - [14/Mar/2026:13:22:01 +0000] "GET /wp-admin/css/colors/ectoplasm/ HTTP/1.1" 200 1610 "binance.com" "Mozilla/5.0 (Windows NT 10.0; Win64; x64) AppleWebKit/537.36 (KHTML, like Gecko) Chrome/90.0.4430.85 Safari/537.36"
207.180.194.94 - - [14/Mar/2026:13:22:08 +0000] "GET /wp-admin/css/colors/light/ HTTP/1.1" 200 1602 "binance.com" "Mozilla/5.0 (Windows NT 10.0; Win64; x64) AppleWebKit/537.36 (KHTML, like Gecko) Chrome/90.0.4430.85 Safari/537.36"
207.180.194.94 - - [14/Mar/2026:13:22:15 +0000] "GET /wp-admin/css/colors/midnight/ HTTP/1.1" 200 1785 "binance.com" "Mozilla/5.0 (Windows NT 10.0; Win64; x64) AppleWebKit/537.36 (KHTML, like Gecko) Chrome/90.0.4430.85 Safari/537.36"
207.180.194.94 - - [14/Mar/2026:13:22:22 +0000] "GET /wp-admin/css/colors/modern/ HTTP/1.1" 200 1604 "binance.com" "Mozilla/5.0 (Windows NT 10.0; Win64; x64) AppleWebKit/537.36 (KHTML, like Gecko) Chrome/90.0.4430.85 Safari/537.36"
207.180.194.94 - - [14/Mar/2026:13:22:24 +0000] "GET /wp-admin/css/colors/ocean/ HTTP/1.1" 200 1602 "binance.com" "Mozilla/5.0 (Windows NT 10.0; Win64; x64) AppleWebKit/537.36 (KHTML, like Gecko) Chrome/90.0.4430.85 Safari/537.36"
207.180.194.94 - - [14/Mar/2026:13:22:31 +0000] "GET /wp-admin/css/colors/sunrise/%20 HTTP/1.1" 200 77568 "binance.com" "Mozilla/5.0 (Windows NT 10.0; Win64; x64) AppleWebKit/537.36 (KHTML, like Gecko) Chrome/90.0.4430.85 Safari/537.36"
207.180.194.94 - - [14/Mar/2026:13:22:38 +0000] "GET /wp-admin/images/ HTTP/1.1" 200 15140 "binance.com" "Mozilla/5.0 (Windows NT 10.0; Win64; x64) AppleWebKit/537.36 (KHTML, like Gecko) Chrome/90.0.4430.85 Safari/537.36"
207.180.194.94 - - [14/Mar/2026:13:22:45 +0000] "GET /wp-admin/js/ HTTP/1.1" 200 18731 "binance.com" "Mozilla/5.0 (Windows NT 10.0; Win64; x64) AppleWebKit/537.36 (KHTML, like Gecko) Chrome/90.0.4430.85 Safari/537.36"
207.180.194.94 - - [14/Mar/2026:13:22:52 +0000] "GET /wp-admin/js/widgets/ HTTP/1.1" 200 3348 "binance.com" "Mozilla/5.0 (Windows NT 10.0; Win64; x64) AppleWebKit/537.36 (KHTML, like Gecko) Chrome/90.0.4430.85 Safari/537.36"
207.180.194.94 - - [14/Mar/2026:13:22:59 +0000] "GET /wp-includes/ HTTP/1.1" 200 7044 "binance.com" "Mozilla/5.0 (Windows NT 10.0; Win64; x64) AppleWebKit/537.36 (KHTML, like Gecko) Chrome/90.0.4430.85 Safari/537.36"
207.180.194.94 - - [14/Mar/2026:13:23:05 +0000] "GET /wp-includes/ HTTP/1.1" 200 7044 "binance.com" "Mozilla/5.0 (Windows NT 10.0; Win64; x64) AppleWebKit/537.36 (KHTML, like Gecko) Chrome/90.0.4430.85 Safari/537.36"
69.197.149.50 - - [14/Mar/2026:13:23:10 +0000] "GET /wp-includes/pl56d2b8/index.php?id=903507 HTTP/1.1" 200 0 "http://gal-emerald.co.il/wp-includes/pl56d2b8/index.php?id=903507" "Mozilla/5.0 (Windows NT 10.0; Win64; x64) AppleWebKit/537.36 (KHTML, like Gecko) Chrome/58.0.3029.110 Safari/537.3"
207.180.194.94 - - [14/Mar/2026:13:23:11 +0000] "GET /wp-includes/ID3/ HTTP/1.1" 200 55778 "binance.com" "Mozilla/5.0 (Windows NT 10.0; Win64; x64) AppleWebKit/537.36 (KHTML, like Gecko) Chrome/90.0.4430.85 Safari/537.36"
207.180.194.94 - - [14/Mar/2026:13:23:21 +0000] "GET /wp-includes/IXR/ HTTP/1.1" 200 35904 "binance.com" "Mozilla/5.0 (Windows NT 10.0; Win64; x64) AppleWebKit/537.36 (KHTML, like Gecko) Chrome/90.0.4430.85 Safari/537.36"
207.180.194.94 - - [14/Mar/2026:13:23:28 +0000] "GET /wp-includes/PHPMailer/ HTTP/1.1" 200 679 "binance.com" "Mozilla/5.0 (Windows NT 10.0; Win64; x64) AppleWebKit/537.36 (KHTML, like Gecko) Chrome/90.0.4430.85 Safari/537.36"
207.180.194.94 - - [14/Mar/2026:13:23:34 +0000] "GET /wp-includes/Text/ HTTP/1.1" 200 842 "binance.com" "Mozilla/5.0 (Windows NT 10.0; Win64; x64) AppleWebKit/537.36 (KHTML, like Gecko) Chrome/90.0.4430.85 Safari/537.36"
207.180.194.94 - - [14/Mar/2026:13:23:42 +0000] "GET /wp-includes/Text/Diff/ HTTP/1.1" 200 1036 "binance.com" "Mozilla/5.0 (Windows NT 10.0; Win64; x64) AppleWebKit/537.36 (KHTML, like Gecko) Chrome/90.0.4430.85 Safari/537.36"
207.180.194.94 - - [14/Mar/2026:13:23:49 +0000] "GET /wp-includes/Text/Diff/Engine/ HTTP/1.1" 200 884 "binance.com" "Mozilla/5.0 (Windows NT 10.0; Win64; x64) AppleWebKit/537.36 (KHTML, like Gecko) Chrome/90.0.4430.85 Safari/537.36"
207.180.194.94 - - [14/Mar/2026:13:23:55 +0000] "GET /wp-includes/Text/Diff/Renderer/ HTTP/1.1" 200 707 "binance.com" "Mozilla/5.0 (Windows NT 10.0; Win64; x64) AppleWebKit/537.36 (KHTML, like Gecko) Chrome/90.0.4430.85 Safari/537.36"
207.180.194.94 - - [14/Mar/2026:13:24:03 +0000] "GET /wp-includes/blocks/ HTTP/1.1" 200 12 "binance.com" "Mozilla/5.0 (Windows NT 10.0; Win64; x64) AppleWebKit/537.36 (KHTML, like Gecko) Chrome/90.0.4430.85 Safari/537.36"
207.180.194.94 - - [14/Mar/2026:13:24:11 +0000] "GET /wp-includes/pomo/ HTTP/1.1" 200 669 "binance.com" "Mozilla/5.0 (Windows NT 10.0; Win64; x64) AppleWebKit/537.36 (KHTML, like Gecko) Chrome/90.0.4430.85 Safari/537.36"
207.180.194.94 - - [14/Mar/2026:13:24:16 +0000] "GET /wp-includes/sitemaps/ HTTP/1.1" 200 855 "binance.com" "Mozilla/5.0 (Windows NT 10.0; Win64; x64) AppleWebKit/537.36 (KHTML, like Gecko) Chrome/90.0.4430.85 Safari/537.36"
207.180.194.94 - - [14/Mar/2026:13:24:23 +0000] "GET /wp-includes/sitemaps/providers/ HTTP/1.1" 200 706 "binance.com" "Mozilla/5.0 (Windows NT 10.0; Win64; x64) AppleWebKit/537.36 (KHTML, like Gecko) Chrome/90.0.4430.85 Safari/537.36"
207.180.194.94 - - [14/Mar/2026:13:24:29 +0000] "GET /wp-includes/widgets/ HTTP/1.1" 200 675 "binance.com" "Mozilla/5.0 (Windows NT 10.0; Win64; x64) AppleWebKit/537.36 (KHTML, like Gecko) Chrome/90.0.4430.85 Safari/537.36"
207.180.194.94 - - [14/Mar/2026:13:24:36 +0000] "GET /wp-includes/css/ HTTP/1.1" 200 8783 "binance.com" "Mozilla/5.0 (Windows NT 10.0; Win64; x64) AppleWebKit/537.36 (KHTML, like Gecko) Chrome/90.0.4430.85 Safari/537.36"
69.197.149.50 - - [14/Mar/2026:13:24:43 +0000] "GET /wp-includes/pl56d2b8/index.php?id=903507 HTTP/1.1" 200 0 "http://gal-emerald.co.il/wp-includes/pl56d2b8/index.php?id=903507" "Mozilla/5.0 (Windows NT 10.0; Win64; x64) AppleWebKit/537.36 (KHTML, like Gecko) Chrome/58.0.3029.110 Safari/537.3"
207.180.194.94 - - [14/Mar/2026:13:24:43 +0000] "GET /wp-includes/css/dist/ HTTP/1.1" 200 4100 "binance.com" "Mozilla/5.0 (Windows NT 10.0; Win64; x64) AppleWebKit/537.36 (KHTML, like Gecko) Chrome/90.0.4430.85 Safari/537.36"
207.180.194.94 - - [14/Mar/2026:13:24:49 +0000] "GET /wp-includes/fonts/ HTTP/1.1" 200 1579 "binance.com" "Mozilla/5.0 (Windows NT 10.0; Win64; x64) AppleWebKit/537.36 (KHTML, like Gecko) Chrome/90.0.4430.85 Safari/537.36"
207.180.194.94 - - [14/Mar/2026:13:24:56 +0000] "GET /wp-includes/images/ HTTP/1.1" 200 6345 "binance.com" "Mozilla/5.0 (Windows NT 10.0; Win64; x64) AppleWebKit/537.36 (KHTML, like Gecko) Chrome/90.0.4430.85 Safari/537.36"
207.180.194.94 - - [14/Mar/2026:13:25:04 +0000] "GET /wp-includes/images/crystal/ HTTP/1.1" 200 2485 "binance.com" "Mozilla/5.0 (Windows NT 10.0; Win64; x64) AppleWebKit/537.36 (KHTML, like Gecko) Chrome/90.0.4430.85 Safari/537.36"
207.180.194.94 - - [14/Mar/2026:13:25:11 +0000] "GET /wp-includes/images/media/ HTTP/1.1" 200 4093 "binance.com" "Mozilla/5.0 (Windows NT 10.0; Win64; x64) AppleWebKit/537.36 (KHTML, like Gecko) Chrome/90.0.4430.85 Safari/537.36"
207.180.194.94 - - [14/Mar/2026:13:25:17 +0000] "GET /wp-includes/images/smilies/ HTTP/1.1" 200 5432 "binance.com" "Mozilla/5.0 (Windows NT 10.0; Win64; x64) AppleWebKit/537.36 (KHTML, like Gecko) Chrome/90.0.4430.85 Safari/537.36"
207.180.194.94 - - [14/Mar/2026:13:25:25 +0000] "GET /wp-includes/images/wlw/ HTTP/1.1" 200 77568 "binance.com" "Mozilla/5.0 (Windows NT 10.0; Win64; x64) AppleWebKit/537.36 (KHTML, like Gecko) Chrome/90.0.4430.85 Safari/537.36"
207.180.194.94 - - [14/Mar/2026:13:25:32 +0000] "GET /wp-includes/js/%20 HTTP/1.1" 200 77568 "binance.com" "Mozilla/5.0 (Windows NT 10.0; Win64; x64) AppleWebKit/537.36 (KHTML, like Gecko) Chrome/90.0.4430.85 Safari/537.36"
207.180.194.94 - - [14/Mar/2026:13:25:41 +0000] "GET /wp-includes/js/codemirror/ HTTP/1.1" 200 2140 "binance.com" "Mozilla/5.0 (Windows NT 10.0; Win64; x64) AppleWebKit/537.36 (KHTML, like Gecko) Chrome/90.0.4430.85 Safari/537.36"
207.180.194.94 - - [14/Mar/2026:13:25:48 +0000] "GET /wp-includes/js/plupload/ HTTP/1.1" 200 2313 "binance.com" "Mozilla/5.0 (Windows NT 10.0; Win64; x64) AppleWebKit/537.36 (KHTML, like Gecko) Chrome/90.0.4430.85 Safari/537.36"
207.180.194.94 - - [14/Mar/2026:13:25:55 +0000] "GET /.well-known/ HTTP/1.1" 403 77568 "binance.com" "Mozilla/5.0 (Windows NT 10.0; Win64; x64) AppleWebKit/537.36 (KHTML, like Gecko) Chrome/90.0.4430.85 Safari/537.36"
69.197.149.50 - - [14/Mar/2026:13:26:16 +0000] "GET /wp-includes/pl56d2b8/index.php?id=903507 HTTP/1.1" 200 0 "http://gal-emerald.co.il/wp-includes/pl56d2b8/index.php?id=903507" "Mozilla/5.0 (Windows NT 10.0; Win64; x64) AppleWebKit/537.36 (KHTML, like Gecko) Chrome/58.0.3029.110 Safari/537.3"
69.197.149.50 - - [14/Mar/2026:13:27:47 +0000] "GET /wp-includes/pl56d2b8/index.php?id=903507 HTTP/1.1" 200 0 "http://gal-emerald.co.il/wp-includes/pl56d2b8/index.php?id=903507" "Mozilla/5.0 (Windows NT 10.0; Win64; x64) AppleWebKit/537.36 (KHTML, like Gecko) Chrome/58.0.3029.110 Safari/537.3"
69.197.149.50 - - [14/Mar/2026:13:29:20 +0000] "GET /wp-includes/pl56d2b8/index.php?id=903507 HTTP/1.1" 200 0 "http://gal-emerald.co.il/wp-includes/pl56d2b8/index.php?id=903507" "Mozilla/5.0 (Windows NT 10.0; Win64; x64) AppleWebKit/537.36 (KHTML, like Gecko) Chrome/58.0.3029.110 Safari/537.3"
69.197.149.50 - - [14/Mar/2026:13:31:06 +0000] "GET /wp-includes/pl56d2b8/index.php?id=903507 HTTP/1.1" 200 0 "http://gal-emerald.co.il/wp-includes/pl56d2b8/index.php?id=903507" "Mozilla/5.0 (Windows NT 10.0; Win64; x64) AppleWebKit/537.36 (KHTML, like Gecko) Chrome/58.0.3029.110 Safari/537.3"
43.173.1.69 - - [14/Mar/2026:13:31:34 +0000] "GET /?path=/home/galemeraldco/public_html/38ac5 HTTP/1.1" 200 14381 "-" "Mozilla/5.0 (iPhone; CPU iPhone OS 13_2_3 like Mac OS X) AppleWebKit/605.1.15 (KHTML, like Gecko) Version/13.0.3 Mobile/15E148 Safari/604.1"
69.197.149.50 - - [14/Mar/2026:13:32:39 +0000] "GET /wp-includes/pl56d2b8/index.php?id=903507 HTTP/1.1" 200 0 "http://gal-emerald.co.il/wp-includes/pl56d2b8/index.php?id=903507" "Mozilla/5.0 (Windows NT 10.0; Win64; x64) AppleWebKit/537.36 (KHTML, like Gecko) Chrome/58.0.3029.110 Safari/537.3"
49.13.55.169 - - [14/Mar/2026:13:33:05 +0000] "GET /.well-known/acme-challenge/LJVEPD9SPM3OTKTDUTSSDPSQUWAMHNVT HTTP/1.1" 200 64 "-" "Cpanel-HTTP-Client/1.0"
49.13.55.169 - - [14/Mar/2026:13:33:05 +0000] "GET /.well-known/acme-challenge/X0169KTJPF1FGPGYS51EES1YF083LWH3 HTTP/1.1" 200 64 "-" "Cpanel-HTTP-Client/1.0"
69.197.149.50 - - [14/Mar/2026:13:34:15 +0000] "GET /wp-includes/pl56d2b8/index.php?id=903507 HTTP/1.1" 200 0 "http://gal-emerald.co.il/wp-includes/pl56d2b8/index.php?id=903507" "Mozilla/5.0 (Windows NT 10.0; Win64; x64) AppleWebKit/537.36 (KHTML, like Gecko) Chrome/58.0.3029.110 Safari/537.3"
45.154.98.71 - - [14/Mar/2026:13:34:22 +0000] "GET / HTTP/1.1" 200 77568 "-" "Mozlila/5.0 (Linux; Android 7.0; SM-G892A Bulid/NRD90M; wv) AppleWebKit/537.36 (KHTML, like Gecko) Version/4.0 Chrome/60.0.3112.107 Moblie Safari/537.36"
45.154.98.71 - - [14/Mar/2026:13:34:23 +0000] "POST /ALFA_DATA/alfacgiapi/perl.alfa HTTP/1.1" 200 313 "www.google.com" "Mozlila/5.0 (Linux; Android 7.0; SM-G892A Bulid/NRD90M; wv) AppleWebKit/537.36 (KHTML, like Gecko) Version/4.0 Chrome/60.0.3112.107 Moblie Safari/537.36"
45.154.98.71 - - [14/Mar/2026:13:34:23 +0000] "POST /wp-plain.php HTTP/1.1" 403 77568 "www.google.com" "Mozilla/5.0 (Linux; Android 7.0; SM-G892A Bulid/NRD90M; wv) AppleWebKit/537.36 (KHTML, like Gecko) Version/4.0 Chrome/60.0.3112.107 Moblie Safari/537.36"
45.154.98.71 - - [14/Mar/2026:13:34:23 +0000] "GET /wp-content/themes/seotheme/db.php?u HTTP/1.1" 200 311 "www.google.com" "Mozlila/5.0 (Linux; Android 7.0; SM-G892A Bulid/NRD90M; wv) AppleWebKit/537.36 (KHTML, like Gecko) Version/4.0 Chrome/60.0.3112.107 Moblie Safari/537.36"
45.154.98.71 - - [14/Mar/2026:13:34:23 +0000] "POST /alfacgiapi/perl.alfa HTTP/1.1" 200 309 "www.google.com" "Mozlila/5.0 (Linux; Android 7.0; SM-G892A Bulid/NRD90M; wv) AppleWebKit/537.36 (KHTML, like Gecko) Version/4.0 Chrome/60.0.3112.107 Moblie Safari/537.36"
45.154.98.71 - - [14/Mar/2026:13:34:24 +0000] "GET /khtvinpn.php?Fox=d3wL7 HTTP/1.1" 403 313 "www.google.com" "Mozilla/5.0 (Linux; Android 7.0; SM-G892A Bulid/NRD90M; wv) AppleWebKit/537.36 (KHTML, like Gecko) Version/4.0 Chrome/60.0.3112.107 Moblie Safari/537.36"
45.154.98.71 - - [14/Mar/2026:13:34:25 +0000] "GET /wp-content/plugins/fix/up.php HTTP/1.1" 200 77568 "-" "Mozilla/5.0 (Windows NT 10.0; Win64; x64) AppleWebKit/537.36 (KHTML, like Gecko) Chrome/85.0.4183.102 Safari/537.36"
69.197.149.50 - - [14/Mar/2026:13:35:54 +0000] "GET /wp-includes/pl56d2b8/index.php?id=903507 HTTP/1.1" 200 0 "http://gal-emerald.co.il/wp-includes/pl56d2b8/index.php?id=903507" "Mozilla/5.0 (Windows NT 10.0; Win64; x64) AppleWebKit/537.36 (KHTML, like Gecko) Chrome/58.0.3029.110 Safari/537.3"
66.249.75.75 - - [14/Mar/2026:13:37:08 +0000] "GET /robots.txt HTTP/1.1" 304 0 "-" "Mozilla/5.0 (compatible; Googlebot/2.1; +http://www.google.com/bot.html)"
66.249.75.74 - - [14/Mar/2026:13:37:10 +0000] "GET /category/1005 HTTP/1.1" 200 160606 "-" "Mozilla/5.0 (Linux; Android 6.0.1; Nexus 5X Build/MMB29P) AppleWebKit/537.36 (KHTML, like Gecko) Chrome/145.0.7632.116 Mobile Safari/537.36 (compatible; Googlebot/2.1; +http://www.google.com/bot.html)"
66.249.75.75 - - [14/Mar/2026:13:37:22 +0000] "GET /odr/order/apiGetCartItems/ HTTP/1.1" 200 80025 "http://www.gal-emerald.co.il/category/1005" "Mozilla/5.0 (Linux; Android 6.0.1; Nexus 5X Build/MMB29P) AppleWebKit/537.36 (KHTML, like Gecko) Chrome/145.0.7632.116 Mobile Safari/537.36 (compatible; Googlebot/2.1; +http://www.google.com/bot.html)"
69.197.149.50 - - [14/Mar/2026:13:37:27 +0000] "GET /wp-includes/pl56d2b8/index.php?id=903507 HTTP/1.1" 200 0 "http://gal-emerald.co.il/wp-includes/pl56d2b8/index.php?id=903507" "Mozilla/5.0 (Windows NT 10.0; Win64; x64) AppleWebKit/537.36 (KHTML, like Gecko) Chrome/58.0.3029.110 Safari/537.3"
66.249.75.74 - - [14/Mar/2026:13:37:28 +0000] "GET /ctg/apiAllLCate/ HTTP/1.1" 200 43815 "http://www.gal-emerald.co.il/category/1005" "Mozilla/5.0 (Linux; Android 6.0.1; Nexus 5X Build/MMB29P) AppleWebKit/537.36 (KHTML, like Gecko) Chrome/145.0.7632.116 Mobile Safari/537.36 (compatible; Googlebot/2.1; +http://www.google.com/bot.html)"
66.249.75.74 - - [14/Mar/2026:13:37:30 +0000] "GET /resource/js/json/megadrop_2015new.json HTTP/1.1" 200 174565 "http://www.gal-emerald.co.il/category/1005" "Mozilla/5.0 (Linux; Android 6.0.1; Nexus 5X Build/MMB29P) AppleWebKit/537.36 (KHTML, like Gecko) Chrome/145.0.7632.116 Mobile Safari/537.36 (compatible; Googlebot/2.1; +http://www.google.com/bot.html)"
69.197.149.50 - - [14/Mar/2026:13:39:01 +0000] "GET /wp-includes/pl56d2b8/index.php?id=903507 HTTP/1.1" 200 0 "http://gal-emerald.co.il/wp-includes/pl56d2b8/index.php?id=903507" "Mozilla/5.0 (Windows NT 10.0; Win64; x64) AppleWebKit/537.36 (KHTML, like Gecko) Chrome/58.0.3029.110 Safari/537.3"
69.197.149.50 - - [14/Mar/2026:13:40:37 +0000] "GET /wp-includes/pl56d2b8/index.php?id=903507 HTTP/1.1" 200 0 "http://gal-emerald.co.il/wp-includes/pl56d2b8/index.php?id=903507" "Mozilla/5.0 (Windows NT 10.0; Win64; x64) AppleWebKit/537.36 (KHTML, like Gecko) Chrome/58.0.3029.110 Safari/537.3"
43.154.140.188 - - [14/Mar/2026:13:41:10 +0000] "GET /?fileloc=/home/galemeraldco/public_html/networks.php&path=/home/galemeraldco/public_html HTTP/1.1" 200 14817 "-" "Mozilla/5.0 (iPhone; CPU iPhone OS 13_2_3 like Mac OS X) AppleWebKit/605.1.15 (KHTML, like Gecko) Version/13.0.3 Mobile/15E148 Safari/604.1"
69.197.149.50 - - [14/Mar/2026:13:42:09 +0000] "GET /wp-includes/pl56d2b8/index.php?id=903507 HTTP/1.1" 200 0 "http://gal-emerald.co.il/wp-includes/pl56d2b8/index.php?id=903507" "Mozilla/5.0 (Windows NT 10.0; Win64; x64) AppleWebKit/537.36 (KHTML, like Gecko) Chrome/58.0.3029.110 Safari/537.3"
69.197.149.50 - - [14/Mar/2026:13:43:41 +0000] "GET /wp-includes/pl56d2b8/index.php?id=903507 HTTP/1.1" 200 0 "http://gal-emerald.co.il/wp-includes/pl56d2b8/index.php?id=903507" "Mozilla/5.0 (Windows NT 10.0; Win64; x64) AppleWebKit/537.36 (KHTML, like Gecko) Chrome/58.0.3029.110 Safari/537.3"
69.197.149.50 - - [14/Mar/2026:13:45:12 +0000] "GET /wp-includes/pl56d2b8/index.php?id=903507 HTTP/1.1" 200 0 "http://gal-emerald.co.il/wp-includes/pl56d2b8/index.php?id=903507" "Mozilla/5.0 (Windows NT 10.0; Win64; x64) AppleWebKit/537.36 (KHTML, like Gecko) Chrome/58.0.3029.110 Safari/537.3"
185.56.75.150 - - [14/Mar/2026:13:45:23 +0000] "GET /.well-known/acme-challenge/HAJJLUGX2F9BGMQTKIIS-CFG-QT81VPV HTTP/1.1" 404 355 "-" "Cpanel-HTTP-Client/1.0"
185.56.75.150 - - [14/Mar/2026:13:45:23 +0000] "GET /.well-known/acme-challenge/_2-MQ8C49JITN_D7K7U7_FGY0C7JDY0O HTTP/1.1" 404 355 "-" "Cpanel-HTTP-Client/1.0"
69.197.149.50 - - [14/Mar/2026:13:46:43 +0000] "GET /wp-includes/pl56d2b8/index.php?id=903507 HTTP/1.1" 200 0 "http://gal-emerald.co.il/wp-includes/pl56d2b8/index.php?id=903507" "Mozilla/5.0 (Windows NT 10.0; Win64; x64) AppleWebKit/537.36 (KHTML, like Gecko) Chrome/58.0.3029.110 Safari/537.3"
69.197.149.50 - - [14/Mar/2026:13:48:14 +0000] "GET /wp-includes/pl56d2b8/index.php?id=903507 HTTP/1.1" 200 0 "http://gal-emerald.co.il/wp-includes/pl56d2b8/index.php?id=903507" "Mozilla/5.0 (Windows NT 10.0; Win64; x64) AppleWebKit/537.36 (KHTML, like Gecko) Chrome/58.0.3029.110 Safari/537.3"
69.197.149.50 - - [14/Mar/2026:13:49:47 +0000] "GET /wp-includes/pl56d2b8/index.php?id=903507 HTTP/1.1" 200 0 "http://gal-emerald.co.il/wp-includes/pl56d2b8/index.php?id=903507" "Mozilla/5.0 (Windows NT 10.0; Win64; x64) AppleWebKit/537.36 (KHTML, like Gecko) Chrome/58.0.3029.110 Safari/537.3"
