45.55.74.53 - - [14/Mar/2026:04:29:34 +0000] "GET /wp-admin/user/ HTTP/1.1" 200 28515 "binance.com" "Mozilla/5.0 (Windows NT 10.0; Win64; x64) AppleWebKit/537.36 (KHTML, like Gecko) Chrome/90.0.4430.85 Safari/537.36"
45.55.74.53 - - [14/Mar/2026:04:29:35 +0000] "GET /wp-admin/css/ HTTP/1.1" 200 19589 "binance.com" "Mozilla/5.0 (Windows NT 10.0; Win64; x64) AppleWebKit/537.36 (KHTML, like Gecko) Chrome/90.0.4430.85 Safari/537.36"
45.55.74.53 - - [14/Mar/2026:04:29:36 +0000] "GET /wp-admin/css/colors/ HTTP/1.1" 200 2620 "binance.com" "Mozilla/5.0 (Windows NT 10.0; Win64; x64) AppleWebKit/537.36 (KHTML, like Gecko) Chrome/90.0.4430.85 Safari/537.36"
45.55.74.53 - - [14/Mar/2026:04:29:37 +0000] "GET /wp-admin/css/colors/blue/ HTTP/1.1" 200 1600 "binance.com" "Mozilla/5.0 (Windows NT 10.0; Win64; x64) AppleWebKit/537.36 (KHTML, like Gecko) Chrome/90.0.4430.85 Safari/537.36"
45.55.74.53 - - [14/Mar/2026:04:29:38 +0000] "GET /wp-admin/css/colors/coffee/ HTTP/1.1" 200 1604 "binance.com" "Mozilla/5.0 (Windows NT 10.0; Win64; x64) AppleWebKit/537.36 (KHTML, like Gecko) Chrome/90.0.4430.85 Safari/537.36"
45.55.74.53 - - [14/Mar/2026:04:29:39 +0000] "GET /wp-admin/css/colors/ectoplasm/ HTTP/1.1" 200 1610 "binance.com" "Mozilla/5.0 (Windows NT 10.0; Win64; x64) AppleWebKit/537.36 (KHTML, like Gecko) Chrome/90.0.4430.85 Safari/537.36"
45.55.74.53 - - [14/Mar/2026:04:29:40 +0000] "GET /wp-admin/css/colors/light/ HTTP/1.1" 200 1602 "binance.com" "Mozilla/5.0 (Windows NT 10.0; Win64; x64) AppleWebKit/537.36 (KHTML, like Gecko) Chrome/90.0.4430.85 Safari/537.36"
45.55.74.53 - - [14/Mar/2026:04:29:41 +0000] "GET /wp-admin/css/colors/midnight/ HTTP/1.1" 200 1785 "binance.com" "Mozilla/5.0 (Windows NT 10.0; Win64; x64) AppleWebKit/537.36 (KHTML, like Gecko) Chrome/90.0.4430.85 Safari/537.36"
45.55.74.53 - - [14/Mar/2026:04:29:44 +0000] "GET /wp-admin/css/colors/modern/ HTTP/1.1" 200 1604 "binance.com" "Mozilla/5.0 (Windows NT 10.0; Win64; x64) AppleWebKit/537.36 (KHTML, like Gecko) Chrome/90.0.4430.85 Safari/537.36"
45.55.74.53 - - [14/Mar/2026:04:29:45 +0000] "GET /wp-admin/css/colors/ocean/ HTTP/1.1" 200 1602 "binance.com" "Mozilla/5.0 (Windows NT 10.0; Win64; x64) AppleWebKit/537.36 (KHTML, like Gecko) Chrome/90.0.4430.85 Safari/537.36"
45.55.74.53 - - [14/Mar/2026:04:29:47 +0000] "GET /wp-admin/css/colors/sunrise/%20 HTTP/1.1" 200 68782 "binance.com" "Mozilla/5.0 (Windows NT 10.0; Win64; x64) AppleWebKit/537.36 (KHTML, like Gecko) Chrome/90.0.4430.85 Safari/537.36"
45.55.74.53 - - [14/Mar/2026:04:29:52 +0000] "GET /wp-admin/images/ HTTP/1.1" 200 15140 "binance.com" "Mozilla/5.0 (Windows NT 10.0; Win64; x64) AppleWebKit/537.36 (KHTML, like Gecko) Chrome/90.0.4430.85 Safari/537.36"
45.55.74.53 - - [14/Mar/2026:04:29:54 +0000] "GET /wp-admin/js/ HTTP/1.1" 200 18731 "binance.com" "Mozilla/5.0 (Windows NT 10.0; Win64; x64) AppleWebKit/537.36 (KHTML, like Gecko) Chrome/90.0.4430.85 Safari/537.36"
45.55.74.53 - - [14/Mar/2026:04:29:56 +0000] "GET /wp-admin/js/widgets/ HTTP/1.1" 200 3348 "binance.com" "Mozilla/5.0 (Windows NT 10.0; Win64; x64) AppleWebKit/537.36 (KHTML, like Gecko) Chrome/90.0.4430.85 Safari/537.36"
45.55.74.53 - - [14/Mar/2026:04:29:58 +0000] "GET /wp-includes/ HTTP/1.1" 200 6513 "binance.com" "Mozilla/5.0 (Windows NT 10.0; Win64; x64) AppleWebKit/537.36 (KHTML, like Gecko) Chrome/90.0.4430.85 Safari/537.36"
45.55.74.53 - - [14/Mar/2026:04:29:59 +0000] "GET /wp-includes/ HTTP/1.1" 200 6513 "binance.com" "Mozilla/5.0 (Windows NT 10.0; Win64; x64) AppleWebKit/537.36 (KHTML, like Gecko) Chrome/90.0.4430.85 Safari/537.36"
45.55.74.53 - - [14/Mar/2026:04:30:00 +0000] "GET /wp-includes/ID3/ HTTP/1.1" 200 55778 "binance.com" "Mozilla/5.0 (Windows NT 10.0; Win64; x64) AppleWebKit/537.36 (KHTML, like Gecko) Chrome/90.0.4430.85 Safari/537.36"
45.55.74.53 - - [14/Mar/2026:04:30:04 +0000] "GET /wp-includes/IXR/ HTTP/1.1" 200 35904 "binance.com" "Mozilla/5.0 (Windows NT 10.0; Win64; x64) AppleWebKit/537.36 (KHTML, like Gecko) Chrome/90.0.4430.85 Safari/537.36"
45.55.74.53 - - [14/Mar/2026:04:30:06 +0000] "GET /wp-includes/PHPMailer/ HTTP/1.1" 200 679 "binance.com" "Mozilla/5.0 (Windows NT 10.0; Win64; x64) AppleWebKit/537.36 (KHTML, like Gecko) Chrome/90.0.4430.85 Safari/537.36"
45.55.74.53 - - [14/Mar/2026:04:30:08 +0000] "GET /wp-includes/Text/ HTTP/1.1" 200 842 "binance.com" "Mozilla/5.0 (Windows NT 10.0; Win64; x64) AppleWebKit/537.36 (KHTML, like Gecko) Chrome/90.0.4430.85 Safari/537.36"
45.55.74.53 - - [14/Mar/2026:04:30:09 +0000] "GET /wp-includes/Text/Diff/ HTTP/1.1" 200 1036 "binance.com" "Mozilla/5.0 (Windows NT 10.0; Win64; x64) AppleWebKit/537.36 (KHTML, like Gecko) Chrome/90.0.4430.85 Safari/537.36"
45.55.74.53 - - [14/Mar/2026:04:30:11 +0000] "GET /wp-includes/Text/Diff/Engine/ HTTP/1.1" 200 884 "binance.com" "Mozilla/5.0 (Windows NT 10.0; Win64; x64) AppleWebKit/537.36 (KHTML, like Gecko) Chrome/90.0.4430.85 Safari/537.36"
45.55.74.53 - - [14/Mar/2026:04:30:12 +0000] "GET /wp-includes/Text/Diff/Renderer/ HTTP/1.1" 200 707 "binance.com" "Mozilla/5.0 (Windows NT 10.0; Win64; x64) AppleWebKit/537.36 (KHTML, like Gecko) Chrome/90.0.4430.85 Safari/537.36"
45.55.74.53 - - [14/Mar/2026:04:30:14 +0000] "GET /wp-includes/blocks/ HTTP/1.1" 200 12 "binance.com" "Mozilla/5.0 (Windows NT 10.0; Win64; x64) AppleWebKit/537.36 (KHTML, like Gecko) Chrome/90.0.4430.85 Safari/537.36"
45.55.74.53 - - [14/Mar/2026:04:30:15 +0000] "GET /wp-includes/pomo/ HTTP/1.1" 200 669 "binance.com" "Mozilla/5.0 (Windows NT 10.0; Win64; x64) AppleWebKit/537.36 (KHTML, like Gecko) Chrome/90.0.4430.85 Safari/537.36"
45.55.74.53 - - [14/Mar/2026:04:30:17 +0000] "GET /wp-includes/sitemaps/ HTTP/1.1" 200 855 "binance.com" "Mozilla/5.0 (Windows NT 10.0; Win64; x64) AppleWebKit/537.36 (KHTML, like Gecko) Chrome/90.0.4430.85 Safari/537.36"
45.55.74.53 - - [14/Mar/2026:04:30:18 +0000] "GET /wp-includes/sitemaps/providers/ HTTP/1.1" 200 706 "binance.com" "Mozilla/5.0 (Windows NT 10.0; Win64; x64) AppleWebKit/537.36 (KHTML, like Gecko) Chrome/90.0.4430.85 Safari/537.36"
45.55.74.53 - - [14/Mar/2026:04:30:20 +0000] "GET /wp-includes/widgets/ HTTP/1.1" 200 675 "binance.com" "Mozilla/5.0 (Windows NT 10.0; Win64; x64) AppleWebKit/537.36 (KHTML, like Gecko) Chrome/90.0.4430.85 Safari/537.36"
45.55.74.53 - - [14/Mar/2026:04:30:24 +0000] "GET /wp-includes/css/ HTTP/1.1" 200 8783 "binance.com" "Mozilla/5.0 (Windows NT 10.0; Win64; x64) AppleWebKit/537.36 (KHTML, like Gecko) Chrome/90.0.4430.85 Safari/537.36"
45.55.74.53 - - [14/Mar/2026:04:30:27 +0000] "GET /wp-includes/css/dist/ HTTP/1.1" 200 4100 "binance.com" "Mozilla/5.0 (Windows NT 10.0; Win64; x64) AppleWebKit/537.36 (KHTML, like Gecko) Chrome/90.0.4430.85 Safari/537.36"
45.55.74.53 - - [14/Mar/2026:04:30:31 +0000] "GET /wp-includes/fonts/ HTTP/1.1" 200 1579 "binance.com" "Mozilla/5.0 (Windows NT 10.0; Win64; x64) AppleWebKit/537.36 (KHTML, like Gecko) Chrome/90.0.4430.85 Safari/537.36"
45.55.74.53 - - [14/Mar/2026:04:30:32 +0000] "GET /wp-includes/images/ HTTP/1.1" 200 6345 "binance.com" "Mozilla/5.0 (Windows NT 10.0; Win64; x64) AppleWebKit/537.36 (KHTML, like Gecko) Chrome/90.0.4430.85 Safari/537.36"
45.55.74.53 - - [14/Mar/2026:04:30:34 +0000] "GET /wp-includes/images/crystal/ HTTP/1.1" 200 2485 "binance.com" "Mozilla/5.0 (Windows NT 10.0; Win64; x64) AppleWebKit/537.36 (KHTML, like Gecko) Chrome/90.0.4430.85 Safari/537.36"
45.55.74.53 - - [14/Mar/2026:04:30:36 +0000] "GET /wp-includes/images/media/ HTTP/1.1" 200 4093 "binance.com" "Mozilla/5.0 (Windows NT 10.0; Win64; x64) AppleWebKit/537.36 (KHTML, like Gecko) Chrome/90.0.4430.85 Safari/537.36"
45.55.74.53 - - [14/Mar/2026:04:30:37 +0000] "GET /wp-includes/images/smilies/ HTTP/1.1" 200 5432 "binance.com" "Mozilla/5.0 (Windows NT 10.0; Win64; x64) AppleWebKit/537.36 (KHTML, like Gecko) Chrome/90.0.4430.85 Safari/537.36"
45.55.74.53 - - [14/Mar/2026:04:30:39 +0000] "GET /wp-includes/images/wlw/ HTTP/1.1" 200 68782 "binance.com" "Mozilla/5.0 (Windows NT 10.0; Win64; x64) AppleWebKit/537.36 (KHTML, like Gecko) Chrome/90.0.4430.85 Safari/537.36"
45.55.74.53 - - [14/Mar/2026:04:30:43 +0000] "GET /wp-includes/js/%20 HTTP/1.1" 200 68782 "binance.com" "Mozilla/5.0 (Windows NT 10.0; Win64; x64) AppleWebKit/537.36 (KHTML, like Gecko) Chrome/90.0.4430.85 Safari/537.36"
45.55.74.53 - - [14/Mar/2026:04:30:45 +0000] "GET /wp-includes/js/codemirror/ HTTP/1.1" 200 2140 "binance.com" "Mozilla/5.0 (Windows NT 10.0; Win64; x64) AppleWebKit/537.36 (KHTML, like Gecko) Chrome/90.0.4430.85 Safari/537.36"
45.55.74.53 - - [14/Mar/2026:04:30:46 +0000] "GET /wp-includes/js/plupload/ HTTP/1.1" 200 2313 "binance.com" "Mozilla/5.0 (Windows NT 10.0; Win64; x64) AppleWebKit/537.36 (KHTML, like Gecko) Chrome/90.0.4430.85 Safari/537.36"
45.55.74.53 - - [14/Mar/2026:04:30:48 +0000] "GET /.well-known/ HTTP/1.1" 403 68782 "binance.com" "Mozilla/5.0 (Windows NT 10.0; Win64; x64) AppleWebKit/537.36 (KHTML, like Gecko) Chrome/90.0.4430.85 Safari/537.36"
49.13.55.169 - - [14/Mar/2026:04:33:05 +0000] "GET /.well-known/acme-challenge/FCP5KA75BALQ232X9IA6-TIY7944UI7G HTTP/1.1" 200 64 "-" "Cpanel-HTTP-Client/1.0"
49.13.55.169 - - [14/Mar/2026:04:33:05 +0000] "GET /.well-known/acme-challenge/2G4E79S5-ET_WF98W41HKSQOKMXGUAJX HTTP/1.1" 200 64 "-" "Cpanel-HTTP-Client/1.0"
170.106.35.137 - - [14/Mar/2026:04:41:17 +0000] "GET /?fileloc=/home/galemeraldco/public_html/wp-includes/ID3/about.php&path=/home/galemeraldco/public_html/wp-includes/ID3 HTTP/1.1" 200 18909 "-" "Mozilla/5.0 (iPhone; CPU iPhone OS 13_2_3 like Mac OS X) AppleWebKit/605.1.15 (KHTML, like Gecko) Version/13.0.3 Mobile/15E148 Safari/604.1"
20.238.240.42 - - [14/Mar/2026:04:44:05 +0000] "POST /xmlrpc.php HTTP/1.1" 403 68782 "-" "Mozilla/5.0 (Windows NT 10.0; Win64; x64) AppleWebKit/537.36 (KHTML, like Gecko) Chrome/137.0.0.0 Safari/537.36 Edg/137.0.0.0"
185.56.75.150 - - [14/Mar/2026:04:45:28 +0000] "GET /.well-known/acme-challenge/JXZ61V__-IRDYAJ0DX7HNKUDT4Z5QB4I HTTP/1.1" 404 355 "-" "Cpanel-HTTP-Client/1.0"
185.56.75.150 - - [14/Mar/2026:04:45:29 +0000] "GET /.well-known/acme-challenge/VUYW-T_EQEOMA_DDSYI-5-U3YFDGSUT6 HTTP/1.1" 404 355 "-" "Cpanel-HTTP-Client/1.0"
192.159.99.210 - - [14/Mar/2026:04:46:35 +0000] "GET / HTTP/1.1" 200 68782 "-" "Mozlila/5.0 (Linux; Android 7.0; SM-G892A Bulid/NRD90M; wv) AppleWebKit/537.36 (KHTML, like Gecko) Version/4.0 Chrome/60.0.3112.107 Moblie Safari/537.36"
192.159.99.210 - - [14/Mar/2026:04:46:35 +0000] "POST /ALFA_DATA/alfacgiapi/perl.alfa HTTP/1.1" 200 313 "www.google.com" "Mozlila/5.0 (Linux; Android 7.0; SM-G892A Bulid/NRD90M; wv) AppleWebKit/537.36 (KHTML, like Gecko) Version/4.0 Chrome/60.0.3112.107 Moblie Safari/537.36"
192.159.99.210 - - [14/Mar/2026:04:46:35 +0000] "POST /wp-plain.php HTTP/1.1" 403 313 "www.google.com" "Mozilla/5.0 (Linux; Android 7.0; SM-G892A Bulid/NRD90M; wv) AppleWebKit/537.36 (KHTML, like Gecko) Version/4.0 Chrome/60.0.3112.107 Moblie Safari/537.36"
192.159.99.210 - - [14/Mar/2026:04:46:35 +0000] "GET /wp-content/themes/seotheme/db.php?u HTTP/1.1" 200 311 "www.google.com" "Mozlila/5.0 (Linux; Android 7.0; SM-G892A Bulid/NRD90M; wv) AppleWebKit/537.36 (KHTML, like Gecko) Version/4.0 Chrome/60.0.3112.107 Moblie Safari/537.36"
192.159.99.210 - - [14/Mar/2026:04:46:36 +0000] "POST /alfacgiapi/perl.alfa HTTP/1.1" 200 309 "www.google.com" "Mozlila/5.0 (Linux; Android 7.0; SM-G892A Bulid/NRD90M; wv) AppleWebKit/537.36 (KHTML, like Gecko) Version/4.0 Chrome/60.0.3112.107 Moblie Safari/537.36"
192.159.99.210 - - [14/Mar/2026:04:46:36 +0000] "GET /btqdwdgu.php?Fox=d3wL7 HTTP/1.1" 403 311 "www.google.com" "Mozilla/5.0 (Linux; Android 7.0; SM-G892A Bulid/NRD90M; wv) AppleWebKit/537.36 (KHTML, like Gecko) Version/4.0 Chrome/60.0.3112.107 Moblie Safari/537.36"
192.159.99.210 - - [14/Mar/2026:04:46:36 +0000] "GET /wp-content/plugins/fix/up.php HTTP/1.1" 200 68782 "-" "Mozilla/5.0 (Windows NT 10.0; Win64; x64) AppleWebKit/537.36 (KHTML, like Gecko) Chrome/85.0.4183.102 Safari/537.36"
20.234.20.103 - - [14/Mar/2026:04:47:39 +0000] "GET /wp-content/plugins/hellopress/wp_filemanager.php HTTP/1.1" 200 68782 "-" "-"
20.234.20.103 - - [14/Mar/2026:04:47:40 +0000] "GET /nz.php HTTP/1.1" 403 68782 "-" "-"
20.234.20.103 - - [14/Mar/2026:04:47:40 +0000] "GET /wp-scxy.php HTTP/1.1" 403 68782 "-" "-"
43.135.142.37 - - [14/Mar/2026:04:48:47 +0000] "GET /?fileloc=/home/galemeraldco/public_html/wp-includes/ID3/module.audio.mp3.php&path=/home/galemeraldco/public_html/wp-includes/ID3 HTTP/1.1" 200 138877 "-" "Mozilla/5.0 (iPhone; CPU iPhone OS 13_2_3 like Mac OS X) AppleWebKit/605.1.15 (KHTML, like Gecko) Version/13.0.3 Mobile/15E148 Safari/604.1"
63.141.250.58 - - [14/Mar/2026:05:08:10 +0000] "GET /index.php?params=1 HTTP/1.1" 200 68782 "-" "Mozilla/5.0 (Windows NT 10.0; Win64; x64) AppleWebKit/537.36 (KHTML, like Gecko) Chrome/91.0.4472.106 Safari/537.36"
161.35.14.71 - - [14/Mar/2026:05:08:30 +0000] "POST /xmlrpc.php HTTP/1.1" 403 68782 "-" "Mozilla/5.0 (Windows NT 10.0) AppleWebKit/537.43 (KHTML, like Gecko) Chrome/135.0.0.0 Safari/537.36 OPR/120.0.0.0"
63.141.250.58 - - [14/Mar/2026:05:09:16 +0000] "GET /index.php?params=1 HTTP/1.1" 200 68782 "-" "Mozilla/5.0 (Windows NT 10.0; Win64; x64) AppleWebKit/537.36 (KHTML, like Gecko) Chrome/91.0.4472.106 Safari/537.36"
115.76.89.91 - - [14/Mar/2026:05:14:46 +0000] "POST /xmlrpc.php HTTP/1.1" 403 68782 "-" "Mozilla/5.0 (Windows NT 10.0; WOW64) AppleWebKit/537.43 (KHTML, like Gecko) Chrome/140.0.0.0 Safari/537.36 OPR/124.0.0.0"
185.56.75.150 - - [14/Mar/2026:05:15:07 +0000] "POST /wp-cron.php?doing_wp_cron=1773465307.1663479804992675781250 HTTP/1.1" 403 68782 "http://gal-emerald.co.il/wp-cron.php?doing_wp_cron=1773465307.1663479804992675781250" "WordPress/5.8.13; http://gal-emerald.co.il"
59.125.102.226 - - [14/Mar/2026:05:19:34 +0000] "POST /xmlrpc.php HTTP/1.1" 403 68775 "-" "Mozilla/5.0 (Windows NT 10.0; Win64; x64) AppleWebKit/537.36 (KHTML, like Gecko) Chrome/141.0.0.0 Safari/537.36"
136.144.35.191 - - [14/Mar/2026:05:21:06 +0000] "HEAD / HTTP/1.1" 200 0 "https://gal-emerald.co.il/" "Mozilla/5.0 (Windows NT 10.0; Win64; x64) AppleWebKit/537.36 (KHTML, like Gecko) Chrome/91.0.4472.124 Safari/537.36"
137.184.25.215 - - [14/Mar/2026:05:30:53 +0000] "POST /xmlrpc.php HTTP/1.1" 403 68775 "-" "Mozilla/5.0 (Windows NT 10.0; Win64; x64) AppleWebKit/537.36 (KHTML, like Gecko) Chrome/138.0.0.0 Safari/537.36 Edg/138.0.0.0"
35.187.115.6 - - [14/Mar/2026:05:40:12 +0000] "POST /xmlrpc.php HTTP/1.1" 403 68775 "-" "Mozilla/5.0 (Windows NT 10.0; WOW64) AppleWebKit/537.36 (KHTML, like Gecko) Chrome/137.0.0.0 Safari/537.36 Edg/137.0.0.0"
159.65.130.72 - - [14/Mar/2026:05:50:12 +0000] "POST /xmlrpc.php HTTP/1.1" 403 68775 "-" "Mozilla/5.0 (Windows NT 10.0) AppleWebKit/537.36 (KHTML, like Gecko) Chrome/138.0.0.0 Safari/537.36"
211.21.61.246 - - [14/Mar/2026:05:54:57 +0000] "POST /xmlrpc.php HTTP/1.1" 403 68775 "-" "Mozilla/5.0 (Windows NT 10.0; WOW64) AppleWebKit/537.36 (KHTML, like Gecko) Chrome/142.0.0.0 Safari/537.36 Edg/142.0.0.0"
20.151.11.236 - - [14/Mar/2026:05:59:50 +0000] "GET /wp-content/plugins/hellopress/wp_filemanager.php HTTP/1.1" 200 68775 "-" "-"
20.151.11.236 - - [14/Mar/2026:05:59:52 +0000] "GET /gptsh.php HTTP/1.1" 403 68775 "-" "-"
20.151.11.236 - - [14/Mar/2026:05:59:52 +0000] "GET /wolv.php HTTP/1.1" 403 68775 "-" "-"
20.151.11.236 - - [14/Mar/2026:05:59:53 +0000] "GET /lock.php HTTP/1.1" 403 68775 "-" "-"
20.151.11.236 - - [14/Mar/2026:05:59:54 +0000] "GET /edorxrr.php HTTP/1.1" 403 68775 "-" "-"
20.151.11.236 - - [14/Mar/2026:05:59:55 +0000] "GET /ox.php HTTP/1.1" 403 68775 "-" "-"
20.151.11.236 - - [14/Mar/2026:05:59:56 +0000] "GET /1754569357_be.php HTTP/1.1" 403 68775 "-" "-"
20.151.11.236 - - [14/Mar/2026:05:59:57 +0000] "GET /wp-kd4xalrg7m.php HTTP/1.1" 403 68775 "-" "-"
20.151.11.236 - - [14/Mar/2026:05:59:58 +0000] "GET /hplfuns.php HTTP/1.1" 403 68775 "-" "-"
20.151.11.236 - - [14/Mar/2026:05:59:59 +0000] "GET /test2.php HTTP/1.1" 403 68775 "-" "-"
20.151.11.236 - - [14/Mar/2026:06:00:00 +0000] "GET /cah.php HTTP/1.1" 403 68775 "-" "-"
20.151.11.236 - - [14/Mar/2026:06:00:01 +0000] "GET /boltt.php HTTP/1.1" 403 68775 "-" "-"
20.151.11.236 - - [14/Mar/2026:06:00:02 +0000] "GET /prv8shell.php HTTP/1.1" 403 68775 "-" "-"
20.151.11.236 - - [14/Mar/2026:06:00:04 +0000] "GET /1100.php HTTP/1.1" 403 68775 "-" "-"
20.151.11.236 - - [14/Mar/2026:06:00:05 +0000] "GET //sc_1.php HTTP/1.1" 403 68775 "-" "-"
20.151.11.236 - - [14/Mar/2026:06:00:06 +0000] "GET /1998.php HTTP/1.1" 403 68775 "-" "-"
20.151.11.236 - - [14/Mar/2026:06:00:07 +0000] "GET /wtiiy.php HTTP/1.1" 403 68775 "-" "-"
20.151.11.236 - - [14/Mar/2026:06:00:08 +0000] "GET /sxb.php HTTP/1.1" 403 68775 "-" "-"
20.151.11.236 - - [14/Mar/2026:06:00:08 +0000] "GET //wp-mter.php HTTP/1.1" 403 68775 "-" "-"
20.151.11.236 - - [14/Mar/2026:06:00:09 +0000] "GET /inege.php HTTP/1.1" 403 68775 "-" "-"
20.151.11.236 - - [14/Mar/2026:06:00:10 +0000] "GET /hc.php HTTP/1.1" 403 68775 "-" "-"
20.151.11.236 - - [14/Mar/2026:06:00:11 +0000] "GET /aifa.php HTTP/1.1" 403 68778 "-" "-"
20.151.11.236 - - [14/Mar/2026:06:00:12 +0000] "GET /awh.php HTTP/1.1" 403 68775 "-" "-"
20.151.11.236 - - [14/Mar/2026:06:00:13 +0000] "GET /yussef.php HTTP/1.1" 403 68775 "-" "-"
20.151.11.236 - - [14/Mar/2026:06:00:14 +0000] "GET /0771dccd2958b85d48125d146d77e038akc.php HTTP/1.1" 403 68775 "-" "-"
20.151.11.236 - - [14/Mar/2026:06:00:16 +0000] "GET /19.php HTTP/1.1" 403 68775 "-" "-"
20.151.11.236 - - [14/Mar/2026:06:00:17 +0000] "GET /we-es-o.php HTTP/1.1" 403 68775 "-" "-"
20.151.11.236 - - [14/Mar/2026:06:00:18 +0000] "GET /bb5.php HTTP/1.1" 403 68775 "-" "-"
20.151.11.236 - - [14/Mar/2026:06:00:19 +0000] "GET /fe5.php HTTP/1.1" 403 68775 "-" "-"
20.151.11.236 - - [14/Mar/2026:06:00:20 +0000] "GET /wp11.php HTTP/1.1" 403 68775 "-" "-"
20.151.11.236 - - [14/Mar/2026:06:00:20 +0000] "GET /file61.php HTTP/1.1" 403 68775 "-" "-"
20.151.11.236 - - [14/Mar/2026:06:00:21 +0000] "GET /16.php HTTP/1.1" 403 68775 "-" "-"
20.151.11.236 - - [14/Mar/2026:06:00:23 +0000] "GET /bb.php HTTP/1.1" 403 68775 "-" "-"
20.151.11.236 - - [14/Mar/2026:06:00:24 +0000] "GET /ss.php HTTP/1.1" 403 68775 "-" "-"
20.151.11.236 - - [14/Mar/2026:06:00:25 +0000] "GET /h2.php HTTP/1.1" 403 68775 "-" "-"
20.151.11.236 - - [14/Mar/2026:06:00:26 +0000] "GET /wp-p2r3q9c8k4.php HTTP/1.1" 403 68775 "-" "-"
20.151.11.236 - - [14/Mar/2026:06:00:27 +0000] "GET /ty.php HTTP/1.1" 403 68775 "-" "-"
20.151.11.236 - - [14/Mar/2026:06:00:28 +0000] "GET /albin.php HTTP/1.1" 403 68775 "-" "-"
20.151.11.236 - - [14/Mar/2026:06:00:30 +0000] "GET /utky.php HTTP/1.1" 403 68775 "-" "-"
20.151.11.236 - - [14/Mar/2026:06:00:31 +0000] "GET /settings.php HTTP/1.1" 403 68775 "-" "-"
20.151.11.236 - - [14/Mar/2026:06:00:32 +0000] "GET /fsgdjkl.php HTTP/1.1" 403 68775 "-" "-"
20.151.11.236 - - [14/Mar/2026:06:00:33 +0000] "GET /uuu.php HTTP/1.1" 403 68775 "-" "-"
20.151.11.236 - - [14/Mar/2026:06:00:34 +0000] "GET /by.php HTTP/1.1" 403 68775 "-" "-"
20.151.11.236 - - [14/Mar/2026:06:00:35 +0000] "GET /sf.php HTTP/1.1" 403 68775 "-" "-"
20.151.11.236 - - [14/Mar/2026:06:00:36 +0000] "GET /asw.php HTTP/1.1" 403 68775 "-" "-"
20.151.11.236 - - [14/Mar/2026:06:00:37 +0000] "GET /eee.php HTTP/1.1" 403 68775 "-" "-"
20.151.11.236 - - [14/Mar/2026:06:00:37 +0000] "GET /lp6.php HTTP/1.1" 403 68775 "-" "-"
20.151.11.236 - - [14/Mar/2026:06:00:39 +0000] "GET /akses.php HTTP/1.1" 403 68775 "-" "-"
20.151.11.236 - - [14/Mar/2026:06:00:39 +0000] "GET /no1.php HTTP/1.1" 403 68775 "-" "-"
20.151.11.236 - - [14/Mar/2026:06:00:40 +0000] "GET /teee.php HTTP/1.1" 403 68775 "-" "-"
20.151.11.236 - - [14/Mar/2026:06:00:41 +0000] "GET /wo.php HTTP/1.1" 403 68775 "-" "-"
20.151.11.236 - - [14/Mar/2026:06:00:42 +0000] "GET /rithin.php HTTP/1.1" 403 68775 "-" "-"
20.151.11.236 - - [14/Mar/2026:06:00:43 +0000] "GET /kk.php HTTP/1.1" 403 68775 "-" "-"
20.151.11.236 - - [14/Mar/2026:06:00:44 +0000] "GET /path.php HTTP/1.1" 403 68775 "-" "-"
20.151.11.236 - - [14/Mar/2026:06:00:45 +0000] "GET /cs.php HTTP/1.1" 403 68775 "-" "-"
20.151.11.236 - - [14/Mar/2026:06:00:46 +0000] "GET /w2025.php HTTP/1.1" 403 68775 "-" "-"
20.151.11.236 - - [14/Mar/2026:06:00:48 +0000] "GET /swallowable.php HTTP/1.1" 403 68775 "-" "-"
20.151.11.236 - - [14/Mar/2026:06:00:49 +0000] "GET /fvvff.php HTTP/1.1" 403 68775 "-" "-"
20.151.11.236 - - [14/Mar/2026:06:00:50 +0000] "GET /a2.php HTTP/1.1" 403 68775 "-" "-"
20.151.11.236 - - [14/Mar/2026:06:00:51 +0000] "GET /sty.php HTTP/1.1" 403 68775 "-" "-"
20.151.11.236 - - [14/Mar/2026:06:00:53 +0000] "GET /g.php HTTP/1.1" 403 68775 "-" "-"
20.151.11.236 - - [14/Mar/2026:06:00:54 +0000] "GET /pp.php HTTP/1.1" 403 68775 "-" "-"
20.151.11.236 - - [14/Mar/2026:06:00:55 +0000] "GET //sys.php HTTP/1.1" 403 68775 "-" "-"
20.151.11.236 - - [14/Mar/2026:06:00:56 +0000] "GET /txets.php HTTP/1.1" 403 68775 "-" "-"
20.151.11.236 - - [14/Mar/2026:06:00:57 +0000] "GET /wp9.php HTTP/1.1" 403 68775 "-" "-"
20.151.11.236 - - [14/Mar/2026:06:00:58 +0000] "GET /path.php HTTP/1.1" 403 68775 "-" "-"
20.151.11.236 - - [14/Mar/2026:06:00:59 +0000] "GET /wdf.php HTTP/1.1" 403 68775 "-" "-"
20.151.11.236 - - [14/Mar/2026:06:01:00 +0000] "GET //2.php HTTP/1.1" 403 68775 "-" "-"
20.151.11.236 - - [14/Mar/2026:06:01:00 +0000] "GET /wsvvs.php HTTP/1.1" 403 68775 "-" "-"
20.151.11.236 - - [14/Mar/2026:06:01:01 +0000] "GET //3.php HTTP/1.1" 403 68775 "-" "-"
20.151.11.236 - - [14/Mar/2026:06:01:02 +0000] "GET //edit.php HTTP/1.1" 200 68775 "-" "-"
193.187.96.213 - - [14/Mar/2026:06:01:16 +0000] "POST /xmlrpc.php HTTP/1.1" 403 68775 "-" "Mozilla/5.0 (Windows NT 10.0; WOW64) AppleWebKit/537.43 (KHTML, like Gecko) Chrome/139.0.0.0 Safari/537.36 OPR/123.0.0.0"
80.66.213.216 - - [14/Mar/2026:06:24:52 +0000] "POST /xmlrpc.php HTTP/1.1" 499 0 "-" "Mozilla/5.0 (Windows NT 10.0; Win64; x64; rv:144.0) Gecko/20100101 Firefox/144.0"
103.195.191.99 - - [14/Mar/2026:06:28:29 +0000] "GET /wp-json/wp/v2/posts HTTP/1.1" 200 79065 "-" "Mozilla/5.0 (Windows NT 10.0; Win64; x64) AppleWebKit/537.36 (KHTML, like Gecko) Chrome/120.0.0.0 Safari/537.36"
8.212.130.232 - - [14/Mar/2026:06:28:31 +0000] "GET /wp-json/wp/v2/posts HTTP/1.1" 200 79065 "-" "Mozilla/5.0 (Windows NT 10.0; Win64; x64) AppleWebKit/537.36 (KHTML, like Gecko) Chrome/120.0.0.0 Safari/537.36"
61.158.175.38 - - [14/Mar/2026:06:28:37 +0000] "GET /wp-json/wp/v2/posts HTTP/1.1" 200 0 "-" "Mozilla/5.0 (Windows NT 10.0; Win64; x64) AppleWebKit/537.36 (KHTML, like Gecko) Chrome/120.0.0.0 Safari/537.36"
3.112.201.127 - - [14/Mar/2026:06:28:44 +0000] "GET /wp-json/wp/v2/posts HTTP/1.1" 200 79065 "-" "Mozilla/5.0 (Windows NT 10.0; Win64; x64) AppleWebKit/537.36 (KHTML, like Gecko) Chrome/120.0.0.0 Safari/537.36"
195.178.4.138 - - [14/Mar/2026:06:28:47 +0000] "GET //wp-json/wp/v2/posts HTTP/1.1" 200 0 "-" "Mozilla/5.0 (Windows NT 10.0; Win64; x64) AppleWebKit/537.36 (KHTML, like Gecko) Chrome/120.0.0.0 Safari/537.36"
104.248.2.63 - - [14/Mar/2026:06:29:11 +0000] "POST /xmlrpc.php HTTP/1.1" 499 0 "-" "Mozilla/5.0 (Windows NT 10.0) AppleWebKit/537.36 (KHTML, like Gecko) Chrome/137.0.0.0 Safari/537.36"
173.208.148.34 - - [14/Mar/2026:06:33:02 +0000] "GET /index.php?params=1 HTTP/1.1" 200 0 "-" "Mozilla/5.0 (Windows NT 10.0; Win64; x64) AppleWebKit/537.36 (KHTML, like Gecko) Chrome/131.0.0.0 Safari/537.36"
101.99.88.90 - - [14/Mar/2026:06:41:33 +0000] "GET / HTTP/1.1" 200 0 "-" "Mozilla/5.0 (compatible; Googlebot/2.1; +http://www.google.com/bot.html)"
101.99.88.90 - - [14/Mar/2026:06:43:39 +0000] "GET / HTTP/1.1" 200 48635 "-" "Mozilla/5.0 (compatible; Googlebot/2.1; +http://www.google.com/bot.html)"
66.249.77.36 - - [14/Mar/2026:06:45:43 +0000] "GET /shopdetail/theogonism/3851112855.shtml HTTP/1.1" 200 55438 "-" "Mozilla/5.0 (Linux; Android 6.0.1; Nexus 5X Build/MMB29P) AppleWebKit/537.36 (KHTML, like Gecko) Chrome/145.0.7632.116 Mobile Safari/537.36 (compatible; GoogleOther)"
185.56.75.150 - - [14/Mar/2026:06:47:17 +0000] "POST /wp-cron.php?doing_wp_cron=1773470836.4031360149383544921875 HTTP/1.1" 499 0 "http://gal-emerald.co.il/wp-cron.php?doing_wp_cron=1773470836.4031360149383544921875" "WordPress/5.8.13; http://gal-emerald.co.il"
173.208.148.34 - - [14/Mar/2026:06:47:38 +0000] "GET /index.php?params=1 HTTP/1.1" 200 0 "-" "Mozilla/5.0 (Windows NT 10.0; Win64; x64) AppleWebKit/537.36 (KHTML, like Gecko) Chrome/131.0.0.0 Safari/537.36"
173.208.148.34 - - [14/Mar/2026:06:47:53 +0000] "GET /index.php?params=1 HTTP/1.1" 200 0 "-" "Mozilla/5.0 (Windows NT 10.0; Win64; x64) AppleWebKit/537.36 (KHTML, like Gecko) Chrome/131.0.0.0 Safari/537.36"
66.249.77.38 - - [14/Mar/2026:06:48:02 +0000] "GET /guide/hajimete HTTP/1.1" 200 74377 "-" "Mozilla/5.0 (Linux; Android 6.0.1; Nexus 5X Build/MMB29P) AppleWebKit/537.36 (KHTML, like Gecko) Chrome/145.0.7632.116 Mobile Safari/537.36 (compatible; GoogleOther)"
155.133.142.66 - - [14/Mar/2026:06:53:16 +0000] "POST /xmlrpc.php HTTP/1.1" 499 0 "-" "Mozilla/5.0 (Windows NT 10.0; Win64; x64) AppleWebKit/537.36 (KHTML, like Gecko) Chrome/142.0.0.0 Safari/537.36"
63.141.250.58 - - [14/Mar/2026:06:58:43 +0000] "GET /index.php?params=1 HTTP/1.1" 200 79065 "-" "Mozilla/5.0 (Windows NT 10.0; Win64; x64) AppleWebKit/537.36 (KHTML, like Gecko) Chrome/91.0.4472.106 Safari/537.36"
101.99.88.90 - - [14/Mar/2026:07:04:39 +0000] "GET / HTTP/1.1" 200 48635 "-" "Mozilla/5.0 (compatible; Googlebot/2.1; +http://www.google.com/bot.html)"
101.99.88.90 - - [14/Mar/2026:07:05:04 +0000] "GET /163010968.html HTTP/1.1" 200 41907 "-" "Mozilla/5.0 (compatible; Googlebot/2.1; +http://www.google.com/bot.html)"
51.254.131.104 - - [14/Mar/2026:07:06:56 +0000] "POST /xmlrpc.php HTTP/1.1" 499 0 "-" "Mozilla/5.0 (Windows NT 10.0; Win64; x64; rv:142.0) Gecko/20100101 Firefox/142.0"
62.219.58.137 - - [14/Mar/2026:07:07:50 +0000] "GET /.well-known/acme-challenge/2QQIOE2IUENL63-KC3J0WL0BDROO3FA4 HTTP/1.1" 404 355 "-" "Cpanel-HTTP-Client/1.0"
62.219.58.137 - - [14/Mar/2026:07:07:56 +0000] "GET /.well-known/acme-challenge/GVO5TFPE0SG7QXNDW5CNNL3RSTTQM9WG HTTP/1.1" 404 355 "-" "Cpanel-HTTP-Client/1.0"
52.226.240.29 - - [14/Mar/2026:07:08:53 +0000] "POST /xmlrpc.php HTTP/1.1" 499 0 "-" "Mozilla/5.0 (Windows NT 10.0; WOW64) AppleWebKit/537.36 (KHTML, like Gecko) Chrome/140.0.0.0 Safari/537.36 Edg/140.0.0.0"
80.97.160.132 - - [14/Mar/2026:07:10:56 +0000] "GET /edit.php HTTP/1.1" 200 0 "http://gal-emerald.co.il/edit.php" "Mozilla/5.0 (Windows NT 10.0; Win64; x64) AppleWebKit/537.36 (KHTML, like Gecko) Chrome/58.0.3029.110 Safari/537.3"
80.97.160.132 - - [14/Mar/2026:07:11:10 +0000] "GET /edit.php HTTP/1.1" 200 79065 "http://gal-emerald.co.il/edit.php" "Mozilla/5.0 (Windows NT 10.0; Win64; x64) AppleWebKit/537.36 (KHTML, like Gecko) Chrome/58.0.3029.110 Safari/537.3"
80.97.160.132 - - [14/Mar/2026:07:11:30 +0000] "POST /edit.php HTTP/1.1" 499 0 "http://gal-emerald.co.il/edit.php" "Mozilla/5.0 (Windows NT 10.0; Win64; x64) AppleWebKit/537.36 (KHTML, like Gecko) Chrome/58.0.3029.110 Safari/537.3"
80.97.160.132 - - [14/Mar/2026:07:11:56 +0000] "POST /edit.php HTTP/1.1" 499 0 "http://gal-emerald.co.il/edit.php" "Mozilla/5.0 (Windows NT 10.0; Win64; x64) AppleWebKit/537.36 (KHTML, like Gecko) Chrome/58.0.3029.110 Safari/537.3"
80.97.160.132 - - [14/Mar/2026:07:12:28 +0000] "POST /edit.php HTTP/1.1" 499 0 "http://gal-emerald.co.il/edit.php" "Mozilla/5.0 (Windows NT 10.0; Win64; x64) AppleWebKit/537.36 (KHTML, like Gecko) Chrome/58.0.3029.110 Safari/537.3"
80.97.160.132 - - [14/Mar/2026:07:12:48 +0000] "POST /edit.php HTTP/1.1" 499 0 "http://gal-emerald.co.il/edit.php" "Mozilla/5.0 (Windows NT 10.0; Win64; x64) AppleWebKit/537.36 (KHTML, like Gecko) Chrome/58.0.3029.110 Safari/537.3"
80.97.160.132 - - [14/Mar/2026:07:13:08 +0000] "POST /edit.php HTTP/1.1" 499 0 "http://gal-emerald.co.il/edit.php" "Mozilla/5.0 (Windows NT 10.0; Win64; x64) AppleWebKit/537.36 (KHTML, like Gecko) Chrome/58.0.3029.110 Safari/537.3"
80.97.160.132 - - [14/Mar/2026:07:13:30 +0000] "POST /edit.php HTTP/1.1" 200 79160 "http://gal-emerald.co.il/edit.php" "Mozilla/5.0 (Windows NT 10.0; Win64; x64) AppleWebKit/537.36 (KHTML, like Gecko) Chrome/58.0.3029.110 Safari/537.3"
80.97.160.132 - - [14/Mar/2026:07:14:06 +0000] "POST /edit.php HTTP/1.1" 499 0 "http://gal-emerald.co.il/edit.php" "Mozilla/5.0 (Windows NT 10.0; Win64; x64) AppleWebKit/537.36 (KHTML, like Gecko) Chrome/58.0.3029.110 Safari/537.3"
80.97.160.132 - - [14/Mar/2026:07:14:26 +0000] "POST /edit.php HTTP/1.1" 499 0 "http://gal-emerald.co.il/edit.php" "Mozilla/5.0 (Windows NT 10.0; Win64; x64) AppleWebKit/537.36 (KHTML, like Gecko) Chrome/58.0.3029.110 Safari/537.3"
80.97.160.132 - - [14/Mar/2026:07:15:26 +0000] "GET /ex.php HTTP/1.1" 403 79065 "http://gal-emerald.co.il/ex.php" "Mozilla/5.0 (Windows NT 10.0; Win64; x64) AppleWebKit/537.36 (KHTML, like Gecko) Chrome/58.0.3029.110 Safari/537.3"
80.97.160.132 - - [14/Mar/2026:07:15:46 +0000] "POST /edit.php HTTP/1.1" 499 0 "http://gal-emerald.co.il/edit.php" "Mozilla/5.0 (Windows NT 10.0; Win64; x64) AppleWebKit/537.36 (KHTML, like Gecko) Chrome/58.0.3029.110 Safari/537.3"
80.97.160.132 - - [14/Mar/2026:07:16:12 +0000] "POST /edit.php HTTP/1.1" 499 0 "http://gal-emerald.co.il/edit.php" "Mozilla/5.0 (Windows NT 10.0; Win64; x64) AppleWebKit/537.36 (KHTML, like Gecko) Chrome/58.0.3029.110 Safari/537.3"
80.97.160.132 - - [14/Mar/2026:07:16:44 +0000] "POST /edit.php HTTP/1.1" 499 0 "http://gal-emerald.co.il/edit.php" "Mozilla/5.0 (Windows NT 10.0; Win64; x64) AppleWebKit/537.36 (KHTML, like Gecko) Chrome/58.0.3029.110 Safari/537.3"
173.208.148.34 - - [14/Mar/2026:07:17:01 +0000] "GET /index.php?params=1 HTTP/1.1" 200 79065 "-" "Mozilla/5.0 (Windows NT 10.0; Win64; x64) AppleWebKit/537.36 (KHTML, like Gecko) Chrome/131.0.0.0 Safari/537.36"
80.97.160.132 - - [14/Mar/2026:07:17:04 +0000] "POST /edit.php HTTP/1.1" 499 0 "http://gal-emerald.co.il/edit.php" "Mozilla/5.0 (Windows NT 10.0; Win64; x64) AppleWebKit/537.36 (KHTML, like Gecko) Chrome/58.0.3029.110 Safari/537.3"
80.97.160.132 - - [14/Mar/2026:07:17:34 +0000] "GET /radio.php HTTP/1.1" 403 79065 "http://gal-emerald.co.il/radio.php" "Mozilla/5.0 (Windows NT 10.0; Win64; x64) AppleWebKit/537.36 (KHTML, like Gecko) Chrome/58.0.3029.110 Safari/537.3"
80.97.160.132 - - [14/Mar/2026:07:17:54 +0000] "POST /edit.php HTTP/1.1" 499 0 "http://gal-emerald.co.il/edit.php" "Mozilla/5.0 (Windows NT 10.0; Win64; x64) AppleWebKit/537.36 (KHTML, like Gecko) Chrome/58.0.3029.110 Safari/537.3"
80.97.160.132 - - [14/Mar/2026:07:18:20 +0000] "POST /edit.php HTTP/1.1" 499 0 "http://gal-emerald.co.il/edit.php" "Mozilla/5.0 (Windows NT 10.0; Win64; x64) AppleWebKit/537.36 (KHTML, like Gecko) Chrome/58.0.3029.110 Safari/537.3"
80.97.160.132 - - [14/Mar/2026:07:18:53 +0000] "POST /edit.php HTTP/1.1" 499 0 "http://gal-emerald.co.il/edit.php" "Mozilla/5.0 (Windows NT 10.0; Win64; x64) AppleWebKit/537.36 (KHTML, like Gecko) Chrome/58.0.3029.110 Safari/537.3"
80.97.160.132 - - [14/Mar/2026:07:19:13 +0000] "POST /edit.php HTTP/1.1" 499 0 "http://gal-emerald.co.il/edit.php" "Mozilla/5.0 (Windows NT 10.0; Win64; x64) AppleWebKit/537.36 (KHTML, like Gecko) Chrome/58.0.3029.110 Safari/537.3"
80.97.160.132 - - [14/Mar/2026:07:19:36 +0000] "GET /inputs.php HTTP/1.1" 403 79065 "http://gal-emerald.co.il/inputs.php" "Mozilla/5.0 (Windows NT 10.0; Win64; x64) AppleWebKit/537.36 (KHTML, like Gecko) Chrome/58.0.3029.110 Safari/537.3"
211.21.61.225 - - [14/Mar/2026:07:19:54 +0000] "POST /xmlrpc.php HTTP/1.1" 499 0 "-" "Mozilla/5.0 (Windows NT 10.0) AppleWebKit/537.36 (KHTML, like Gecko) Chrome/138.0.0.0 Safari/537.36 Edg/138.0.0.0"
80.97.160.132 - - [14/Mar/2026:07:19:56 +0000] "POST /edit.php HTTP/1.1" 499 0 "http://gal-emerald.co.il/edit.php" "Mozilla/5.0 (Windows NT 10.0; Win64; x64) AppleWebKit/537.36 (KHTML, like Gecko) Chrome/58.0.3029.110 Safari/537.3"
80.97.160.132 - - [14/Mar/2026:07:20:22 +0000] "POST /edit.php HTTP/1.1" 499 0 "http://gal-emerald.co.il/edit.php" "Mozilla/5.0 (Windows NT 10.0; Win64; x64) AppleWebKit/537.36 (KHTML, like Gecko) Chrome/58.0.3029.110 Safari/537.3"
80.97.160.132 - - [14/Mar/2026:07:20:54 +0000] "POST /edit.php HTTP/1.1" 499 0 "http://gal-emerald.co.il/edit.php" "Mozilla/5.0 (Windows NT 10.0; Win64; x64) AppleWebKit/537.36 (KHTML, like Gecko) Chrome/58.0.3029.110 Safari/537.3"
80.97.160.132 - - [14/Mar/2026:07:21:14 +0000] "POST /edit.php HTTP/1.1" 499 0 "http://gal-emerald.co.il/edit.php" "Mozilla/5.0 (Windows NT 10.0; Win64; x64) AppleWebKit/537.36 (KHTML, like Gecko) Chrome/58.0.3029.110 Safari/537.3"
80.97.160.132 - - [14/Mar/2026:07:21:33 +0000] "GET /about.php HTTP/1.1" 200 79065 "http://gal-emerald.co.il/about.php" "Mozilla/5.0 (Windows NT 10.0; Win64; x64) AppleWebKit/537.36 (KHTML, like Gecko) Chrome/58.0.3029.110 Safari/537.3"
80.97.160.132 - - [14/Mar/2026:07:21:53 +0000] "POST /edit.php HTTP/1.1" 499 0 "http://gal-emerald.co.il/edit.php" "Mozilla/5.0 (Windows NT 10.0; Win64; x64) AppleWebKit/537.36 (KHTML, like Gecko) Chrome/58.0.3029.110 Safari/537.3"
80.97.160.132 - - [14/Mar/2026:07:22:19 +0000] "POST /edit.php HTTP/1.1" 499 0 "http://gal-emerald.co.il/edit.php" "Mozilla/5.0 (Windows NT 10.0; Win64; x64) AppleWebKit/537.36 (KHTML, like Gecko) Chrome/58.0.3029.110 Safari/537.3"
80.97.160.132 - - [14/Mar/2026:07:22:51 +0000] "POST /edit.php HTTP/1.1" 499 0 "http://gal-emerald.co.il/edit.php" "Mozilla/5.0 (Windows NT 10.0; Win64; x64) AppleWebKit/537.36 (KHTML, like Gecko) Chrome/58.0.3029.110 Safari/537.3"
80.97.160.132 - - [14/Mar/2026:07:23:11 +0000] "POST /edit.php HTTP/1.1" 499 0 "http://gal-emerald.co.il/edit.php" "Mozilla/5.0 (Windows NT 10.0; Win64; x64) AppleWebKit/537.36 (KHTML, like Gecko) Chrome/58.0.3029.110 Safari/537.3"
80.97.160.132 - - [14/Mar/2026:07:23:37 +0000] "GET /pages.php HTTP/1.1" 200 22 "http://gal-emerald.co.il/pages.php" "Mozilla/5.0 (Windows NT 10.0; Win64; x64) AppleWebKit/537.36 (KHTML, like Gecko) Chrome/58.0.3029.110 Safari/537.3"
107.150.52.58 - - [14/Mar/2026:07:25:15 +0000] "GET /wp-includes/pl56d2b8/index.php HTTP/1.1" 500 0 "http://gal-emerald.co.il/wp-includes/pl56d2b8/index.php" "Mozilla/5.0 (Windows NT 10.0; Win64; x64) AppleWebKit/537.36 (KHTML, like Gecko) Chrome/58.0.3029.110 Safari/537.3"
107.150.52.58 - - [14/Mar/2026:07:26:43 +0000] "GET /wp-includes/pl56d2b8/index.php HTTP/1.1" 200 0 "http://gal-emerald.co.il/wp-includes/pl56d2b8/index.php" "Mozilla/5.0 (Windows NT 10.0; Win64; x64) AppleWebKit/537.36 (KHTML, like Gecko) Chrome/58.0.3029.110 Safari/537.3"
80.97.160.166 - - [14/Mar/2026:07:27:38 +0000] "GET /edit.php HTTP/1.1" 200 79065 "http://gal-emerald.co.il/edit.php" "Mozilla/5.0 (Windows NT 10.0; Win64; x64) AppleWebKit/537.36 (KHTML, like Gecko) Chrome/58.0.3029.110 Safari/537.3"
80.97.160.166 - - [14/Mar/2026:07:27:58 +0000] "POST /edit.php HTTP/1.1" 499 0 "http://gal-emerald.co.il/edit.php" "Mozilla/5.0 (Windows NT 10.0; Win64; x64) AppleWebKit/537.36 (KHTML, like Gecko) Chrome/58.0.3029.110 Safari/537.3"
80.97.160.166 - - [14/Mar/2026:07:28:24 +0000] "POST /edit.php HTTP/1.1" 499 0 "http://gal-emerald.co.il/edit.php" "Mozilla/5.0 (Windows NT 10.0; Win64; x64) AppleWebKit/537.36 (KHTML, like Gecko) Chrome/58.0.3029.110 Safari/537.3"
80.97.160.166 - - [14/Mar/2026:07:28:56 +0000] "POST /edit.php HTTP/1.1" 499 0 "http://gal-emerald.co.il/edit.php" "Mozilla/5.0 (Windows NT 10.0; Win64; x64) AppleWebKit/537.36 (KHTML, like Gecko) Chrome/58.0.3029.110 Safari/537.3"
69.197.149.50 - - [14/Mar/2026:07:29:04 +0000] "GET /wp-includes/pl56d2b8/index.php?id=903507 HTTP/1.1" 200 0 "http://gal-emerald.co.il/wp-includes/pl56d2b8/index.php?id=903507" "Mozilla/5.0 (Windows NT 10.0; Win64; x64) AppleWebKit/537.36 (KHTML, like Gecko) Chrome/58.0.3029.110 Safari/537.3"
80.97.160.166 - - [14/Mar/2026:07:29:16 +0000] "POST /edit.php HTTP/1.1" 499 0 "http://gal-emerald.co.il/edit.php" "Mozilla/5.0 (Windows NT 10.0; Win64; x64) AppleWebKit/537.36 (KHTML, like Gecko) Chrome/58.0.3029.110 Safari/537.3"
80.97.160.166 - - [14/Mar/2026:07:29:36 +0000] "POST /edit.php HTTP/1.1" 499 0 "http://gal-emerald.co.il/edit.php" "Mozilla/5.0 (Windows NT 10.0; Win64; x64) AppleWebKit/537.36 (KHTML, like Gecko) Chrome/58.0.3029.110 Safari/537.3"
104.28.214.112 - - [14/Mar/2026:07:29:52 +0000] "GET /style.php HTTP/1.1" 403 0 "-" "Go-http-client/1.1"
80.97.160.166 - - [14/Mar/2026:07:30:03 +0000] "POST /edit.php HTTP/1.1" 499 0 "http://gal-emerald.co.il/edit.php" "Mozilla/5.0 (Windows NT 10.0; Win64; x64) AppleWebKit/537.36 (KHTML, like Gecko) Chrome/58.0.3029.110 Safari/537.3"
63.141.250.58 - - [14/Mar/2026:07:30:04 +0000] "GET /index.php?params=1 HTTP/1.1" 200 79065 "-" "Mozilla/5.0 (Windows NT 10.0; Win64; x64) AppleWebKit/537.36 (KHTML, like Gecko) Chrome/91.0.4472.106 Safari/537.36"
80.97.160.166 - - [14/Mar/2026:07:30:35 +0000] "POST /edit.php HTTP/1.1" 499 0 "http://gal-emerald.co.il/edit.php" "Mozilla/5.0 (Windows NT 10.0; Win64; x64) AppleWebKit/537.36 (KHTML, like Gecko) Chrome/58.0.3029.110 Safari/537.3"
80.97.160.166 - - [14/Mar/2026:07:30:55 +0000] "POST /edit.php HTTP/1.1" 499 0 "http://gal-emerald.co.il/edit.php" "Mozilla/5.0 (Windows NT 10.0; Win64; x64) AppleWebKit/537.36 (KHTML, like Gecko) Chrome/58.0.3029.110 Safari/537.3"
69.197.149.50 - - [14/Mar/2026:07:31:11 +0000] "GET /wp-includes/pl56d2b8/index.php?id=903507 HTTP/1.1" 200 0 "http://gal-emerald.co.il/wp-includes/pl56d2b8/index.php?id=903507" "Mozilla/5.0 (Windows NT 10.0; Win64; x64) AppleWebKit/537.36 (KHTML, like Gecko) Chrome/58.0.3029.110 Safari/537.3"
80.97.160.166 - - [14/Mar/2026:07:31:53 +0000] "GET /wp-login.php HTTP/1.1" 200 77571 "http://gal-emerald.co.il/wp-login.php" "Mozilla/5.0 (Windows NT 10.0; Win64; x64) AppleWebKit/537.36 (KHTML, like Gecko) Chrome/58.0.3029.110 Safari/537.3"
80.97.160.166 - - [14/Mar/2026:07:32:13 +0000] "POST /edit.php HTTP/1.1" 499 0 "http://gal-emerald.co.il/edit.php" "Mozilla/5.0 (Windows NT 10.0; Win64; x64) AppleWebKit/537.36 (KHTML, like Gecko) Chrome/58.0.3029.110 Safari/537.3"
80.97.160.166 - - [14/Mar/2026:07:32:39 +0000] "POST /edit.php HTTP/1.1" 499 0 "http://gal-emerald.co.il/edit.php" "Mozilla/5.0 (Windows NT 10.0; Win64; x64) AppleWebKit/537.36 (KHTML, like Gecko) Chrome/58.0.3029.110 Safari/537.3"
80.97.160.166 - - [14/Mar/2026:07:33:11 +0000] "POST /edit.php HTTP/1.1" 499 0 "http://gal-emerald.co.il/edit.php" "Mozilla/5.0 (Windows NT 10.0; Win64; x64) AppleWebKit/537.36 (KHTML, like Gecko) Chrome/58.0.3029.110 Safari/537.3"
69.197.149.50 - - [14/Mar/2026:07:33:24 +0000] "GET /wp-includes/pl56d2b8/index.php?id=903507 HTTP/1.1" 200 0 "http://gal-emerald.co.il/wp-includes/pl56d2b8/index.php?id=903507" "Mozilla/5.0 (Windows NT 10.0; Win64; x64) AppleWebKit/537.36 (KHTML, like Gecko) Chrome/58.0.3029.110 Safari/537.3"
80.97.160.166 - - [14/Mar/2026:07:33:31 +0000] "POST /edit.php HTTP/1.1" 499 0 "http://gal-emerald.co.il/edit.php" "Mozilla/5.0 (Windows NT 10.0; Win64; x64) AppleWebKit/537.36 (KHTML, like Gecko) Chrome/58.0.3029.110 Safari/537.3"
49.13.55.169 - - [14/Mar/2026:07:33:49 +0000] "GET /.well-known/acme-challenge/F28G7R8QDJV0-VOCL_O6OURUVLA8GJWD HTTP/1.1" 200 64 "-" "Cpanel-HTTP-Client/1.0"
49.13.55.169 - - [14/Mar/2026:07:33:49 +0000] "GET /.well-known/acme-challenge/B23VKBWA0TNUBFX0XO3HTYDWV7UP7T6I HTTP/1.1" 200 64 "-" "Cpanel-HTTP-Client/1.0"
80.97.160.166 - - [14/Mar/2026:07:34:06 +0000] "GET /ex.php HTTP/1.1" 403 77570 "http://gal-emerald.co.il/ex.php" "Mozilla/5.0 (Windows NT 10.0; Win64; x64) AppleWebKit/537.36 (KHTML, like Gecko) Chrome/58.0.3029.110 Safari/537.3"
80.97.160.166 - - [14/Mar/2026:07:34:26 +0000] "POST /edit.php HTTP/1.1" 499 0 "http://gal-emerald.co.il/edit.php" "Mozilla/5.0 (Windows NT 10.0; Win64; x64) AppleWebKit/537.36 (KHTML, like Gecko) Chrome/58.0.3029.110 Safari/537.3"
80.97.160.166 - - [14/Mar/2026:07:34:52 +0000] "POST /edit.php HTTP/1.1" 499 0 "http://gal-emerald.co.il/edit.php" "Mozilla/5.0 (Windows NT 10.0; Win64; x64) AppleWebKit/537.36 (KHTML, like Gecko) Chrome/58.0.3029.110 Safari/537.3"
80.97.160.166 - - [14/Mar/2026:07:35:24 +0000] "POST /edit.php HTTP/1.1" 499 0 "http://gal-emerald.co.il/edit.php" "Mozilla/5.0 (Windows NT 10.0; Win64; x64) AppleWebKit/537.36 (KHTML, like Gecko) Chrome/58.0.3029.110 Safari/537.3"
69.197.149.50 - - [14/Mar/2026:07:35:33 +0000] "GET /wp-includes/pl56d2b8/index.php?id=903507 HTTP/1.1" 200 0 "http://gal-emerald.co.il/wp-includes/pl56d2b8/index.php?id=903507" "Mozilla/5.0 (Windows NT 10.0; Win64; x64) AppleWebKit/537.36 (KHTML, like Gecko) Chrome/58.0.3029.110 Safari/537.3"
80.97.160.166 - - [14/Mar/2026:07:35:44 +0000] "POST /edit.php HTTP/1.1" 499 0 "http://gal-emerald.co.il/edit.php" "Mozilla/5.0 (Windows NT 10.0; Win64; x64) AppleWebKit/537.36 (KHTML, like Gecko) Chrome/58.0.3029.110 Safari/537.3"
80.97.160.166 - - [14/Mar/2026:07:36:20 +0000] "GET /radio.php HTTP/1.1" 403 77569 "http://gal-emerald.co.il/radio.php" "Mozilla/5.0 (Windows NT 10.0; Win64; x64) AppleWebKit/537.36 (KHTML, like Gecko) Chrome/58.0.3029.110 Safari/537.3"
80.97.160.166 - - [14/Mar/2026:07:36:40 +0000] "POST /edit.php HTTP/1.1" 499 0 "http://gal-emerald.co.il/edit.php" "Mozilla/5.0 (Windows NT 10.0; Win64; x64) AppleWebKit/537.36 (KHTML, like Gecko) Chrome/58.0.3029.110 Safari/537.3"
80.97.160.166 - - [14/Mar/2026:07:37:07 +0000] "POST /edit.php HTTP/1.1" 499 0 "http://gal-emerald.co.il/edit.php" "Mozilla/5.0 (Windows NT 10.0; Win64; x64) AppleWebKit/537.36 (KHTML, like Gecko) Chrome/58.0.3029.110 Safari/537.3"
80.97.160.166 - - [14/Mar/2026:07:37:39 +0000] "POST /edit.php HTTP/1.1" 499 0 "http://gal-emerald.co.il/edit.php" "Mozilla/5.0 (Windows NT 10.0; Win64; x64) AppleWebKit/537.36 (KHTML, like Gecko) Chrome/58.0.3029.110 Safari/537.3"
69.197.149.50 - - [14/Mar/2026:07:37:41 +0000] "GET /wp-includes/pl56d2b8/index.php?id=903507 HTTP/1.1" 200 0 "http://gal-emerald.co.il/wp-includes/pl56d2b8/index.php?id=903507" "Mozilla/5.0 (Windows NT 10.0; Win64; x64) AppleWebKit/537.36 (KHTML, like Gecko) Chrome/58.0.3029.110 Safari/537.3"
80.97.160.166 - - [14/Mar/2026:07:37:59 +0000] "POST /edit.php HTTP/1.1" 499 0 "http://gal-emerald.co.il/edit.php" "Mozilla/5.0 (Windows NT 10.0; Win64; x64) AppleWebKit/537.36 (KHTML, like Gecko) Chrome/58.0.3029.110 Safari/537.3"
80.97.160.166 - - [14/Mar/2026:07:38:36 +0000] "GET /inputs.php HTTP/1.1" 403 77568 "http://gal-emerald.co.il/inputs.php" "Mozilla/5.0 (Windows NT 10.0; Win64; x64) AppleWebKit/537.36 (KHTML, like Gecko) Chrome/58.0.3029.110 Safari/537.3"
80.97.160.166 - - [14/Mar/2026:07:38:56 +0000] "POST /edit.php HTTP/1.1" 499 0 "http://gal-emerald.co.il/edit.php" "Mozilla/5.0 (Windows NT 10.0; Win64; x64) AppleWebKit/537.36 (KHTML, like Gecko) Chrome/58.0.3029.110 Safari/537.3"
80.97.160.166 - - [14/Mar/2026:07:39:22 +0000] "POST /edit.php HTTP/1.1" 499 0 "http://gal-emerald.co.il/edit.php" "Mozilla/5.0 (Windows NT 10.0; Win64; x64) AppleWebKit/537.36 (KHTML, like Gecko) Chrome/58.0.3029.110 Safari/537.3"
69.197.149.50 - - [14/Mar/2026:07:39:54 +0000] "GET /wp-includes/pl56d2b8/index.php?id=903507 HTTP/1.1" 200 0 "http://gal-emerald.co.il/wp-includes/pl56d2b8/index.php?id=903507" "Mozilla/5.0 (Windows NT 10.0; Win64; x64) AppleWebKit/537.36 (KHTML, like Gecko) Chrome/58.0.3029.110 Safari/537.3"
80.97.160.166 - - [14/Mar/2026:07:39:54 +0000] "POST /edit.php HTTP/1.1" 499 0 "http://gal-emerald.co.il/edit.php" "Mozilla/5.0 (Windows NT 10.0; Win64; x64) AppleWebKit/537.36 (KHTML, like Gecko) Chrome/58.0.3029.110 Safari/537.3"
80.97.160.166 - - [14/Mar/2026:07:40:14 +0000] "POST /edit.php HTTP/1.1" 499 0 "http://gal-emerald.co.il/edit.php" "Mozilla/5.0 (Windows NT 10.0; Win64; x64) AppleWebKit/537.36 (KHTML, like Gecko) Chrome/58.0.3029.110 Safari/537.3"
80.97.160.166 - - [14/Mar/2026:07:40:14 +0000] "GET /about.php HTTP/1.1" 200 79065 "http://gal-emerald.co.il/about.php" "Mozilla/5.0 (Windows NT 10.0; Win64; x64) AppleWebKit/537.36 (KHTML, like Gecko) Chrome/58.0.3029.110 Safari/537.3"
211.21.61.246 - - [14/Mar/2026:07:40:23 +0000] "POST /xmlrpc.php HTTP/1.1" 499 0 "-" "Mozilla/5.0 (Windows NT 10.0; Win64; x64) AppleWebKit/537.36 (KHTML, like Gecko) Chrome/142.0.0.0 Safari/537.36"
80.97.160.166 - - [14/Mar/2026:07:40:34 +0000] "POST /edit.php HTTP/1.1" 499 0 "http://gal-emerald.co.il/edit.php" "Mozilla/5.0 (Windows NT 10.0; Win64; x64) AppleWebKit/537.36 (KHTML, like Gecko) Chrome/58.0.3029.110 Safari/537.3"
80.97.160.166 - - [14/Mar/2026:07:41:02 +0000] "POST /edit.php HTTP/1.1" 499 0 "http://gal-emerald.co.il/edit.php" "Mozilla/5.0 (Windows NT 10.0; Win64; x64) AppleWebKit/537.36 (KHTML, like Gecko) Chrome/58.0.3029.110 Safari/537.3"
80.97.160.166 - - [14/Mar/2026:07:41:34 +0000] "POST /edit.php HTTP/1.1" 499 0 "http://gal-emerald.co.il/edit.php" "Mozilla/5.0 (Windows NT 10.0; Win64; x64) AppleWebKit/537.36 (KHTML, like Gecko) Chrome/58.0.3029.110 Safari/537.3"
35.234.37.132 - - [14/Mar/2026:07:41:46 +0000] "POST /xmlrpc.php HTTP/1.1" 499 0 "-" "Mozilla/5.0 (Windows NT 10.0; WOW64) AppleWebKit/537.43 (KHTML, like Gecko) Chrome/140.0.0.0 Safari/537.36 OPR/124.0.0.0"
80.97.160.166 - - [14/Mar/2026:07:41:54 +0000] "POST /edit.php HTTP/1.1" 499 0 "http://gal-emerald.co.il/edit.php" "Mozilla/5.0 (Windows NT 10.0; Win64; x64) AppleWebKit/537.36 (KHTML, like Gecko) Chrome/58.0.3029.110 Safari/537.3"
80.97.160.166 - - [14/Mar/2026:07:41:54 +0000] "GET /pages.php HTTP/1.1" 200 22 "http://gal-emerald.co.il/pages.php" "Mozilla/5.0 (Windows NT 10.0; Win64; x64) AppleWebKit/537.36 (KHTML, like Gecko) Chrome/58.0.3029.110 Safari/537.3"
69.197.149.50 - - [14/Mar/2026:07:42:08 +0000] "GET /wp-includes/pl56d2b8/index.php?id=903507 HTTP/1.1" 200 0 "http://gal-emerald.co.il/wp-includes/pl56d2b8/index.php?id=903507" "Mozilla/5.0 (Windows NT 10.0; Win64; x64) AppleWebKit/537.36 (KHTML, like Gecko) Chrome/58.0.3029.110 Safari/537.3"
69.197.149.50 - - [14/Mar/2026:07:44:26 +0000] "GET /wp-includes/pl56d2b8/index.php?id=903507 HTTP/1.1" 200 0 "http://gal-emerald.co.il/wp-includes/pl56d2b8/index.php?id=903507" "Mozilla/5.0 (Windows NT 10.0; Win64; x64) AppleWebKit/537.36 (KHTML, like Gecko) Chrome/58.0.3029.110 Safari/537.3"
185.56.75.150 - - [14/Mar/2026:07:45:28 +0000] "GET /.well-known/acme-challenge/4N5GHEQQB5I-KLKE2X3K5FZXH7AZZH70 HTTP/1.1" 404 355 "-" "Cpanel-HTTP-Client/1.0"
185.56.75.150 - - [14/Mar/2026:07:45:28 +0000] "GET /.well-known/acme-challenge/00V3OOWD8L1_7EODC2-O9ETHB6FPV8AC HTTP/1.1" 404 355 "-" "Cpanel-HTTP-Client/1.0"
69.197.149.50 - - [14/Mar/2026:07:46:49 +0000] "GET /wp-includes/pl56d2b8/index.php?id=903507 HTTP/1.1" 200 0 "http://gal-emerald.co.il/wp-includes/pl56d2b8/index.php?id=903507" "Mozilla/5.0 (Windows NT 10.0; Win64; x64) AppleWebKit/537.36 (KHTML, like Gecko) Chrome/58.0.3029.110 Safari/537.3"
69.197.149.50 - - [14/Mar/2026:07:48:59 +0000] "GET /wp-includes/pl56d2b8/index.php?id=903507 HTTP/1.1" 200 0 "http://gal-emerald.co.il/wp-includes/pl56d2b8/index.php?id=903507" "Mozilla/5.0 (Windows NT 10.0; Win64; x64) AppleWebKit/537.36 (KHTML, like Gecko) Chrome/58.0.3029.110 Safari/537.3"
211.21.61.246 - - [14/Mar/2026:07:50:57 +0000] "POST /xmlrpc.php HTTP/1.1" 499 0 "-" "Mozilla/5.0 (Windows NT 10.0; WOW64) AppleWebKit/537.36 (KHTML, like Gecko) Chrome/141.0.0.0 Safari/537.36"
69.197.149.50 - - [14/Mar/2026:07:51:15 +0000] "GET /wp-includes/pl56d2b8/index.php?id=903507 HTTP/1.1" 200 0 "http://gal-emerald.co.il/wp-includes/pl56d2b8/index.php?id=903507" "Mozilla/5.0 (Windows NT 10.0; Win64; x64) AppleWebKit/537.36 (KHTML, like Gecko) Chrome/58.0.3029.110 Safari/537.3"
101.99.88.90 - - [14/Mar/2026:07:53:39 +0000] "GET / HTTP/1.1" 200 0 "-" "Mozilla/5.0 (compatible; Googlebot/2.1; +http://www.google.com/bot.html)"
69.197.149.50 - - [14/Mar/2026:07:53:42 +0000] "GET /wp-includes/pl56d2b8/index.php?id=903507 HTTP/1.1" 200 0 "http://gal-emerald.co.il/wp-includes/pl56d2b8/index.php?id=903507" "Mozilla/5.0 (Windows NT 10.0; Win64; x64) AppleWebKit/537.36 (KHTML, like Gecko) Chrome/58.0.3029.110 Safari/537.3"
192.159.99.210 - - [14/Mar/2026:07:54:24 +0000] "POST /wp-plain.php HTTP/1.1" 499 0 "www.google.com" "Mozilla/5.0 (Linux; Android 7.0; SM-G892A Bulid/NRD90M; wv) AppleWebKit/537.36 (KHTML, like Gecko) Version/4.0 Chrome/60.0.3112.107 Moblie Safari/537.36"
192.159.99.210 - - [14/Mar/2026:07:55:29 +0000] "GET / HTTP/1.1" 200 0 "-" "Mozlila/5.0 (Linux; Android 7.0; SM-G892A Bulid/NRD90M; wv) AppleWebKit/537.36 (KHTML, like Gecko) Version/4.0 Chrome/60.0.3112.107 Moblie Safari/537.36"
192.159.99.210 - - [14/Mar/2026:07:55:29 +0000] "GET /wp-content/themes/seotheme/db.php?u HTTP/1.1" 200 0 "www.google.com" "Mozlila/5.0 (Linux; Android 7.0; SM-G892A Bulid/NRD90M; wv) AppleWebKit/537.36 (KHTML, like Gecko) Version/4.0 Chrome/60.0.3112.107 Moblie Safari/537.36"
192.159.99.210 - - [14/Mar/2026:07:55:29 +0000] "POST /ALFA_DATA/alfacgiapi/perl.alfa HTTP/1.1" 200 77568 "www.google.com" "Mozlila/5.0 (Linux; Android 7.0; SM-G892A Bulid/NRD90M; wv) AppleWebKit/537.36 (KHTML, like Gecko) Version/4.0 Chrome/60.0.3112.107 Moblie Safari/537.36"
192.159.99.210 - - [14/Mar/2026:07:55:29 +0000] "GET /wp-content/plugins/fix/up.php HTTP/1.1" 200 0 "-" "Mozilla/5.0 (Windows NT 10.0; Win64; x64) AppleWebKit/537.36 (KHTML, like Gecko) Chrome/85.0.4183.102 Safari/537.36"
192.159.99.210 - - [14/Mar/2026:07:55:33 +0000] "GET /wp-content/themes/seotheme/db.php?u HTTP/1.1" 200 0 "www.google.com" "Mozlila/5.0 (Linux; Android 7.0; SM-G892A Bulid/NRD90M; wv) AppleWebKit/537.36 (KHTML, like Gecko) Version/4.0 Chrome/60.0.3112.107 Moblie Safari/537.36"
192.159.99.210 - - [14/Mar/2026:07:55:33 +0000] "GET / HTTP/1.1" 200 0 "-" "Mozlila/5.0 (Linux; Android 7.0; SM-G892A Bulid/NRD90M; wv) AppleWebKit/537.36 (KHTML, like Gecko) Version/4.0 Chrome/60.0.3112.107 Moblie Safari/537.36"
192.159.99.210 - - [14/Mar/2026:07:55:34 +0000] "GET /wp-content/plugins/fix/up.php HTTP/1.1" 200 0 "-" "Mozilla/5.0 (Windows NT 10.0; Win64; x64) AppleWebKit/537.36 (KHTML, like Gecko) Chrome/85.0.4183.102 Safari/537.36"
101.99.88.90 - - [14/Mar/2026:07:55:34 +0000] "GET / HTTP/1.1" 200 0 "-" "Mozilla/5.0 (compatible; Googlebot/2.1; +http://www.google.com/bot.html)"
